{"id":4542,"date":"2024-08-07T22:38:27","date_gmt":"2024-08-07T19:38:27","guid":{"rendered":"https:\/\/bergamatiyatrofestivali.com\/?page_id=4542"},"modified":"2024-08-08T14:14:33","modified_gmt":"2024-08-08T11:14:33","slug":"uretimi-surdurmek","status":"publish","type":"page","link":"https:\/\/bergamatiyatrofestivali.com\/en\/uretimi-surdurmek\/","title":{"rendered":"\u00dcretimi S\u00fcrd\u00fcrmek"},"content":{"rendered":"<div class='flex_column av-8ra5it-7e829cb4e37498c31b1d3b088ac2ea15 av_one_half  avia-builder-el-0  el_before_av_one_half  avia-builder-el-first  first flex_column_div'   ><p>\n<style type=\"text\/css\" data-created_by=\"avia_inline_auto\" id=\"style-css-av-7wntvp-7479673407bf374193e17646cec3e0d1\">\n.avia-image-container.av-7wntvp-7479673407bf374193e17646cec3e0d1 .av-image-caption-overlay-center{\ncolor:#ffffff;\n}\n<\/style>\n<div  class='avia-image-container av-7wntvp-7479673407bf374193e17646cec3e0d1 av-styling- avia-align-center  avia-builder-el-1  el_before_av_textblock  avia-builder-el-first'  itemprop=\"image\" itemscope=\"itemscope\" itemtype=\"https:\/\/schema.org\/ImageObject\" ><div class=\"avia-image-container-inner\"><div class=\"avia-image-overlay-wrap\"><img decoding=\"async\" class='wp-image-4543 avia-img-lazy-loading-not-4543 avia_image' src=\"https:\/\/bergamatiyatrofestivali.com\/wp-content\/uploads\/2024\/08\/Uretimi-Surdurmek_post-3-scaled.jpg\" alt='' title='\u00dcretimi S\u00fcrd\u00fcrmek_post (3)'  height=\"2560\" width=\"2560\"  itemprop=\"thumbnailUrl\" srcset=\"https:\/\/bergamatiyatrofestivali.com\/wp-content\/uploads\/2024\/08\/Uretimi-Surdurmek_post-3-scaled.jpg 2560w, https:\/\/bergamatiyatrofestivali.com\/wp-content\/uploads\/2024\/08\/Uretimi-Surdurmek_post-3-300x300.jpg 300w, https:\/\/bergamatiyatrofestivali.com\/wp-content\/uploads\/2024\/08\/Uretimi-Surdurmek_post-3-1030x1030.jpg 1030w, https:\/\/bergamatiyatrofestivali.com\/wp-content\/uploads\/2024\/08\/Uretimi-Surdurmek_post-3-80x80.jpg 80w, https:\/\/bergamatiyatrofestivali.com\/wp-content\/uploads\/2024\/08\/Uretimi-Surdurmek_post-3-768x768.jpg 768w, https:\/\/bergamatiyatrofestivali.com\/wp-content\/uploads\/2024\/08\/Uretimi-Surdurmek_post-3-1536x1536.jpg 1536w, https:\/\/bergamatiyatrofestivali.com\/wp-content\/uploads\/2024\/08\/Uretimi-Surdurmek_post-3-2048x2048.jpg 2048w, https:\/\/bergamatiyatrofestivali.com\/wp-content\/uploads\/2024\/08\/Uretimi-Surdurmek_post-3-12x12.jpg 12w, https:\/\/bergamatiyatrofestivali.com\/wp-content\/uploads\/2024\/08\/Uretimi-Surdurmek_post-3-36x36.jpg 36w, https:\/\/bergamatiyatrofestivali.com\/wp-content\/uploads\/2024\/08\/Uretimi-Surdurmek_post-3-180x180.jpg 180w, https:\/\/bergamatiyatrofestivali.com\/wp-content\/uploads\/2024\/08\/Uretimi-Surdurmek_post-3-1500x1500.jpg 1500w, https:\/\/bergamatiyatrofestivali.com\/wp-content\/uploads\/2024\/08\/Uretimi-Surdurmek_post-3-705x705.jpg 705w\" sizes=\"(max-width: 2560px) 100vw, 2560px\" \/><\/div><\/div><\/div><br \/>\n<section class=\"av_textblock_section\"  itemscope=\"itemscope\" itemtype=\"https:\/\/schema.org\/CreativeWork\" ><div class='avia_textblock  av_inherit_color'  style='color:#1d1d1b; '  itemprop=\"text\" ><h2><strong>\u00dcretimi S\u00fcrd\u00fcrmek<\/strong><\/h2>\n<h4><span style=\"font-weight: 400;\">10 A\u011fustos\/August Cumartesi-Saturday, 18:30<\/span><\/h4>\n<h5><span style=\"font-weight: 400;\">BerKM - Bergama Cultural Center<\/span><\/h5>\n<\/div><\/section><br \/>\n<div  class='hr av-578o5x-e81847a4cb4a9bc272bf8a5d46cdedcf hr-default  avia-builder-el-3  el_after_av_textblock  avia-builder-el-last'><span class='hr-inner'><span class=\"hr-inner-style\"><\/span><\/span><\/div><\/p><\/div><div class='flex_column av-3so41h-0e4fbf300e066135e57e4f7bf6f0d1c8 av_one_half  avia-builder-el-4  el_after_av_one_half  avia-builder-el-last  flex_column_div'   ><p><section class=\"av_textblock_section\"  itemscope=\"itemscope\" itemtype=\"https:\/\/schema.org\/CreativeWork\" ><div class='avia_textblock  av_inherit_color'  style='color:#1d1d1b; '  itemprop=\"text\" ><p><b>\u00dcretimi S\u00fcrd\u00fcrmek<\/b><\/p>\n<p><b>Etkinlik Tarihi ve Saati\/Date and Time<\/b><span style=\"font-weight: 400;\"> 10.08.2024 \/ 18:30 &#8211; 20:00<\/span><\/p>\n<p><b>Etkinlik Mek\u00e2n\u0131\/Venue<\/b><span style=\"font-weight: 400;\"> BerKM - Bergama Cultural Center<\/span><\/p>\n<p><b>\u00dccretsiz Etkinlik \/Free Event<\/b><\/p>\n<p><span style=\"font-weight: 400;\">Ba\u011f\u0131ms\u0131z sanat\u00e7\u0131 ve A Corner in the World kurucu orta\u011f\u0131 Fatih Gen\u00e7kal kolayla\u015ft\u0131r\u0131c\u0131l\u0131\u011f\u0131nda ger\u00e7ekle\u015fecek s\u00f6yle\u015fi, \u201c\u00fcretimi s\u00fcrd\u00fcrme\u201dyi hem d\u00fc\u015f\u00fcnsel hem de pratik a\u00e7\u0131lardan ele al\u0131yor. Finansal s\u00fcrd\u00fcr\u00fclebilirlik, kaynak geli\u015ftirme, fon bulma ve festival yolculuklar\u0131n\u0131 konu\u015fmac\u0131lar\u0131n\u0131n deneyimleri \u00fczerinden \u00f6rneklerken, ayn\u0131 zamanda her \u015feye ra\u011fmen \u201c\u00dcretmeye nas\u0131l devam edebiliriz?\u201d sorusuna cevap ar\u0131yor.<\/span><\/p>\n<p><span style=\"font-weight: 400;\">The discussion, facilitated by independent artist and A Corner in the World co-founder Fatih Gen\u00e7kal, addresses &#8220;sustaining production&#8221; from both theoretical and practical perspectives. By drawing on the experiences of its speakers, the event explores financial sustainability, resource development, fundraising, and festival journeys, while also seeking answers to the question, &#8220;How can we continue to create despite everything?&#8221;<\/span><\/p>\n<p><b>Kolayla\u015ft\u0131r\u0131c\u0131 \/ Moderator:<\/b> <span style=\"font-weight: 400;\">Fatih Gen\u00e7kal<\/span><\/p>\n<p><b>Konu\u015fmac\u0131lar \/ Speakers: <\/b><span style=\"font-weight: 400;\">\u00c7elenk Bafra, \u00d6zlem Daltaban, Do\u00e7. Dr. Leman Y\u0131lmaz<\/span><\/p>\n<p><b>S\u00fcre \/ Duration of Event:<\/b><span style=\"font-weight: 400;\"> 90 dk\/ 90 min.<\/span><\/p>\n<\/div><\/section><br \/>\n<div  class='hr av-1wgwp1-f5130e919114f14680027791788fe141 hr-default  avia-builder-el-6  el_after_av_textblock  avia-builder-el-last'><span class='hr-inner'><span class=\"hr-inner-style\"><\/span><\/span><\/div><\/p><\/div><\/p>","protected":false},"excerpt":{"rendered":"","protected":false},"author":2,"featured_media":0,"parent":0,"menu_order":0,"comment_status":"closed","ping_status":"closed","template":"","meta":{"footnotes":""},"class_list":["post-4542","page","type-page","status-publish","hentry"],"_links":{"self":[{"href":"https:\/\/bergamatiyatrofestivali.com\/en\/wp-json\/wp\/v2\/pages\/4542","targetHints":{"allow":["GET"]}}],"collection":[{"href":"https:\/\/bergamatiyatrofestivali.com\/en\/wp-json\/wp\/v2\/pages"}],"about":[{"href":"https:\/\/bergamatiyatrofestivali.com\/en\/wp-json\/wp\/v2\/types\/page"}],"author":[{"embeddable":true,"href":"https:\/\/bergamatiyatrofestivali.com\/en\/wp-json\/wp\/v2\/users\/2"}],"replies":[{"embeddable":true,"href":"https:\/\/bergamatiyatrofestivali.com\/en\/wp-json\/wp\/v2\/comments?post=4542"}],"version-history":[{"count":4,"href":"https:\/\/bergamatiyatrofestivali.com\/en\/wp-json\/wp\/v2\/pages\/4542\/revisions"}],"predecessor-version":[{"id":4587,"href":"https:\/\/bergamatiyatrofestivali.com\/en\/wp-json\/wp\/v2\/pages\/4542\/revisions\/4587"}],"wp:attachment":[{"href":"https:\/\/bergamatiyatrofestivali.com\/en\/wp-json\/wp\/v2\/media?parent=4542"}],"curies":[{"name":"wp","href":"https:\/\/api.w.org\/{rel}","templated":true}]}}

Üretimi Sürdürmek

<div class='flex_column av-8ra5it-7e829cb4e37498c31b1d3b088ac2ea15 av_one_half  avia-builder-el-0  el_before_av_one_half  avia-builder-el-first  first flex_column_div'   ><p>
<style type="text/css" data-created_by="avia_inline_auto" id="style-css-av-7wntvp-7479673407bf374193e17646cec3e0d1">
.avia-image-container.av-7wntvp-7479673407bf374193e17646cec3e0d1 .av-image-caption-overlay-center{
color:#ffffff;
}
</style>
<div  class='avia-image-container av-7wntvp-7479673407bf374193e17646cec3e0d1 av-styling- avia-align-center  avia-builder-el-1  el_before_av_textblock  avia-builder-el-first'  itemprop="image" itemscope="itemscope" itemtype="https://schema.org/ImageObject" ><div class="avia-image-container-inner"><div class="avia-image-overlay-wrap"><img decoding="async" class='wp-image-4543 avia-img-lazy-loading-not-4543 avia_image' src="https://bergamatiyatrofestivali.com/wp-content/uploads/2024/08/Uretimi-Surdurmek_post-3-scaled.jpg" alt='' title='Üretimi Sürdürmek_post (3)'  height="2560" width="2560"  itemprop="thumbnailUrl" srcset="https://bergamatiyatrofestivali.com/wp-content/uploads/2024/08/Uretimi-Surdurmek_post-3-scaled.jpg 2560w, https://bergamatiyatrofestivali.com/wp-content/uploads/2024/08/Uretimi-Surdurmek_post-3-300x300.jpg 300w, https://bergamatiyatrofestivali.com/wp-content/uploads/2024/08/Uretimi-Surdurmek_post-3-1030x1030.jpg 1030w, https://bergamatiyatrofestivali.com/wp-content/uploads/2024/08/Uretimi-Surdurmek_post-3-80x80.jpg 80w, https://bergamatiyatrofestivali.com/wp-content/uploads/2024/08/Uretimi-Surdurmek_post-3-768x768.jpg 768w, https://bergamatiyatrofestivali.com/wp-content/uploads/2024/08/Uretimi-Surdurmek_post-3-1536x1536.jpg 1536w, https://bergamatiyatrofestivali.com/wp-content/uploads/2024/08/Uretimi-Surdurmek_post-3-2048x2048.jpg 2048w, https://bergamatiyatrofestivali.com/wp-content/uploads/2024/08/Uretimi-Surdurmek_post-3-12x12.jpg 12w, https://bergamatiyatrofestivali.com/wp-content/uploads/2024/08/Uretimi-Surdurmek_post-3-36x36.jpg 36w, https://bergamatiyatrofestivali.com/wp-content/uploads/2024/08/Uretimi-Surdurmek_post-3-180x180.jpg 180w, https://bergamatiyatrofestivali.com/wp-content/uploads/2024/08/Uretimi-Surdurmek_post-3-1500x1500.jpg 1500w, https://bergamatiyatrofestivali.com/wp-content/uploads/2024/08/Uretimi-Surdurmek_post-3-705x705.jpg 705w" sizes="(max-width: 2560px) 100vw, 2560px" /></div></div></div><br />
<section class="av_textblock_section"  itemscope="itemscope" itemtype="https://schema.org/CreativeWork" ><div class='avia_textblock  av_inherit_color'  style='color:#1d1d1b; '  itemprop="text" ><h2><strong>Üretimi Sürdürmek</strong></h2>
<h4><span style="font-weight: 400;">10 Ağustos/August Cumartesi-Saturday, 18:30</span></h4>
<h5><span style="font-weight: 400;">BerKM - Bergama Cultural Center</span></h5>
</div></section><br />
<div  class='hr av-578o5x-e81847a4cb4a9bc272bf8a5d46cdedcf hr-default  avia-builder-el-3  el_after_av_textblock  avia-builder-el-last'><span class='hr-inner'><span class="hr-inner-style"></span></span></div></p></div><div class='flex_column av-3so41h-0e4fbf300e066135e57e4f7bf6f0d1c8 av_one_half  avia-builder-el-4  el_after_av_one_half  avia-builder-el-last  flex_column_div'   ><p><section class="av_textblock_section"  itemscope="itemscope" itemtype="https://schema.org/CreativeWork" ><div class='avia_textblock  av_inherit_color'  style='color:#1d1d1b; '  itemprop="text" ><p><b>Üretimi Sürdürmek</b></p>
<p><b>Etkinlik Tarihi ve Saati/Date and Time</b><span style="font-weight: 400;"> 10.08.2024 / 18:30 &#8211; 20:00</span></p>
<p><b>Etkinlik Mekânı/Venue</b><span style="font-weight: 400;"> BerKM - Bergama Cultural Center</span></p>
<p><b>Ücretsiz Etkinlik /Free Event</b></p>
<p><span style="font-weight: 400;">Bağımsız sanatçı ve A Corner in the World kurucu ortağı Fatih Gençkal kolaylaştırıcılığında gerçekleşecek söyleşi, “üretimi sürdürme”yi hem düşünsel hem de pratik açılardan ele alıyor. Finansal sürdürülebilirlik, kaynak geliştirme, fon bulma ve festival yolculuklarını konuşmacılarının deneyimleri üzerinden örneklerken, aynı zamanda her şeye rağmen “Üretmeye nasıl devam edebiliriz?” sorusuna cevap arıyor.</span></p>
<p><span style="font-weight: 400;">The discussion, facilitated by independent artist and A Corner in the World co-founder Fatih Gençkal, addresses &#8220;sustaining production&#8221; from both theoretical and practical perspectives. By drawing on the experiences of its speakers, the event explores financial sustainability, resource development, fundraising, and festival journeys, while also seeking answers to the question, &#8220;How can we continue to create despite everything?&#8221;</span></p>
<p><b>Kolaylaştırıcı / Moderator:</b> <span style="font-weight: 400;">Fatih Gençkal</span></p>
<p><b>Konuşmacılar / Speakers: </b><span style="font-weight: 400;">Çelenk Bafra, Özlem Daltaban, Doç. Dr. Leman Yılmaz</span></p>
<p><b>Süre / Duration of Event:</b><span style="font-weight: 400;"> 90 dk/ 90 min.</span></p>
</div></section><br />
<div  class='hr av-1wgwp1-f5130e919114f14680027791788fe141 hr-default  avia-builder-el-6  el_after_av_textblock  avia-builder-el-last'><span class='hr-inner'><span class="hr-inner-style"></span></span></div></p></div></p>
