{"id":4146,"date":"2023-08-05T15:27:49","date_gmt":"2023-08-05T12:27:49","guid":{"rendered":"https:\/\/bergamatiyatrofestivali.com\/?page_id=4146"},"modified":"2023-08-05T15:27:49","modified_gmt":"2023-08-05T12:27:49","slug":"sahne-sanatlarina-yeni-bakis-acilari","status":"publish","type":"page","link":"https:\/\/bergamatiyatrofestivali.com\/en\/sahne-sanatlarina-yeni-bakis-acilari\/","title":{"rendered":"Sahne Sanatlar\u0131na Yeni Bak\u0131\u015f A\u00e7\u0131lar\u0131"},"content":{"rendered":"<div class='flex_column av-8ra5it-7e829cb4e37498c31b1d3b088ac2ea15 av_one_half  avia-builder-el-0  el_before_av_one_half  avia-builder-el-first  first flex_column_div'   ><p>\n<style type=\"text\/css\" data-created_by=\"avia_inline_auto\" id=\"style-css-av-7wntvp-1c692755afbf874031f121304127bf1f\">\n.avia-image-container.av-7wntvp-1c692755afbf874031f121304127bf1f .av-image-caption-overlay-center{\ncolor:#ffffff;\n}\n<\/style>\n<div  class='avia-image-container av-7wntvp-1c692755afbf874031f121304127bf1f av-styling- avia-align-center  avia-builder-el-1  el_before_av_textblock  avia-builder-el-first'  itemprop=\"image\" itemscope=\"itemscope\" itemtype=\"https:\/\/schema.org\/ImageObject\" ><div class=\"avia-image-container-inner\"><div class=\"avia-image-overlay-wrap\"><img decoding=\"async\" class='wp-image-4147 avia-img-lazy-loading-not-4147 avia_image' src=\"https:\/\/bergamatiyatrofestivali.com\/wp-content\/uploads\/2023\/08\/POST-8.jpg\" alt='' title='POST'  height=\"1080\" width=\"1080\"  itemprop=\"thumbnailUrl\" srcset=\"https:\/\/bergamatiyatrofestivali.com\/wp-content\/uploads\/2023\/08\/POST-8.jpg 1080w, https:\/\/bergamatiyatrofestivali.com\/wp-content\/uploads\/2023\/08\/POST-8-300x300.jpg 300w, https:\/\/bergamatiyatrofestivali.com\/wp-content\/uploads\/2023\/08\/POST-8-1030x1030.jpg 1030w, https:\/\/bergamatiyatrofestivali.com\/wp-content\/uploads\/2023\/08\/POST-8-80x80.jpg 80w, https:\/\/bergamatiyatrofestivali.com\/wp-content\/uploads\/2023\/08\/POST-8-768x768.jpg 768w, https:\/\/bergamatiyatrofestivali.com\/wp-content\/uploads\/2023\/08\/POST-8-12x12.jpg 12w, https:\/\/bergamatiyatrofestivali.com\/wp-content\/uploads\/2023\/08\/POST-8-36x36.jpg 36w, https:\/\/bergamatiyatrofestivali.com\/wp-content\/uploads\/2023\/08\/POST-8-180x180.jpg 180w, https:\/\/bergamatiyatrofestivali.com\/wp-content\/uploads\/2023\/08\/POST-8-705x705.jpg 705w\" sizes=\"(max-width: 1080px) 100vw, 1080px\" \/><\/div><\/div><\/div><br \/>\n<section class=\"av_textblock_section\"  itemscope=\"itemscope\" itemtype=\"https:\/\/schema.org\/CreativeWork\" ><div class='avia_textblock  av_inherit_color'  style='color:#1d1d1b; '  itemprop=\"text\" ><h2><strong>Sahne Sanatlar\u0131na Yeni Bak\u0131\u015f A\u00e7\u0131lar\u0131<\/strong><\/h2>\n<h3><em><strong>New Perspectives of Performing Arts<\/strong><\/em><\/h3>\n<h3><span style=\"font-weight: 400;\">Nineties Productions<\/span><\/h3>\n<h4><span style=\"font-weight: 400;\">12 A\u011fustos\/August Cumartesi-Saturday, 10:00<\/span><\/h4>\n<h5><span style=\"font-weight: 400;\">Tonoz<\/span><\/h5>\n<p>Etkinlik \u00dccretsizdir.<\/p>\n<\/div><\/section><br \/>\n<div  class='hr av-578o5x-e81847a4cb4a9bc272bf8a5d46cdedcf hr-default  avia-builder-el-3  el_after_av_textblock  avia-builder-el-last'><span class='hr-inner'><span class=\"hr-inner-style\"><\/span><\/span><\/div><\/p><\/div><div class='flex_column av-3so41h-0e4fbf300e066135e57e4f7bf6f0d1c8 av_one_half  avia-builder-el-4  el_after_av_one_half  avia-builder-el-last  flex_column_div'   ><p><section class=\"av_textblock_section\"  itemscope=\"itemscope\" itemtype=\"https:\/\/schema.org\/CreativeWork\" ><div class='avia_textblock  av_inherit_color'  style='color:#1d1d1b; '  itemprop=\"text\" ><p><span style=\"font-weight: 400;\">On y\u0131ldan fazlad\u0131r Hollanda\u2019da tiyatro alan\u0131nda \u00fcretim yapan Nineties Productions ekibi, tiyatroya olan yakla\u015f\u0131mlar\u0131n\u0131, bir projenin ortaya \u00e7\u0131kma s\u00fcrecinde kulland\u0131klar\u0131 metotlar\u0131, bi\u00e7im ve i\u00e7erik aray\u0131\u015flar\u0131n\u0131 festival takip\u00e7ileri ve kat\u0131l\u0131mc\u0131lar\u0131yla payla\u015f\u0131yor. Bergama\u2019n\u0131n zengin k\u00fclt\u00fcrel tarihinden ilham alan Nineties Production, kat\u0131l\u0131mc\u0131lar\u0131n sorular\u0131 ve katk\u0131lar\u0131yla birlikte T\u00fcrkiyeli partnerlerle kolektif i\u015f \u00fcretme ve yeni i\u015fbirlikleri geli\u015ftirmeyi hedefliyor.<\/span><\/p>\n<p>&#8211;<\/p>\n<p><span style=\"font-weight: 400;\">Nineties Productions team, which has been producing theatre in the Netherlands for more than ten years, shares their approach to theatre, the methods they use in the process of a project, their search for form and content with the festival followers and participants. Inspired by the rich cultural history of Bergama, Nineties Production aims to produce collective work and develop new collaborations with partners from Turkey in this panel that will be enriched with the questions and contributions of the participants.<\/span><\/p>\n<\/div><\/section><br \/>\n<div  class='hr av-1wgwp1-f5130e919114f14680027791788fe141 hr-default  avia-builder-el-6  el_after_av_textblock  el_before_av_textblock'><span class='hr-inner'><span class=\"hr-inner-style\"><\/span><\/span><\/div><br \/>\n<section class=\"av_textblock_section\"  itemscope=\"itemscope\" itemtype=\"https:\/\/schema.org\/CreativeWork\" ><div class='avia_textblock  av_inherit_color'  style='color:#1d1d1b; '  itemprop=\"text\" ><p><b>Y\u00fcr\u00fct\u00fcc\u00fc\/Executive: <\/b><span style=\"font-weight: 400;\">Nineties Productions<\/span><\/p>\n<p><b>Etkinlik S\u00fcresi\/Event Duration: <\/b>90 dk.<\/p>\n<\/div><\/section><\/p><\/div><\/p>","protected":false},"excerpt":{"rendered":"","protected":false},"author":2,"featured_media":0,"parent":0,"menu_order":0,"comment_status":"closed","ping_status":"closed","template":"","meta":{"footnotes":""},"class_list":["post-4146","page","type-page","status-publish","hentry"],"_links":{"self":[{"href":"https:\/\/bergamatiyatrofestivali.com\/en\/wp-json\/wp\/v2\/pages\/4146","targetHints":{"allow":["GET"]}}],"collection":[{"href":"https:\/\/bergamatiyatrofestivali.com\/en\/wp-json\/wp\/v2\/pages"}],"about":[{"href":"https:\/\/bergamatiyatrofestivali.com\/en\/wp-json\/wp\/v2\/types\/page"}],"author":[{"embeddable":true,"href":"https:\/\/bergamatiyatrofestivali.com\/en\/wp-json\/wp\/v2\/users\/2"}],"replies":[{"embeddable":true,"href":"https:\/\/bergamatiyatrofestivali.com\/en\/wp-json\/wp\/v2\/comments?post=4146"}],"version-history":[{"count":1,"href":"https:\/\/bergamatiyatrofestivali.com\/en\/wp-json\/wp\/v2\/pages\/4146\/revisions"}],"predecessor-version":[{"id":4148,"href":"https:\/\/bergamatiyatrofestivali.com\/en\/wp-json\/wp\/v2\/pages\/4146\/revisions\/4148"}],"wp:attachment":[{"href":"https:\/\/bergamatiyatrofestivali.com\/en\/wp-json\/wp\/v2\/media?parent=4146"}],"curies":[{"name":"wp","href":"https:\/\/api.w.org\/{rel}","templated":true}]}}

Sahne Sanatlarına Yeni Bakış Açıları

<div class='flex_column av-8ra5it-7e829cb4e37498c31b1d3b088ac2ea15 av_one_half  avia-builder-el-0  el_before_av_one_half  avia-builder-el-first  first flex_column_div'   ><p>
<style type="text/css" data-created_by="avia_inline_auto" id="style-css-av-7wntvp-1c692755afbf874031f121304127bf1f">
.avia-image-container.av-7wntvp-1c692755afbf874031f121304127bf1f .av-image-caption-overlay-center{
color:#ffffff;
}
</style>
<div  class='avia-image-container av-7wntvp-1c692755afbf874031f121304127bf1f av-styling- avia-align-center  avia-builder-el-1  el_before_av_textblock  avia-builder-el-first'  itemprop="image" itemscope="itemscope" itemtype="https://schema.org/ImageObject" ><div class="avia-image-container-inner"><div class="avia-image-overlay-wrap"><img decoding="async" class='wp-image-4147 avia-img-lazy-loading-not-4147 avia_image' src="https://bergamatiyatrofestivali.com/wp-content/uploads/2023/08/POST-8.jpg" alt='' title='POST'  height="1080" width="1080"  itemprop="thumbnailUrl" srcset="https://bergamatiyatrofestivali.com/wp-content/uploads/2023/08/POST-8.jpg 1080w, https://bergamatiyatrofestivali.com/wp-content/uploads/2023/08/POST-8-300x300.jpg 300w, https://bergamatiyatrofestivali.com/wp-content/uploads/2023/08/POST-8-1030x1030.jpg 1030w, https://bergamatiyatrofestivali.com/wp-content/uploads/2023/08/POST-8-80x80.jpg 80w, https://bergamatiyatrofestivali.com/wp-content/uploads/2023/08/POST-8-768x768.jpg 768w, https://bergamatiyatrofestivali.com/wp-content/uploads/2023/08/POST-8-12x12.jpg 12w, https://bergamatiyatrofestivali.com/wp-content/uploads/2023/08/POST-8-36x36.jpg 36w, https://bergamatiyatrofestivali.com/wp-content/uploads/2023/08/POST-8-180x180.jpg 180w, https://bergamatiyatrofestivali.com/wp-content/uploads/2023/08/POST-8-705x705.jpg 705w" sizes="(max-width: 1080px) 100vw, 1080px" /></div></div></div><br />
<section class="av_textblock_section"  itemscope="itemscope" itemtype="https://schema.org/CreativeWork" ><div class='avia_textblock  av_inherit_color'  style='color:#1d1d1b; '  itemprop="text" ><h2><strong>Sahne Sanatlarına Yeni Bakış Açıları</strong></h2>
<h3><em><strong>New Perspectives of Performing Arts</strong></em></h3>
<h3><span style="font-weight: 400;">Nineties Productions</span></h3>
<h4><span style="font-weight: 400;">12 Ağustos/August Cumartesi-Saturday, 10:00</span></h4>
<h5><span style="font-weight: 400;">Tonoz</span></h5>
<p>Etkinlik Ücretsizdir.</p>
</div></section><br />
<div  class='hr av-578o5x-e81847a4cb4a9bc272bf8a5d46cdedcf hr-default  avia-builder-el-3  el_after_av_textblock  avia-builder-el-last'><span class='hr-inner'><span class="hr-inner-style"></span></span></div></p></div><div class='flex_column av-3so41h-0e4fbf300e066135e57e4f7bf6f0d1c8 av_one_half  avia-builder-el-4  el_after_av_one_half  avia-builder-el-last  flex_column_div'   ><p><section class="av_textblock_section"  itemscope="itemscope" itemtype="https://schema.org/CreativeWork" ><div class='avia_textblock  av_inherit_color'  style='color:#1d1d1b; '  itemprop="text" ><p><span style="font-weight: 400;">On yıldan fazladır Hollanda’da tiyatro alanında üretim yapan Nineties Productions ekibi, tiyatroya olan yaklaşımlarını, bir projenin ortaya çıkma sürecinde kullandıkları metotları, biçim ve içerik arayışlarını festival takipçileri ve katılımcılarıyla paylaşıyor. Bergama’nın zengin kültürel tarihinden ilham alan Nineties Production, katılımcıların soruları ve katkılarıyla birlikte Türkiyeli partnerlerle kolektif iş üretme ve yeni işbirlikleri geliştirmeyi hedefliyor.</span></p>
<p>&#8211;</p>
<p><span style="font-weight: 400;">Nineties Productions team, which has been producing theatre in the Netherlands for more than ten years, shares their approach to theatre, the methods they use in the process of a project, their search for form and content with the festival followers and participants. Inspired by the rich cultural history of Bergama, Nineties Production aims to produce collective work and develop new collaborations with partners from Turkey in this panel that will be enriched with the questions and contributions of the participants.</span></p>
</div></section><br />
<div  class='hr av-1wgwp1-f5130e919114f14680027791788fe141 hr-default  avia-builder-el-6  el_after_av_textblock  el_before_av_textblock'><span class='hr-inner'><span class="hr-inner-style"></span></span></div><br />
<section class="av_textblock_section"  itemscope="itemscope" itemtype="https://schema.org/CreativeWork" ><div class='avia_textblock  av_inherit_color'  style='color:#1d1d1b; '  itemprop="text" ><p><b>Yürütücü/Executive: </b><span style="font-weight: 400;">Nineties Productions</span></p>
<p><b>Etkinlik Süresi/Event Duration: </b>90 dk.</p>
</div></section></p></div></p>
