{"id":4056,"date":"2023-07-30T01:14:23","date_gmt":"2023-07-29T22:14:23","guid":{"rendered":"https:\/\/bergamatiyatrofestivali.com\/?page_id=4056"},"modified":"2023-07-30T01:15:05","modified_gmt":"2023-07-29T22:15:05","slug":"parkta-guzel-bir-gun","status":"publish","type":"page","link":"https:\/\/bergamatiyatrofestivali.com\/en\/parkta-guzel-bir-gun\/","title":{"rendered":"Parkta G\u00fczel Bir G\u00fcn"},"content":{"rendered":"<div class='flex_column av-8ra5it-7e829cb4e37498c31b1d3b088ac2ea15 av_one_half  avia-builder-el-0  el_before_av_one_half  avia-builder-el-first  first flex_column_div'   ><p>\n<style type=\"text\/css\" data-created_by=\"avia_inline_auto\" id=\"style-css-av-7wntvp-f371a2e5eca23b39fd640da0ea1572e8\">\n.avia-image-container.av-7wntvp-f371a2e5eca23b39fd640da0ea1572e8 .av-image-caption-overlay-center{\ncolor:#ffffff;\n}\n<\/style>\n<div  class='avia-image-container av-7wntvp-f371a2e5eca23b39fd640da0ea1572e8 av-styling- avia-align-center  avia-builder-el-1  el_before_av_textblock  avia-builder-el-first'  itemprop=\"image\" itemscope=\"itemscope\" itemtype=\"https:\/\/schema.org\/ImageObject\" ><div class=\"avia-image-container-inner\"><div class=\"avia-image-overlay-wrap\"><img decoding=\"async\" class='wp-image-4057 avia-img-lazy-loading-not-4057 avia_image' src=\"https:\/\/bergamatiyatrofestivali.com\/wp-content\/uploads\/2023\/07\/park-guzel.jpg\" alt='' title='park-guzel'  height=\"1080\" width=\"1080\"  itemprop=\"thumbnailUrl\" srcset=\"https:\/\/bergamatiyatrofestivali.com\/wp-content\/uploads\/2023\/07\/park-guzel.jpg 1080w, https:\/\/bergamatiyatrofestivali.com\/wp-content\/uploads\/2023\/07\/park-guzel-300x300.jpg 300w, https:\/\/bergamatiyatrofestivali.com\/wp-content\/uploads\/2023\/07\/park-guzel-1030x1030.jpg 1030w, https:\/\/bergamatiyatrofestivali.com\/wp-content\/uploads\/2023\/07\/park-guzel-80x80.jpg 80w, https:\/\/bergamatiyatrofestivali.com\/wp-content\/uploads\/2023\/07\/park-guzel-768x768.jpg 768w, https:\/\/bergamatiyatrofestivali.com\/wp-content\/uploads\/2023\/07\/park-guzel-12x12.jpg 12w, https:\/\/bergamatiyatrofestivali.com\/wp-content\/uploads\/2023\/07\/park-guzel-36x36.jpg 36w, https:\/\/bergamatiyatrofestivali.com\/wp-content\/uploads\/2023\/07\/park-guzel-180x180.jpg 180w, https:\/\/bergamatiyatrofestivali.com\/wp-content\/uploads\/2023\/07\/park-guzel-705x705.jpg 705w\" sizes=\"(max-width: 1080px) 100vw, 1080px\" \/><\/div><\/div><\/div><br \/>\n<section class=\"av_textblock_section\"  itemscope=\"itemscope\" itemtype=\"https:\/\/schema.org\/CreativeWork\" ><div class='avia_textblock  av_inherit_color'  style='color:#1d1d1b; '  itemprop=\"text\" ><h2><strong>Parkta G\u00fczel Bir G\u00fcn<\/strong><\/h2>\n<h3><em><strong>An Incident At The Border<\/strong><\/em><\/h3>\n<h3><span style=\"font-weight: 400;\">Tiyatropolis<\/span><\/h3>\n<h4><span style=\"font-weight: 400;\">11 A\u011fustos\/August Cuma-Friday, 17:00<\/span><\/h4>\n<h5><span style=\"font-weight: 400;\">BerKM - Bergama Cultural Center<\/span><\/h5>\n<\/div><\/section><br \/>\n<div  class='hr av-578o5x-e81847a4cb4a9bc272bf8a5d46cdedcf hr-default  avia-builder-el-3  el_after_av_textblock  el_before_av_buttonrow'><span class='hr-inner'><span class=\"hr-inner-style\"><\/span><\/span><\/div><br \/>\n<div  class='avia-buttonrow-wrap av-l34tkru2-f77db327d6fa1fef8b4876917925a53a avia-buttonrow-left  avia-builder-el-4  el_after_av_hr  avia-builder-el-last   av-desktop-hide av-medium-hide av-small-hide av-mini-hide'>\n\n<style type=\"text\/css\" data-created_by=\"avia_inline_auto\" id=\"style-css-av-l34tko4x-ca65ebdad3d376ba24410386ba8eab46\">\n#top #wrap_all .avia-button.av-l34tko4x-ca65ebdad3d376ba24410386ba8eab46{\nmargin-bottom:5px;\nmargin-right:5px;\n}\n#top #wrap_all .avia-button.av-l34tko4x-ca65ebdad3d376ba24410386ba8eab46:hover{\nbackground-color:black;\ncolor:#ffffff;\ntransition:all 0.4s ease-in-out;\n-webkit-transition:all 0.4s ease-in-out;\n-moz-transition:all 0.4s ease-in-out;\n-ms-transition:all 0.4s ease-in-out;\n-o-transition:all 0.4s ease-in-out;\n}\n<\/style>\n<a href='https:\/\/mobilet.com\/tr\/event\/22028\/' class='avia-button av-l34tko4x-ca65ebdad3d376ba24410386ba8eab46 avia-icon_select-yes-left-icon avia-size-medium avia-color-black avia-font-color-white' target=\"_blank\" rel=\"noopener noreferrer\"><span class='avia_button_icon avia_button_icon_left' aria-hidden='true' data-av_icon='\ue881' data-av_iconfont='entypo-fontello'><\/span><span class='avia_iconbox_title' >13 A\u011eUSTOS MOB\u0130LET<\/span><\/a>\n<\/div><\/p><\/div><div class='flex_column av-3so41h-0e4fbf300e066135e57e4f7bf6f0d1c8 av_one_half  avia-builder-el-5  el_after_av_one_half  avia-builder-el-last  flex_column_div'   ><p><section class=\"av_textblock_section\"  itemscope=\"itemscope\" itemtype=\"https:\/\/schema.org\/CreativeWork\" ><div class='avia_textblock  av_inherit_color'  style='color:#1d1d1b; '  itemprop=\"text\" ><p><span style=\"font-weight: 400;\">Arthur ve Olivia parkta g\u00fczel bir g\u00fcn ge\u00e7irmek istiyorlar. B\u00fct\u00fcn g\u00fcn park\u0131n bank\u0131nda oturacaklar ama hangi \u00fclkenin, hangi park\u0131n\u0131n, hangi bank\u0131nda?<\/span><\/p>\n<p><span style=\"font-weight: 400;\">Bir de \u00f6rdekler var tabii\u2026<\/span><\/p>\n<p>&#8211;<\/p>\n<p><span style=\"font-weight: 400;\">Arthur and Olivia just want to have a good day at a park. But in which country, which park or which bench?<\/span><\/p>\n<p><span style=\"font-weight: 400;\">And there are also the ducks\u2026<\/span><\/p>\n<\/div><\/section><br \/>\n<div  class='hr av-1wgwp1-f5130e919114f14680027791788fe141 hr-default  avia-builder-el-7  el_after_av_textblock  el_before_av_textblock'><span class='hr-inner'><span class=\"hr-inner-style\"><\/span><\/span><\/div><br \/>\n<section class=\"av_textblock_section\"  itemscope=\"itemscope\" itemtype=\"https:\/\/schema.org\/CreativeWork\" ><div class='avia_textblock  av_inherit_color'  style='color:#1d1d1b; '  itemprop=\"text\" ><p><b>Yazan\/Written by: <\/b><span style=\"font-weight: 400;\">Kieran Lynn<\/span><\/p>\n<p><b>Y\u00f6neten\/Directed by: <\/b><span style=\"font-weight: 400;\">Can Mesur<\/span><\/p>\n<p><b>Oyuncular\/Cast: <\/b><span style=\"font-weight: 400;\">H\u00fcseyin Savc\u0131, Ebru Savc\u0131, Can Mesur<\/span><\/p>\n<p><b>Teknik Ekip\/Technical Crew: <\/b><span style=\"font-weight: 400;\">Aykan Ak\u00e7ay, \u0130smail Benli, Sude Sar\u0131boyac\u0131<\/span><\/p>\n<p><b>Oyun S\u00fcresi\/Performance Duration: <\/b><span style=\"font-weight: 400;\">75 dk.\u00a0<\/span><\/p>\n<p><b>Ya\u015f\/Age: <\/b><span style=\"font-weight: 400;\">+13<\/span><\/p>\n<\/div><\/section><\/p><\/div><\/p>","protected":false},"excerpt":{"rendered":"","protected":false},"author":2,"featured_media":0,"parent":0,"menu_order":0,"comment_status":"closed","ping_status":"closed","template":"","meta":{"footnotes":""},"class_list":["post-4056","page","type-page","status-publish","hentry"],"_links":{"self":[{"href":"https:\/\/bergamatiyatrofestivali.com\/en\/wp-json\/wp\/v2\/pages\/4056","targetHints":{"allow":["GET"]}}],"collection":[{"href":"https:\/\/bergamatiyatrofestivali.com\/en\/wp-json\/wp\/v2\/pages"}],"about":[{"href":"https:\/\/bergamatiyatrofestivali.com\/en\/wp-json\/wp\/v2\/types\/page"}],"author":[{"embeddable":true,"href":"https:\/\/bergamatiyatrofestivali.com\/en\/wp-json\/wp\/v2\/users\/2"}],"replies":[{"embeddable":true,"href":"https:\/\/bergamatiyatrofestivali.com\/en\/wp-json\/wp\/v2\/comments?post=4056"}],"version-history":[{"count":2,"href":"https:\/\/bergamatiyatrofestivali.com\/en\/wp-json\/wp\/v2\/pages\/4056\/revisions"}],"predecessor-version":[{"id":4059,"href":"https:\/\/bergamatiyatrofestivali.com\/en\/wp-json\/wp\/v2\/pages\/4056\/revisions\/4059"}],"wp:attachment":[{"href":"https:\/\/bergamatiyatrofestivali.com\/en\/wp-json\/wp\/v2\/media?parent=4056"}],"curies":[{"name":"wp","href":"https:\/\/api.w.org\/{rel}","templated":true}]}}

Parkta Güzel Bir Gün

<div class='flex_column av-8ra5it-7e829cb4e37498c31b1d3b088ac2ea15 av_one_half  avia-builder-el-0  el_before_av_one_half  avia-builder-el-first  first flex_column_div'   ><p>
<style type="text/css" data-created_by="avia_inline_auto" id="style-css-av-7wntvp-f371a2e5eca23b39fd640da0ea1572e8">
.avia-image-container.av-7wntvp-f371a2e5eca23b39fd640da0ea1572e8 .av-image-caption-overlay-center{
color:#ffffff;
}
</style>
<div  class='avia-image-container av-7wntvp-f371a2e5eca23b39fd640da0ea1572e8 av-styling- avia-align-center  avia-builder-el-1  el_before_av_textblock  avia-builder-el-first'  itemprop="image" itemscope="itemscope" itemtype="https://schema.org/ImageObject" ><div class="avia-image-container-inner"><div class="avia-image-overlay-wrap"><img decoding="async" class='wp-image-4057 avia-img-lazy-loading-not-4057 avia_image' src="https://bergamatiyatrofestivali.com/wp-content/uploads/2023/07/park-guzel.jpg" alt='' title='park-guzel'  height="1080" width="1080"  itemprop="thumbnailUrl" srcset="https://bergamatiyatrofestivali.com/wp-content/uploads/2023/07/park-guzel.jpg 1080w, https://bergamatiyatrofestivali.com/wp-content/uploads/2023/07/park-guzel-300x300.jpg 300w, https://bergamatiyatrofestivali.com/wp-content/uploads/2023/07/park-guzel-1030x1030.jpg 1030w, https://bergamatiyatrofestivali.com/wp-content/uploads/2023/07/park-guzel-80x80.jpg 80w, https://bergamatiyatrofestivali.com/wp-content/uploads/2023/07/park-guzel-768x768.jpg 768w, https://bergamatiyatrofestivali.com/wp-content/uploads/2023/07/park-guzel-12x12.jpg 12w, https://bergamatiyatrofestivali.com/wp-content/uploads/2023/07/park-guzel-36x36.jpg 36w, https://bergamatiyatrofestivali.com/wp-content/uploads/2023/07/park-guzel-180x180.jpg 180w, https://bergamatiyatrofestivali.com/wp-content/uploads/2023/07/park-guzel-705x705.jpg 705w" sizes="(max-width: 1080px) 100vw, 1080px" /></div></div></div><br />
<section class="av_textblock_section"  itemscope="itemscope" itemtype="https://schema.org/CreativeWork" ><div class='avia_textblock  av_inherit_color'  style='color:#1d1d1b; '  itemprop="text" ><h2><strong>Parkta Güzel Bir Gün</strong></h2>
<h3><em><strong>An Incident At The Border</strong></em></h3>
<h3><span style="font-weight: 400;">Tiyatropolis</span></h3>
<h4><span style="font-weight: 400;">11 Ağustos/August Cuma-Friday, 17:00</span></h4>
<h5><span style="font-weight: 400;">BerKM - Bergama Cultural Center</span></h5>
</div></section><br />
<div  class='hr av-578o5x-e81847a4cb4a9bc272bf8a5d46cdedcf hr-default  avia-builder-el-3  el_after_av_textblock  el_before_av_buttonrow'><span class='hr-inner'><span class="hr-inner-style"></span></span></div><br />
<div  class='avia-buttonrow-wrap av-l34tkru2-f77db327d6fa1fef8b4876917925a53a avia-buttonrow-left  avia-builder-el-4  el_after_av_hr  avia-builder-el-last   av-desktop-hide av-medium-hide av-small-hide av-mini-hide'>

<style type="text/css" data-created_by="avia_inline_auto" id="style-css-av-l34tko4x-ca65ebdad3d376ba24410386ba8eab46">
#top #wrap_all .avia-button.av-l34tko4x-ca65ebdad3d376ba24410386ba8eab46{
margin-bottom:5px;
margin-right:5px;
}
#top #wrap_all .avia-button.av-l34tko4x-ca65ebdad3d376ba24410386ba8eab46:hover{
background-color:black;
color:#ffffff;
transition:all 0.4s ease-in-out;
-webkit-transition:all 0.4s ease-in-out;
-moz-transition:all 0.4s ease-in-out;
-ms-transition:all 0.4s ease-in-out;
-o-transition:all 0.4s ease-in-out;
}
</style>
<a href='https://mobilet.com/tr/event/22028/' class='avia-button av-l34tko4x-ca65ebdad3d376ba24410386ba8eab46 avia-icon_select-yes-left-icon avia-size-medium avia-color-black avia-font-color-white' target="_blank" rel="noopener noreferrer"><span class='avia_button_icon avia_button_icon_left' aria-hidden='true' data-av_icon='' data-av_iconfont='entypo-fontello'></span><span class='avia_iconbox_title' >13 AĞUSTOS MOBİLET</span></a>
</div></p></div><div class='flex_column av-3so41h-0e4fbf300e066135e57e4f7bf6f0d1c8 av_one_half  avia-builder-el-5  el_after_av_one_half  avia-builder-el-last  flex_column_div'   ><p><section class="av_textblock_section"  itemscope="itemscope" itemtype="https://schema.org/CreativeWork" ><div class='avia_textblock  av_inherit_color'  style='color:#1d1d1b; '  itemprop="text" ><p><span style="font-weight: 400;">Arthur ve Olivia parkta güzel bir gün geçirmek istiyorlar. Bütün gün parkın bankında oturacaklar ama hangi ülkenin, hangi parkının, hangi bankında?</span></p>
<p><span style="font-weight: 400;">Bir de ördekler var tabii…</span></p>
<p>&#8211;</p>
<p><span style="font-weight: 400;">Arthur and Olivia just want to have a good day at a park. But in which country, which park or which bench?</span></p>
<p><span style="font-weight: 400;">And there are also the ducks…</span></p>
</div></section><br />
<div  class='hr av-1wgwp1-f5130e919114f14680027791788fe141 hr-default  avia-builder-el-7  el_after_av_textblock  el_before_av_textblock'><span class='hr-inner'><span class="hr-inner-style"></span></span></div><br />
<section class="av_textblock_section"  itemscope="itemscope" itemtype="https://schema.org/CreativeWork" ><div class='avia_textblock  av_inherit_color'  style='color:#1d1d1b; '  itemprop="text" ><p><b>Yazan/Written by: </b><span style="font-weight: 400;">Kieran Lynn</span></p>
<p><b>Yöneten/Directed by: </b><span style="font-weight: 400;">Can Mesur</span></p>
<p><b>Oyuncular/Cast: </b><span style="font-weight: 400;">Hüseyin Savcı, Ebru Savcı, Can Mesur</span></p>
<p><b>Teknik Ekip/Technical Crew: </b><span style="font-weight: 400;">Aykan Akçay, İsmail Benli, Sude Sarıboyacı</span></p>
<p><b>Oyun Süresi/Performance Duration: </b><span style="font-weight: 400;">75 dk. </span></p>
<p><b>Yaş/Age: </b><span style="font-weight: 400;">+13</span></p>
</div></section></p></div></p>
