{"id":3904,"date":"2023-07-26T07:31:56","date_gmt":"2023-07-26T04:31:56","guid":{"rendered":"https:\/\/bergamatiyatrofestivali.com\/?page_id=3904"},"modified":"2023-07-26T16:09:39","modified_gmt":"2023-07-26T13:09:39","slug":"kral-ubu","status":"publish","type":"page","link":"https:\/\/bergamatiyatrofestivali.com\/en\/kral-ubu\/","title":{"rendered":"Kral \u00dcb\u00fc"},"content":{"rendered":"<div class='flex_column av-8ra5it-7e829cb4e37498c31b1d3b088ac2ea15 av_one_half  avia-builder-el-0  el_before_av_one_half  avia-builder-el-first  first flex_column_div'   ><p>\n<style type=\"text\/css\" data-created_by=\"avia_inline_auto\" id=\"style-css-av-7wntvp-0b129ca03799fc23aafc380446355e20\">\n.avia-image-container.av-7wntvp-0b129ca03799fc23aafc380446355e20 .av-image-caption-overlay-center{\ncolor:#ffffff;\n}\n<\/style>\n<div  class='avia-image-container av-7wntvp-0b129ca03799fc23aafc380446355e20 av-styling- avia-align-center  avia-builder-el-1  el_before_av_textblock  avia-builder-el-first'  itemprop=\"image\" itemscope=\"itemscope\" itemtype=\"https:\/\/schema.org\/ImageObject\" ><div class=\"avia-image-container-inner\"><div class=\"avia-image-overlay-wrap\"><img decoding=\"async\" class='wp-image-3919 avia-img-lazy-loading-not-3919 avia_image' src=\"https:\/\/bergamatiyatrofestivali.com\/wp-content\/uploads\/2023\/07\/kral-ubu-afis.jpg\" alt='' title='kral-ubu-afis'  height=\"1080\" width=\"1080\"  itemprop=\"thumbnailUrl\" srcset=\"https:\/\/bergamatiyatrofestivali.com\/wp-content\/uploads\/2023\/07\/kral-ubu-afis.jpg 1080w, https:\/\/bergamatiyatrofestivali.com\/wp-content\/uploads\/2023\/07\/kral-ubu-afis-300x300.jpg 300w, https:\/\/bergamatiyatrofestivali.com\/wp-content\/uploads\/2023\/07\/kral-ubu-afis-1030x1030.jpg 1030w, https:\/\/bergamatiyatrofestivali.com\/wp-content\/uploads\/2023\/07\/kral-ubu-afis-80x80.jpg 80w, https:\/\/bergamatiyatrofestivali.com\/wp-content\/uploads\/2023\/07\/kral-ubu-afis-768x768.jpg 768w, https:\/\/bergamatiyatrofestivali.com\/wp-content\/uploads\/2023\/07\/kral-ubu-afis-12x12.jpg 12w, https:\/\/bergamatiyatrofestivali.com\/wp-content\/uploads\/2023\/07\/kral-ubu-afis-36x36.jpg 36w, https:\/\/bergamatiyatrofestivali.com\/wp-content\/uploads\/2023\/07\/kral-ubu-afis-180x180.jpg 180w, https:\/\/bergamatiyatrofestivali.com\/wp-content\/uploads\/2023\/07\/kral-ubu-afis-705x705.jpg 705w\" sizes=\"(max-width: 1080px) 100vw, 1080px\" \/><\/div><\/div><\/div><br \/>\n<section class=\"av_textblock_section\"  itemscope=\"itemscope\" itemtype=\"https:\/\/schema.org\/CreativeWork\" ><div class='avia_textblock  av_inherit_color'  style='color:#1d1d1b; '  itemprop=\"text\" ><h2><strong>Kral \u00dcb\u00fc<\/strong><\/h2>\n<h3><em><strong>Ubu Roi<\/strong><\/em><\/h3>\n<h3><span style=\"font-weight: 400;\">Sar\u0131 Sandalye<\/span><\/h3>\n<h4><span style=\"font-weight: 400;\">13 A\u011fustos\/August Pazar-Sunday, 21:00<\/span><\/h4>\n<h5><span style=\"font-weight: 400;\">BerKM - Bergama Cultural Center<\/span><\/h5>\n<\/div><\/section><br \/>\n<div  class='hr av-578o5x-e81847a4cb4a9bc272bf8a5d46cdedcf hr-default  avia-builder-el-3  el_after_av_textblock  el_before_av_buttonrow'><span class='hr-inner'><span class=\"hr-inner-style\"><\/span><\/span><\/div><br \/>\n<div  class='avia-buttonrow-wrap av-l34tkru2-d8d00fb5ab84f16fc18bc5eac03df079 avia-buttonrow-left  avia-builder-el-4  el_after_av_hr  avia-builder-el-last'>\n\n<style type=\"text\/css\" data-created_by=\"avia_inline_auto\" id=\"style-css-av-l34tko4x-a5079d4e24aae9d7245d0193537101d7\">\n#top #wrap_all .avia-button.av-l34tko4x-a5079d4e24aae9d7245d0193537101d7{\nmargin-bottom:5px;\nmargin-right:5px;\n}\n#top #wrap_all .avia-button.av-l34tko4x-a5079d4e24aae9d7245d0193537101d7:hover{\nbackground-color:black;\ncolor:#ffffff;\ntransition:all 0.4s ease-in-out;\n-webkit-transition:all 0.4s ease-in-out;\n-moz-transition:all 0.4s ease-in-out;\n-ms-transition:all 0.4s ease-in-out;\n-o-transition:all 0.4s ease-in-out;\n}\n<\/style>\n<a href='https:\/\/mobilet.com\/tr\/event\/22028\/' class='avia-button av-l34tko4x-a5079d4e24aae9d7245d0193537101d7 avia-icon_select-yes-left-icon avia-size-medium avia-color-black avia-font-color-white' target=\"_blank\" rel=\"noopener noreferrer\"><span class='avia_button_icon avia_button_icon_left' aria-hidden='true' data-av_icon='\ue881' data-av_iconfont='entypo-fontello'><\/span><span class='avia_iconbox_title' >13 A\u011eUSTOS MOB\u0130LET<\/span><\/a>\n<\/div><\/p><\/div><div class='flex_column av-3so41h-0e4fbf300e066135e57e4f7bf6f0d1c8 av_one_half  avia-builder-el-5  el_after_av_one_half  avia-builder-el-last  flex_column_div'   ><p><section class=\"av_textblock_section\"  itemscope=\"itemscope\" itemtype=\"https:\/\/schema.org\/CreativeWork\" ><div class='avia_textblock  av_inherit_color'  style='color:#1d1d1b; '  itemprop=\"text\" ><p><span style=\"font-weight: 400;\">Alfred Jarry\u2019nin yazd\u0131\u011f\u0131 \u2018Kral \u00dcb\u00fc\u2019, Polonya Kral\u0131 Venceslas\u2019a suikast d\u00fczenleyerek onu \u00f6ld\u00fcr\u00fcp yerine ge\u00e7en Ana ve Baba \u00dcb\u00fc\u2019den m\u00fcte\u015fekkil \u00dcb\u00fc Ailesi\u2019nin hikayesine odaklan\u0131yor.<\/span><\/p>\n<p>&#8211;<\/p>\n<p><span style=\"font-weight: 400;\">Alfred Jarry\u2019s &#8220;King Ubu&#8221; tells the story of the Ubu family, consisting of Mother and Father Ubu, who assassinate King Venceslas of Poland and take his place.<\/span><\/p>\n<\/div><\/section><br \/>\n<div  class='hr av-1wgwp1-f5130e919114f14680027791788fe141 hr-default  avia-builder-el-7  el_after_av_textblock  el_before_av_textblock'><span class='hr-inner'><span class=\"hr-inner-style\"><\/span><\/span><\/div><br \/>\n<section class=\"av_textblock_section\"  itemscope=\"itemscope\" itemtype=\"https:\/\/schema.org\/CreativeWork\" ><div class='avia_textblock  av_inherit_color'  style='color:#1d1d1b; '  itemprop=\"text\" ><p><b>Yazan\/Written by: <\/b><span style=\"font-weight: 400;\">Alfred Jarry<\/span><\/p>\n<p><b>\u00c7eviren\/Translation: <\/b><span style=\"font-weight: 400;\">Ay\u015fe Selen, \u015eehsuvar Akta\u015f<\/span><\/p>\n<p><b>Uyarlayan ve Y\u00f6neten\/Adapted &amp; Directed by: <\/b><span style=\"font-weight: 400;\">Do\u011fa Nalbanto\u011flu<\/span><\/p>\n<p><b>Oyuncular\/Cast:<\/b><span style=\"font-weight: 400;\"> Canan G\u00fcna\u015ft\u0131, Denizhan \u00c7ay, Emirhan Altunkaya, Emre Y\u0131ld\u0131zlar, G\u00fcl Do\u011fa Selvi, G\u00f6ksu I\u015f\u0131k, G\u00f6khan \u00d6cal, \u0130rem Kalayc\u0131o\u011flu, Kayra Belen Yard\u0131mc\u0131, \u015eeyiba Ceren \u00dclgen<\/span><\/p>\n<p><b>I\u015f\u0131k Tasar\u0131m\/Lighting Design: <\/b><span style=\"font-weight: 400;\">Sencan Oytun Toku\u00e7, Samet Acar<\/span><\/p>\n<p><b>Kost\u00fcm Tasar\u0131m\/Costume Design: <\/b><span style=\"font-weight: 400;\">Kayra Belen Yard\u0131mc\u0131, \u015eeyiba Ceren \u00dclgen, G\u00fcl Do\u011fa Selvi<\/span><\/p>\n<p><b>Sa\u00e7-Makyaj Tasar\u0131m\/Hair &amp; Make-up Design:<\/b><span style=\"font-weight: 400;\"> \u015eeyiba Ceren \u00dclgen, Canan G\u00fcna\u015ft\u0131<\/span><\/p>\n<p><b>Hareket D\u00fczeni\/Choreography:<\/b><span style=\"font-weight: 400;\"> Do\u011fa Nalbanto\u011flu<\/span><\/p>\n<p><b>D\u0131\u015f G\u00f6z:<\/b><span style=\"font-weight: 400;\"> Mithat Ozan K\u00fcren<\/span><\/p>\n<p><b>\u00d6zg\u00fcn M\u00fczik\/Original Music:<\/b><span style=\"font-weight: 400;\"> G\u00f6ksu I\u015f\u0131k, G\u00f6khan \u00d6cal<\/span><\/p>\n<p><b>Afi\u015f Tasar\u0131m\/Poster Design: <\/b><span style=\"font-weight: 400;\">Do\u011fa \u00d6ktem<\/span><\/p>\n<p><b>Oyun S\u00fcresi\/Performance Duration:<\/b><span style=\"font-weight: 400;\"> 90 Dakika\u00a0<\/span><\/p>\n<p><b>Ya\u015f\/Age:<\/b><span style=\"font-weight: 400;\">+13<\/span><\/p>\n<\/div><\/section><\/p><\/div><\/p>","protected":false},"excerpt":{"rendered":"","protected":false},"author":2,"featured_media":0,"parent":0,"menu_order":0,"comment_status":"closed","ping_status":"closed","template":"","meta":{"footnotes":""},"class_list":["post-3904","page","type-page","status-publish","hentry"],"_links":{"self":[{"href":"https:\/\/bergamatiyatrofestivali.com\/en\/wp-json\/wp\/v2\/pages\/3904","targetHints":{"allow":["GET"]}}],"collection":[{"href":"https:\/\/bergamatiyatrofestivali.com\/en\/wp-json\/wp\/v2\/pages"}],"about":[{"href":"https:\/\/bergamatiyatrofestivali.com\/en\/wp-json\/wp\/v2\/types\/page"}],"author":[{"embeddable":true,"href":"https:\/\/bergamatiyatrofestivali.com\/en\/wp-json\/wp\/v2\/users\/2"}],"replies":[{"embeddable":true,"href":"https:\/\/bergamatiyatrofestivali.com\/en\/wp-json\/wp\/v2\/comments?post=3904"}],"version-history":[{"count":5,"href":"https:\/\/bergamatiyatrofestivali.com\/en\/wp-json\/wp\/v2\/pages\/3904\/revisions"}],"predecessor-version":[{"id":3921,"href":"https:\/\/bergamatiyatrofestivali.com\/en\/wp-json\/wp\/v2\/pages\/3904\/revisions\/3921"}],"wp:attachment":[{"href":"https:\/\/bergamatiyatrofestivali.com\/en\/wp-json\/wp\/v2\/media?parent=3904"}],"curies":[{"name":"wp","href":"https:\/\/api.w.org\/{rel}","templated":true}]}}

Kral Übü

<div class='flex_column av-8ra5it-7e829cb4e37498c31b1d3b088ac2ea15 av_one_half  avia-builder-el-0  el_before_av_one_half  avia-builder-el-first  first flex_column_div'   ><p>
<style type="text/css" data-created_by="avia_inline_auto" id="style-css-av-7wntvp-0b129ca03799fc23aafc380446355e20">
.avia-image-container.av-7wntvp-0b129ca03799fc23aafc380446355e20 .av-image-caption-overlay-center{
color:#ffffff;
}
</style>
<div  class='avia-image-container av-7wntvp-0b129ca03799fc23aafc380446355e20 av-styling- avia-align-center  avia-builder-el-1  el_before_av_textblock  avia-builder-el-first'  itemprop="image" itemscope="itemscope" itemtype="https://schema.org/ImageObject" ><div class="avia-image-container-inner"><div class="avia-image-overlay-wrap"><img decoding="async" class='wp-image-3919 avia-img-lazy-loading-not-3919 avia_image' src="https://bergamatiyatrofestivali.com/wp-content/uploads/2023/07/kral-ubu-afis.jpg" alt='' title='kral-ubu-afis'  height="1080" width="1080"  itemprop="thumbnailUrl" srcset="https://bergamatiyatrofestivali.com/wp-content/uploads/2023/07/kral-ubu-afis.jpg 1080w, https://bergamatiyatrofestivali.com/wp-content/uploads/2023/07/kral-ubu-afis-300x300.jpg 300w, https://bergamatiyatrofestivali.com/wp-content/uploads/2023/07/kral-ubu-afis-1030x1030.jpg 1030w, https://bergamatiyatrofestivali.com/wp-content/uploads/2023/07/kral-ubu-afis-80x80.jpg 80w, https://bergamatiyatrofestivali.com/wp-content/uploads/2023/07/kral-ubu-afis-768x768.jpg 768w, https://bergamatiyatrofestivali.com/wp-content/uploads/2023/07/kral-ubu-afis-12x12.jpg 12w, https://bergamatiyatrofestivali.com/wp-content/uploads/2023/07/kral-ubu-afis-36x36.jpg 36w, https://bergamatiyatrofestivali.com/wp-content/uploads/2023/07/kral-ubu-afis-180x180.jpg 180w, https://bergamatiyatrofestivali.com/wp-content/uploads/2023/07/kral-ubu-afis-705x705.jpg 705w" sizes="(max-width: 1080px) 100vw, 1080px" /></div></div></div><br />
<section class="av_textblock_section"  itemscope="itemscope" itemtype="https://schema.org/CreativeWork" ><div class='avia_textblock  av_inherit_color'  style='color:#1d1d1b; '  itemprop="text" ><h2><strong>Kral Übü</strong></h2>
<h3><em><strong>Ubu Roi</strong></em></h3>
<h3><span style="font-weight: 400;">Sarı Sandalye</span></h3>
<h4><span style="font-weight: 400;">13 Ağustos/August Pazar-Sunday, 21:00</span></h4>
<h5><span style="font-weight: 400;">BerKM - Bergama Cultural Center</span></h5>
</div></section><br />
<div  class='hr av-578o5x-e81847a4cb4a9bc272bf8a5d46cdedcf hr-default  avia-builder-el-3  el_after_av_textblock  el_before_av_buttonrow'><span class='hr-inner'><span class="hr-inner-style"></span></span></div><br />
<div  class='avia-buttonrow-wrap av-l34tkru2-d8d00fb5ab84f16fc18bc5eac03df079 avia-buttonrow-left  avia-builder-el-4  el_after_av_hr  avia-builder-el-last'>

<style type="text/css" data-created_by="avia_inline_auto" id="style-css-av-l34tko4x-a5079d4e24aae9d7245d0193537101d7">
#top #wrap_all .avia-button.av-l34tko4x-a5079d4e24aae9d7245d0193537101d7{
margin-bottom:5px;
margin-right:5px;
}
#top #wrap_all .avia-button.av-l34tko4x-a5079d4e24aae9d7245d0193537101d7:hover{
background-color:black;
color:#ffffff;
transition:all 0.4s ease-in-out;
-webkit-transition:all 0.4s ease-in-out;
-moz-transition:all 0.4s ease-in-out;
-ms-transition:all 0.4s ease-in-out;
-o-transition:all 0.4s ease-in-out;
}
</style>
<a href='https://mobilet.com/tr/event/22028/' class='avia-button av-l34tko4x-a5079d4e24aae9d7245d0193537101d7 avia-icon_select-yes-left-icon avia-size-medium avia-color-black avia-font-color-white' target="_blank" rel="noopener noreferrer"><span class='avia_button_icon avia_button_icon_left' aria-hidden='true' data-av_icon='' data-av_iconfont='entypo-fontello'></span><span class='avia_iconbox_title' >13 AĞUSTOS MOBİLET</span></a>
</div></p></div><div class='flex_column av-3so41h-0e4fbf300e066135e57e4f7bf6f0d1c8 av_one_half  avia-builder-el-5  el_after_av_one_half  avia-builder-el-last  flex_column_div'   ><p><section class="av_textblock_section"  itemscope="itemscope" itemtype="https://schema.org/CreativeWork" ><div class='avia_textblock  av_inherit_color'  style='color:#1d1d1b; '  itemprop="text" ><p><span style="font-weight: 400;">Alfred Jarry’nin yazdığı ‘Kral Übü’, Polonya Kralı Venceslas’a suikast düzenleyerek onu öldürüp yerine geçen Ana ve Baba Übü’den müteşekkil Übü Ailesi’nin hikayesine odaklanıyor.</span></p>
<p>&#8211;</p>
<p><span style="font-weight: 400;">Alfred Jarry’s &#8220;King Ubu&#8221; tells the story of the Ubu family, consisting of Mother and Father Ubu, who assassinate King Venceslas of Poland and take his place.</span></p>
</div></section><br />
<div  class='hr av-1wgwp1-f5130e919114f14680027791788fe141 hr-default  avia-builder-el-7  el_after_av_textblock  el_before_av_textblock'><span class='hr-inner'><span class="hr-inner-style"></span></span></div><br />
<section class="av_textblock_section"  itemscope="itemscope" itemtype="https://schema.org/CreativeWork" ><div class='avia_textblock  av_inherit_color'  style='color:#1d1d1b; '  itemprop="text" ><p><b>Yazan/Written by: </b><span style="font-weight: 400;">Alfred Jarry</span></p>
<p><b>Çeviren/Translation: </b><span style="font-weight: 400;">Ayşe Selen, Şehsuvar Aktaş</span></p>
<p><b>Uyarlayan ve Yöneten/Adapted &amp; Directed by: </b><span style="font-weight: 400;">Doğa Nalbantoğlu</span></p>
<p><b>Oyuncular/Cast:</b><span style="font-weight: 400;"> Canan Günaştı, Denizhan Çay, Emirhan Altunkaya, Emre Yıldızlar, Gül Doğa Selvi, Göksu Işık, Gökhan Öcal, İrem Kalaycıoğlu, Kayra Belen Yardımcı, Şeyiba Ceren Ülgen</span></p>
<p><b>Işık Tasarım/Lighting Design: </b><span style="font-weight: 400;">Sencan Oytun Tokuç, Samet Acar</span></p>
<p><b>Kostüm Tasarım/Costume Design: </b><span style="font-weight: 400;">Kayra Belen Yardımcı, Şeyiba Ceren Ülgen, Gül Doğa Selvi</span></p>
<p><b>Saç-Makyaj Tasarım/Hair &amp; Make-up Design:</b><span style="font-weight: 400;"> Şeyiba Ceren Ülgen, Canan Günaştı</span></p>
<p><b>Hareket Düzeni/Choreography:</b><span style="font-weight: 400;"> Doğa Nalbantoğlu</span></p>
<p><b>Dış Göz:</b><span style="font-weight: 400;"> Mithat Ozan Küren</span></p>
<p><b>Özgün Müzik/Original Music:</b><span style="font-weight: 400;"> Göksu Işık, Gökhan Öcal</span></p>
<p><b>Afiş Tasarım/Poster Design: </b><span style="font-weight: 400;">Doğa Öktem</span></p>
<p><b>Oyun Süresi/Performance Duration:</b><span style="font-weight: 400;"> 90 Dakika </span></p>
<p><b>Yaş/Age:</b><span style="font-weight: 400;">+13</span></p>
</div></section></p></div></p>
