{"id":3343,"date":"2022-05-31T01:58:43","date_gmt":"2022-05-30T22:58:43","guid":{"rendered":"https:\/\/bergamatiyatrofestivali.com\/?page_id=3343"},"modified":"2022-06-01T13:05:14","modified_gmt":"2022-06-01T10:05:14","slug":"kis-bulusmalari","status":"publish","type":"page","link":"https:\/\/bergamatiyatrofestivali.com\/en\/kis-bulusmalari\/","title":{"rendered":"K\u0131\u015f Bulu\u015fmalar\u0131"},"content":{"rendered":"<div class='flex_column av-fxtgu-f245fe0be2d3e74a96b843fbff284c0d av_one_full  avia-builder-el-0  el_before_av_one_full  avia-builder-el-first  first flex_column_div'   ><style type=\"text\/css\" data-created_by=\"avia_inline_auto\" id=\"style-css-av-l10pxvvm-ab4a12776ba03aa9667c5465b0b13d07\">\n.avia-image-container.av-l10pxvvm-ab4a12776ba03aa9667c5465b0b13d07 .av-image-caption-overlay-center{\ncolor:#ffffff;\n}\n<\/style>\n<div  class='avia-image-container av-l10pxvvm-ab4a12776ba03aa9667c5465b0b13d07 av-styling- avia_animated_image avia_animate_when_almost_visible pop-up avia-align-center  avia-builder-el-1  avia-builder-el-no-sibling'  itemprop=\"image\" itemscope=\"itemscope\" itemtype=\"https:\/\/schema.org\/ImageObject\" ><div class=\"avia-image-container-inner\"><div class=\"avia-image-overlay-wrap\"><img decoding=\"async\" class='wp-image-2075 avia-img-lazy-loading-not-2075 avia_image' src=\"https:\/\/bergamatiyatrofestivali.com\/wp-content\/uploads\/2022\/03\/Web-Site-Slider_Calisma-Yuzeyi-1-1030x579.jpg\" alt='' title=''  height=\"579\" width=\"1030\"  itemprop=\"thumbnailUrl\" srcset=\"https:\/\/bergamatiyatrofestivali.com\/wp-content\/uploads\/2022\/03\/Web-Site-Slider_Calisma-Yuzeyi-1-1030x579.jpg 1030w, https:\/\/bergamatiyatrofestivali.com\/wp-content\/uploads\/2022\/03\/Web-Site-Slider_Calisma-Yuzeyi-1-300x169.jpg 300w, https:\/\/bergamatiyatrofestivali.com\/wp-content\/uploads\/2022\/03\/Web-Site-Slider_Calisma-Yuzeyi-1-768x432.jpg 768w, https:\/\/bergamatiyatrofestivali.com\/wp-content\/uploads\/2022\/03\/Web-Site-Slider_Calisma-Yuzeyi-1-1536x864.jpg 1536w, https:\/\/bergamatiyatrofestivali.com\/wp-content\/uploads\/2022\/03\/Web-Site-Slider_Calisma-Yuzeyi-1-2048x1152.jpg 2048w, https:\/\/bergamatiyatrofestivali.com\/wp-content\/uploads\/2022\/03\/Web-Site-Slider_Calisma-Yuzeyi-1-18x10.jpg 18w, https:\/\/bergamatiyatrofestivali.com\/wp-content\/uploads\/2022\/03\/Web-Site-Slider_Calisma-Yuzeyi-1-1500x844.jpg 1500w, https:\/\/bergamatiyatrofestivali.com\/wp-content\/uploads\/2022\/03\/Web-Site-Slider_Calisma-Yuzeyi-1-705x397.jpg 705w\" sizes=\"(max-width: 1030px) 100vw, 1030px\" \/><\/div><\/div><\/div><\/div>\n<div class='flex_column av-21c7we-85bfe79915c04fdf4a0a01e75d812250 av_one_full  avia-builder-el-2  el_after_av_one_full  avia-builder-el-last  first flex_column_div column-top-margin'   ><section class=\"av_textblock_section\"  itemscope=\"itemscope\" itemtype=\"https:\/\/schema.org\/CreativeWork\" ><div class='avia_textblock'   itemprop=\"text\" ><p><em>06.12.2021<\/em><\/p>\n<p><span style=\"font-weight: 400;\">Bergama Theatre Festival \u201cWinter Meetings No:1\u201d program is ready to meet with you. We hope that this open space that we try to create will facilitate our communication with you apart from the festival period, along with opening up new conversations and outputs. With the program prepared, our main aim is to develop and shape Bergama Theatre Festival in more productive, critical and sharing way within your participation, all together.\u00a0<\/span><\/p>\n<p><span style=\"font-weight: 400;\">Based on this motivation, the forum \u201cBergamal\u0131lar\u0131n G\u00f6z\u00fcnden Festival\u201d designed as an open space to hear you and discuss on opinions and opportunities about the festival and beyond, and to seek for solutions.\u00a0<\/span><\/p>\n<p><span style=\"font-weight: 400;\">Besides the workshop \u201cYaz\u0131 Masas\u0131nda 1 G\u00fcn\u201d that will held for the art producers in the region, the play program includes one for children from Akbank \u00c7ocuk Tiyatrosu, \u201cF\u0131rt\u0131na \u00c7ocuk\u201d and \u201cBernarda\u201d from Proje No 2. See you very soon at BerKM on December 18 for Bergama Theatre Festival \u201cWinter Meetings No: 1\"!<\/span><\/p>\n<\/div><\/section><\/div>","protected":false},"excerpt":{"rendered":"","protected":false},"author":2,"featured_media":0,"parent":0,"menu_order":0,"comment_status":"closed","ping_status":"closed","template":"","meta":{"footnotes":""},"class_list":["post-3343","page","type-page","status-publish","hentry"],"_links":{"self":[{"href":"https:\/\/bergamatiyatrofestivali.com\/en\/wp-json\/wp\/v2\/pages\/3343","targetHints":{"allow":["GET"]}}],"collection":[{"href":"https:\/\/bergamatiyatrofestivali.com\/en\/wp-json\/wp\/v2\/pages"}],"about":[{"href":"https:\/\/bergamatiyatrofestivali.com\/en\/wp-json\/wp\/v2\/types\/page"}],"author":[{"embeddable":true,"href":"https:\/\/bergamatiyatrofestivali.com\/en\/wp-json\/wp\/v2\/users\/2"}],"replies":[{"embeddable":true,"href":"https:\/\/bergamatiyatrofestivali.com\/en\/wp-json\/wp\/v2\/comments?post=3343"}],"version-history":[{"count":2,"href":"https:\/\/bergamatiyatrofestivali.com\/en\/wp-json\/wp\/v2\/pages\/3343\/revisions"}],"predecessor-version":[{"id":3455,"href":"https:\/\/bergamatiyatrofestivali.com\/en\/wp-json\/wp\/v2\/pages\/3343\/revisions\/3455"}],"wp:attachment":[{"href":"https:\/\/bergamatiyatrofestivali.com\/en\/wp-json\/wp\/v2\/media?parent=3343"}],"curies":[{"name":"wp","href":"https:\/\/api.w.org\/{rel}","templated":true}]}}

Kış Buluşmaları

<div class='flex_column av-fxtgu-f245fe0be2d3e74a96b843fbff284c0d av_one_full  avia-builder-el-0  el_before_av_one_full  avia-builder-el-first  first flex_column_div'   ><style type="text/css" data-created_by="avia_inline_auto" id="style-css-av-l10pxvvm-ab4a12776ba03aa9667c5465b0b13d07">
.avia-image-container.av-l10pxvvm-ab4a12776ba03aa9667c5465b0b13d07 .av-image-caption-overlay-center{
color:#ffffff;
}
</style>
<div  class='avia-image-container av-l10pxvvm-ab4a12776ba03aa9667c5465b0b13d07 av-styling- avia_animated_image avia_animate_when_almost_visible pop-up avia-align-center  avia-builder-el-1  avia-builder-el-no-sibling'  itemprop="image" itemscope="itemscope" itemtype="https://schema.org/ImageObject" ><div class="avia-image-container-inner"><div class="avia-image-overlay-wrap"><img decoding="async" class='wp-image-2075 avia-img-lazy-loading-not-2075 avia_image' src="https://bergamatiyatrofestivali.com/wp-content/uploads/2022/03/Web-Site-Slider_Calisma-Yuzeyi-1-1030x579.jpg" alt='' title=''  height="579" width="1030"  itemprop="thumbnailUrl" srcset="https://bergamatiyatrofestivali.com/wp-content/uploads/2022/03/Web-Site-Slider_Calisma-Yuzeyi-1-1030x579.jpg 1030w, https://bergamatiyatrofestivali.com/wp-content/uploads/2022/03/Web-Site-Slider_Calisma-Yuzeyi-1-300x169.jpg 300w, https://bergamatiyatrofestivali.com/wp-content/uploads/2022/03/Web-Site-Slider_Calisma-Yuzeyi-1-768x432.jpg 768w, https://bergamatiyatrofestivali.com/wp-content/uploads/2022/03/Web-Site-Slider_Calisma-Yuzeyi-1-1536x864.jpg 1536w, https://bergamatiyatrofestivali.com/wp-content/uploads/2022/03/Web-Site-Slider_Calisma-Yuzeyi-1-2048x1152.jpg 2048w, https://bergamatiyatrofestivali.com/wp-content/uploads/2022/03/Web-Site-Slider_Calisma-Yuzeyi-1-18x10.jpg 18w, https://bergamatiyatrofestivali.com/wp-content/uploads/2022/03/Web-Site-Slider_Calisma-Yuzeyi-1-1500x844.jpg 1500w, https://bergamatiyatrofestivali.com/wp-content/uploads/2022/03/Web-Site-Slider_Calisma-Yuzeyi-1-705x397.jpg 705w" sizes="(max-width: 1030px) 100vw, 1030px" /></div></div></div></div>
<div class='flex_column av-21c7we-85bfe79915c04fdf4a0a01e75d812250 av_one_full  avia-builder-el-2  el_after_av_one_full  avia-builder-el-last  first flex_column_div column-top-margin'   ><section class="av_textblock_section"  itemscope="itemscope" itemtype="https://schema.org/CreativeWork" ><div class='avia_textblock'   itemprop="text" ><p><em>06.12.2021</em></p>
<p><span style="font-weight: 400;">Bergama Theatre Festival “Winter Meetings No:1” program is ready to meet with you. We hope that this open space that we try to create will facilitate our communication with you apart from the festival period, along with opening up new conversations and outputs. With the program prepared, our main aim is to develop and shape Bergama Theatre Festival in more productive, critical and sharing way within your participation, all together. </span></p>
<p><span style="font-weight: 400;">Based on this motivation, the forum “Bergamalıların Gözünden Festival” designed as an open space to hear you and discuss on opinions and opportunities about the festival and beyond, and to seek for solutions. </span></p>
<p><span style="font-weight: 400;">Besides the workshop “Yazı Masasında 1 Gün” that will held for the art producers in the region, the play program includes one for children from Akbank Çocuk Tiyatrosu, “Fırtına Çocuk” and “Bernarda” from Proje No 2. See you very soon at BerKM on December 18 for Bergama Theatre Festival “Winter Meetings No: 1"!</span></p>
</div></section></div>
