{"id":2898,"date":"2022-05-15T21:28:51","date_gmt":"2022-05-15T18:28:51","guid":{"rendered":"https:\/\/bergamatiyatrofestivali.com\/?page_id=2898"},"modified":"2022-05-29T20:44:42","modified_gmt":"2022-05-29T17:44:42","slug":"herhangi-bir-kucuk-ve-sakin-sey","status":"publish","type":"page","link":"https:\/\/bergamatiyatrofestivali.com\/en\/herhangi-bir-kucuk-ve-sakin-sey\/","title":{"rendered":"Herhangi Bir K\u00fc\u00e7\u00fck ve Sakin \u015eey"},"content":{"rendered":"<div class='flex_column av-734qdu-e19b917cc702a4579db2920b4a571854 av_one_half  avia-builder-el-0  el_before_av_one_half  avia-builder-el-first  first flex_column_div'   ><p>\n<style type=\"text\/css\" data-created_by=\"avia_inline_auto\" id=\"style-css-av-5wp63m-08dc8563c87400cc4763c5284f0fae77\">\n.avia-image-container.av-5wp63m-08dc8563c87400cc4763c5284f0fae77 .av-image-caption-overlay-center{\ncolor:#ffffff;\n}\n<\/style>\n<div  class='avia-image-container av-5wp63m-08dc8563c87400cc4763c5284f0fae77 av-styling- avia-align-center  avia-builder-el-1  el_before_av_textblock  avia-builder-el-first'  itemprop=\"image\" itemscope=\"itemscope\" itemtype=\"https:\/\/schema.org\/ImageObject\" ><div class=\"avia-image-container-inner\"><div class=\"avia-image-overlay-wrap\"><img decoding=\"async\" class='wp-image-2972 avia-img-lazy-loading-not-2972 avia_image' src=\"https:\/\/bergamatiyatrofestivali.com\/wp-content\/uploads\/2022\/05\/1080x1080px-25.jpg\" alt='' title=''  height=\"1080\" width=\"1080\"  itemprop=\"thumbnailUrl\" srcset=\"https:\/\/bergamatiyatrofestivali.com\/wp-content\/uploads\/2022\/05\/1080x1080px-25.jpg 1080w, https:\/\/bergamatiyatrofestivali.com\/wp-content\/uploads\/2022\/05\/1080x1080px-25-300x300.jpg 300w, https:\/\/bergamatiyatrofestivali.com\/wp-content\/uploads\/2022\/05\/1080x1080px-25-1030x1030.jpg 1030w, https:\/\/bergamatiyatrofestivali.com\/wp-content\/uploads\/2022\/05\/1080x1080px-25-80x80.jpg 80w, https:\/\/bergamatiyatrofestivali.com\/wp-content\/uploads\/2022\/05\/1080x1080px-25-768x768.jpg 768w, https:\/\/bergamatiyatrofestivali.com\/wp-content\/uploads\/2022\/05\/1080x1080px-25-12x12.jpg 12w, https:\/\/bergamatiyatrofestivali.com\/wp-content\/uploads\/2022\/05\/1080x1080px-25-36x36.jpg 36w, https:\/\/bergamatiyatrofestivali.com\/wp-content\/uploads\/2022\/05\/1080x1080px-25-180x180.jpg 180w, https:\/\/bergamatiyatrofestivali.com\/wp-content\/uploads\/2022\/05\/1080x1080px-25-705x705.jpg 705w\" sizes=\"(max-width: 1080px) 100vw, 1080px\" \/><\/div><\/div><\/div><br \/>\n<section class=\"av_textblock_section\"  itemscope=\"itemscope\" itemtype=\"https:\/\/schema.org\/CreativeWork\" ><div class='avia_textblock  av_inherit_color'  style='color:#1d1d1b; '  itemprop=\"text\" ><h2><strong>Herhangi Bir K\u00fc\u00e7\u00fck ve Sakin \u015eey &#8211; Toplumsal Cinsiyet E\u015fitli\u011fi At\u00f6lyesi<\/strong><\/h2>\n<h3><strong><em>Any Little and Calm Thing &#8211; Gender Equality Workshop<\/em><\/strong><\/h3>\n<h3><span style=\"font-weight: 400;\">G\u00fcnseli Baki (Sar\u0131 Denizalt\u0131 \u0130nisiyatifi)<\/span><\/h3>\n<h4><span style=\"font-weight: 400;\">5 Haziran-June Pazar-Sunday, 13:00<\/span><\/h4>\n<h5><span style=\"font-weight: 400;\">Tonoz\u00a0<\/span><\/h5>\n<p><span style=\"font-weight: 400;\">*Odeabank&#8217;\u0131n katk\u0131lar\u0131yla haz\u0131rlanan &#8221;E\u015fit Ya\u015fam E\u015fit Sahne&#8221; temas\u0131 kapsam\u0131nda ger\u00e7ekle\u015fmektedir.\u00a0<\/span><\/p>\n<p><i><span style=\"font-weight: 400;\">*The event takes place within the scope of the &#8220;Equal Life, Equal Stage&#8221; theme, prepared with the contributions of Odeabank.<\/span><\/i><\/p>\n<\/div><\/section><\/p><\/div><div class='flex_column av-3k1bvm-fc7014b131c5d2e957fe3eeeda973b0f av_one_half  avia-builder-el-3  el_after_av_one_half  avia-builder-el-last  flex_column_div'   ><p><section class=\"av_textblock_section\"  itemscope=\"itemscope\" itemtype=\"https:\/\/schema.org\/CreativeWork\" ><div class='avia_textblock  av_inherit_color'  style='color:#1d1d1b; '  itemprop=\"text\" ><p><span style=\"font-weight: 400;\">At\u00f6lye, cinsiyet farkl\u0131l\u0131klar\u0131ndan kaynaklanan ve e\u015fitsiz g\u00fc\u00e7 ili\u015fkisine yol a\u00e7an yap\u0131lar\u0131n nas\u0131l de\u011fi\u015ftirilece\u011fini tart\u0131\u015fan toplumsal cinsiyet e\u015fitli\u011finin temel kavramlar\u0131ndan ba\u015flayarak,\u00a0 g\u00fcndelik hayat\u0131m\u0131zda kulland\u0131\u011f\u0131m\u0131z dilden, birbirimizle kurdu\u011fumuz ili\u015fkilerden, okudu\u011fumuz haberlere, izledi\u011fimiz reklamlara kadar toplumsal alg\u0131y\u0131 y\u00f6nlendiren ve e\u015fitsizli\u011fi yeniden \u00fcreten s\u00fcre\u00e7lerin fark\u0131ndal\u0131\u011f\u0131n\u0131 ama\u00e7lar. Geleneklerle e\u015fitsizli\u011fi yeniden \u00fcreten k\u00fclt\u00fcr sanat aktiviteleri ile sanat ve k\u00fclt\u00fcr ili\u015fkisini toplumsal cinsiyet e\u015fitli\u011fi \u00e7er\u00e7evesinde ele al\u0131r. K\u00fclt\u00fcrel kodlar\u0131n bozulumunda sahne sanatlar\u0131n\u0131n ve feminist sanat \u00fcretimlerinin \u00f6nemine de\u011finir. Ki\u015fisel hayatlar\u0131m\u0131zdaki k\u00fc\u00e7\u00fck ve sakin bir de\u011fi\u015fimin, b\u00fcy\u00fck etkileri \u00fczerine kat\u0131l\u0131mc\u0131larla birlikte tart\u0131\u015f\u0131r.<\/span><\/p>\n<p><span style=\"font-weight: 400;\">&#8211;<\/span><\/p>\n<p><span style=\"font-weight: 400;\">The workshop aims to raise awareness of the processes that direct social perception and reproduce inequality, from the language we use in our daily life, the relationships we establish with each other, to the news we read and the advertisements we watch. It also discusses the basic concepts of gender equality and how to change the social structures that result in gender differences and lead to unequal power relations. It deals with cultural and art activities that reproduce inequality with traditions and the relationship between art and culture within the framework of gender equality. It touches on the importance of the performing arts and feminist art productions in the transformation of cultural codes. It discusses with the participants the big effects of a small and calm change in our personal lives.<\/span><\/p>\n<\/div><\/section><br \/>\n\n<style type=\"text\/css\" data-created_by=\"avia_inline_auto\" id=\"style-css-av-1yv2nm-67d3ae98fdf8baea062151f5223093f2\">\n#top .hr.hr-invisible.av-1yv2nm-67d3ae98fdf8baea062151f5223093f2{\nheight:20px;\n}\n<\/style>\n<div  class='hr av-1yv2nm-67d3ae98fdf8baea062151f5223093f2 hr-invisible  avia-builder-el-5  el_after_av_textblock  el_before_av_textblock'><span class='hr-inner'><span class=\"hr-inner-style\"><\/span><\/span><\/div><br \/>\n<section class=\"av_textblock_section\"  itemscope=\"itemscope\" itemtype=\"https:\/\/schema.org\/CreativeWork\" ><div class='avia_textblock  av_inherit_color'  style='color:#1d1d1b; '  itemprop=\"text\" ><p><b>At\u00f6lye S\u00fcresi \/ Workshop Duration: <\/b><span style=\"font-weight: 400;\">90\u2019<\/span><\/p>\n<p><b>Ya\u015f \/ Age: <\/b><span style=\"font-weight: 400;\">+16\u00a0<\/span><\/p>\n<\/div><\/section><\/p><\/div><\/p>","protected":false},"excerpt":{"rendered":"","protected":false},"author":2,"featured_media":0,"parent":0,"menu_order":0,"comment_status":"closed","ping_status":"closed","template":"","meta":{"footnotes":""},"class_list":["post-2898","page","type-page","status-publish","hentry"],"_links":{"self":[{"href":"https:\/\/bergamatiyatrofestivali.com\/en\/wp-json\/wp\/v2\/pages\/2898","targetHints":{"allow":["GET"]}}],"collection":[{"href":"https:\/\/bergamatiyatrofestivali.com\/en\/wp-json\/wp\/v2\/pages"}],"about":[{"href":"https:\/\/bergamatiyatrofestivali.com\/en\/wp-json\/wp\/v2\/types\/page"}],"author":[{"embeddable":true,"href":"https:\/\/bergamatiyatrofestivali.com\/en\/wp-json\/wp\/v2\/users\/2"}],"replies":[{"embeddable":true,"href":"https:\/\/bergamatiyatrofestivali.com\/en\/wp-json\/wp\/v2\/comments?post=2898"}],"version-history":[{"count":3,"href":"https:\/\/bergamatiyatrofestivali.com\/en\/wp-json\/wp\/v2\/pages\/2898\/revisions"}],"predecessor-version":[{"id":3232,"href":"https:\/\/bergamatiyatrofestivali.com\/en\/wp-json\/wp\/v2\/pages\/2898\/revisions\/3232"}],"wp:attachment":[{"href":"https:\/\/bergamatiyatrofestivali.com\/en\/wp-json\/wp\/v2\/media?parent=2898"}],"curies":[{"name":"wp","href":"https:\/\/api.w.org\/{rel}","templated":true}]}}

Herhangi Bir Küçük ve Sakin Şey

<div class='flex_column av-734qdu-e19b917cc702a4579db2920b4a571854 av_one_half  avia-builder-el-0  el_before_av_one_half  avia-builder-el-first  first flex_column_div'   ><p>
<style type="text/css" data-created_by="avia_inline_auto" id="style-css-av-5wp63m-08dc8563c87400cc4763c5284f0fae77">
.avia-image-container.av-5wp63m-08dc8563c87400cc4763c5284f0fae77 .av-image-caption-overlay-center{
color:#ffffff;
}
</style>
<div  class='avia-image-container av-5wp63m-08dc8563c87400cc4763c5284f0fae77 av-styling- avia-align-center  avia-builder-el-1  el_before_av_textblock  avia-builder-el-first'  itemprop="image" itemscope="itemscope" itemtype="https://schema.org/ImageObject" ><div class="avia-image-container-inner"><div class="avia-image-overlay-wrap"><img decoding="async" class='wp-image-2972 avia-img-lazy-loading-not-2972 avia_image' src="https://bergamatiyatrofestivali.com/wp-content/uploads/2022/05/1080x1080px-25.jpg" alt='' title=''  height="1080" width="1080"  itemprop="thumbnailUrl" srcset="https://bergamatiyatrofestivali.com/wp-content/uploads/2022/05/1080x1080px-25.jpg 1080w, https://bergamatiyatrofestivali.com/wp-content/uploads/2022/05/1080x1080px-25-300x300.jpg 300w, https://bergamatiyatrofestivali.com/wp-content/uploads/2022/05/1080x1080px-25-1030x1030.jpg 1030w, https://bergamatiyatrofestivali.com/wp-content/uploads/2022/05/1080x1080px-25-80x80.jpg 80w, https://bergamatiyatrofestivali.com/wp-content/uploads/2022/05/1080x1080px-25-768x768.jpg 768w, https://bergamatiyatrofestivali.com/wp-content/uploads/2022/05/1080x1080px-25-12x12.jpg 12w, https://bergamatiyatrofestivali.com/wp-content/uploads/2022/05/1080x1080px-25-36x36.jpg 36w, https://bergamatiyatrofestivali.com/wp-content/uploads/2022/05/1080x1080px-25-180x180.jpg 180w, https://bergamatiyatrofestivali.com/wp-content/uploads/2022/05/1080x1080px-25-705x705.jpg 705w" sizes="(max-width: 1080px) 100vw, 1080px" /></div></div></div><br />
<section class="av_textblock_section"  itemscope="itemscope" itemtype="https://schema.org/CreativeWork" ><div class='avia_textblock  av_inherit_color'  style='color:#1d1d1b; '  itemprop="text" ><h2><strong>Herhangi Bir Küçük ve Sakin Şey &#8211; Toplumsal Cinsiyet Eşitliği Atölyesi</strong></h2>
<h3><strong><em>Any Little and Calm Thing &#8211; Gender Equality Workshop</em></strong></h3>
<h3><span style="font-weight: 400;">Günseli Baki (Sarı Denizaltı İnisiyatifi)</span></h3>
<h4><span style="font-weight: 400;">5 Haziran-June Pazar-Sunday, 13:00</span></h4>
<h5><span style="font-weight: 400;">Tonoz </span></h5>
<p><span style="font-weight: 400;">*Odeabank&#8217;ın katkılarıyla hazırlanan &#8221;Eşit Yaşam Eşit Sahne&#8221; teması kapsamında gerçekleşmektedir. </span></p>
<p><i><span style="font-weight: 400;">*The event takes place within the scope of the &#8220;Equal Life, Equal Stage&#8221; theme, prepared with the contributions of Odeabank.</span></i></p>
</div></section></p></div><div class='flex_column av-3k1bvm-fc7014b131c5d2e957fe3eeeda973b0f av_one_half  avia-builder-el-3  el_after_av_one_half  avia-builder-el-last  flex_column_div'   ><p><section class="av_textblock_section"  itemscope="itemscope" itemtype="https://schema.org/CreativeWork" ><div class='avia_textblock  av_inherit_color'  style='color:#1d1d1b; '  itemprop="text" ><p><span style="font-weight: 400;">Atölye, cinsiyet farklılıklarından kaynaklanan ve eşitsiz güç ilişkisine yol açan yapıların nasıl değiştirileceğini tartışan toplumsal cinsiyet eşitliğinin temel kavramlarından başlayarak,  gündelik hayatımızda kullandığımız dilden, birbirimizle kurduğumuz ilişkilerden, okuduğumuz haberlere, izlediğimiz reklamlara kadar toplumsal algıyı yönlendiren ve eşitsizliği yeniden üreten süreçlerin farkındalığını amaçlar. Geleneklerle eşitsizliği yeniden üreten kültür sanat aktiviteleri ile sanat ve kültür ilişkisini toplumsal cinsiyet eşitliği çerçevesinde ele alır. Kültürel kodların bozulumunda sahne sanatlarının ve feminist sanat üretimlerinin önemine değinir. Kişisel hayatlarımızdaki küçük ve sakin bir değişimin, büyük etkileri üzerine katılımcılarla birlikte tartışır.</span></p>
<p><span style="font-weight: 400;">&#8211;</span></p>
<p><span style="font-weight: 400;">The workshop aims to raise awareness of the processes that direct social perception and reproduce inequality, from the language we use in our daily life, the relationships we establish with each other, to the news we read and the advertisements we watch. It also discusses the basic concepts of gender equality and how to change the social structures that result in gender differences and lead to unequal power relations. It deals with cultural and art activities that reproduce inequality with traditions and the relationship between art and culture within the framework of gender equality. It touches on the importance of the performing arts and feminist art productions in the transformation of cultural codes. It discusses with the participants the big effects of a small and calm change in our personal lives.</span></p>
</div></section><br />

<style type="text/css" data-created_by="avia_inline_auto" id="style-css-av-1yv2nm-67d3ae98fdf8baea062151f5223093f2">
#top .hr.hr-invisible.av-1yv2nm-67d3ae98fdf8baea062151f5223093f2{
height:20px;
}
</style>
<div  class='hr av-1yv2nm-67d3ae98fdf8baea062151f5223093f2 hr-invisible  avia-builder-el-5  el_after_av_textblock  el_before_av_textblock'><span class='hr-inner'><span class="hr-inner-style"></span></span></div><br />
<section class="av_textblock_section"  itemscope="itemscope" itemtype="https://schema.org/CreativeWork" ><div class='avia_textblock  av_inherit_color'  style='color:#1d1d1b; '  itemprop="text" ><p><b>Atölye Süresi / Workshop Duration: </b><span style="font-weight: 400;">90’</span></p>
<p><b>Yaş / Age: </b><span style="font-weight: 400;">+16 </span></p>
</div></section></p></div></p>
