{"id":2895,"date":"2022-05-15T21:22:08","date_gmt":"2022-05-15T18:22:08","guid":{"rendered":"https:\/\/bergamatiyatrofestivali.com\/?page_id=2895"},"modified":"2022-05-31T15:32:00","modified_gmt":"2022-05-31T12:32:00","slug":"suregen-esiksellik","status":"publish","type":"page","link":"https:\/\/bergamatiyatrofestivali.com\/en\/suregen-esiksellik\/","title":{"rendered":"S\u00fcre\u011fen E\u015fiksellik"},"content":{"rendered":"<div class='flex_column av-6aqs9b-8e41dbce07c1770a6611d6c74d6f4dfb av_one_half  avia-builder-el-0  el_before_av_one_half  avia-builder-el-first  first flex_column_div'   ><p>\n<style type=\"text\/css\" data-created_by=\"avia_inline_auto\" id=\"style-css-av-4pw3pb-3468d7b71a95f590aa1fefc87612554f\">\n.avia-image-container.av-4pw3pb-3468d7b71a95f590aa1fefc87612554f .av-image-caption-overlay-center{\ncolor:#ffffff;\n}\n<\/style>\n<div  class='avia-image-container av-4pw3pb-3468d7b71a95f590aa1fefc87612554f av-styling- avia-align-center  avia-builder-el-1  el_before_av_textblock  avia-builder-el-first'  itemprop=\"image\" itemscope=\"itemscope\" itemtype=\"https:\/\/schema.org\/ImageObject\" ><div class=\"avia-image-container-inner\"><div class=\"avia-image-overlay-wrap\"><img decoding=\"async\" class='wp-image-3414 avia-img-lazy-loading-not-3414 avia_image' src=\"https:\/\/bergamatiyatrofestivali.com\/wp-content\/uploads\/2022\/05\/suregen-esiksellik-post.png\" alt='' title='s\u00fcre\u011fen e\u015fiksellik-post'  height=\"1080\" width=\"1080\"  itemprop=\"thumbnailUrl\" srcset=\"https:\/\/bergamatiyatrofestivali.com\/wp-content\/uploads\/2022\/05\/suregen-esiksellik-post.png 1080w, https:\/\/bergamatiyatrofestivali.com\/wp-content\/uploads\/2022\/05\/suregen-esiksellik-post-300x300.png 300w, https:\/\/bergamatiyatrofestivali.com\/wp-content\/uploads\/2022\/05\/suregen-esiksellik-post-1030x1030.png 1030w, https:\/\/bergamatiyatrofestivali.com\/wp-content\/uploads\/2022\/05\/suregen-esiksellik-post-80x80.png 80w, https:\/\/bergamatiyatrofestivali.com\/wp-content\/uploads\/2022\/05\/suregen-esiksellik-post-768x768.png 768w, https:\/\/bergamatiyatrofestivali.com\/wp-content\/uploads\/2022\/05\/suregen-esiksellik-post-12x12.png 12w, https:\/\/bergamatiyatrofestivali.com\/wp-content\/uploads\/2022\/05\/suregen-esiksellik-post-36x36.png 36w, https:\/\/bergamatiyatrofestivali.com\/wp-content\/uploads\/2022\/05\/suregen-esiksellik-post-180x180.png 180w, https:\/\/bergamatiyatrofestivali.com\/wp-content\/uploads\/2022\/05\/suregen-esiksellik-post-705x705.png 705w\" sizes=\"(max-width: 1080px) 100vw, 1080px\" \/><\/div><\/div><\/div><br \/>\n<section class=\"av_textblock_section\"  itemscope=\"itemscope\" itemtype=\"https:\/\/schema.org\/CreativeWork\" ><div class='avia_textblock  av_inherit_color'  style='color:#1d1d1b; '  itemprop=\"text\" ><h2><strong>S\u00fcre\u011fen E\u015fiksellik: Sanatsal ve Y\u00f6netimsel \u0130ki D\u00fcnya Aras\u0131nda Kalm\u0131\u015fl\u0131k<\/strong><\/h2>\n<h3><strong><em>Chronic Liminality : Caught Between The\u00a0 Artistic and Administrative Worlds<\/em><\/strong><\/h3>\n<h4><strong>Moderat\u00f6r &#8211; Moderator<\/strong><\/h4>\n<ul>\n<li>\n<h4><span style=\"font-weight: 400;\">\u015eafak Ers\u00f6zl\u00fc (Sanat\u00e7\u0131, Sanat Y\u00f6neticisi)<\/span><\/h4>\n<\/li>\n<\/ul>\n<h4><strong>Konu\u015fmac\u0131lar &#8211; Speakers<\/strong><\/h4>\n<ul>\n<li>\n<h4><span style=\"font-weight: 400;\">Fatih Gen\u00e7kal (Sanat\u00e7\u0131, Sanat Y\u00f6neticisi)<\/span><\/h4>\n<\/li>\n<li>\n<h4><span style=\"font-weight: 400;\">Metehan Kayan (Sanat\u00e7\u0131, E\u011fitimci)<\/span><\/h4>\n<\/li>\n<li>\n<h4><span style=\"font-weight: 400;\">Sarp Keskiner (Sanat\u00e7\u0131, Sanat Y\u00f6neticisi)<\/span><\/h4>\n<\/li>\n<\/ul>\n<h4><span style=\"font-weight: 400;\">5 Haziran &#8211; June \/ Pazar &#8211; Sunday, 13:00<\/span><\/h4>\n<h5><span style=\"font-weight: 400;\">Yabets Sinagogu &#8211;\u00a0<\/span><span style=\"font-weight: 400;\">Yabets Synagogue\u00a0<\/span><\/h5>\n<p><span style=\"font-weight: 400;\">\u00dccretsiz Etkinlik. This event is free.<\/span><\/p>\n<\/div><\/section><\/p><\/div><div class='flex_column av-2q084f-36803b590f51ee06834aa9544e6febbc av_one_half  avia-builder-el-3  el_after_av_one_half  avia-builder-el-last  flex_column_div'   ><p><section class=\"av_textblock_section\"  itemscope=\"itemscope\" itemtype=\"https:\/\/schema.org\/CreativeWork\" ><div class='avia_textblock  av_inherit_color'  style='color:#1d1d1b; '  itemprop=\"text\" ><p><span style=\"font-weight: 400;\">A\u00e7\u0131k St\u00fcdyo inisiyatifi ad\u0131na K\u00fclt\u00fcr i\u00e7in Alan i\u015fbirli\u011fiyle \u015eafak Ers\u00f6zl\u00fc, Fatih Gen\u00e7kal, Sarp Keskiner ve Metehan Kayan taraf\u0131ndan 2022&#8217;de ba\u015flat\u0131lan performatif ara\u015ft\u0131rma projesi S\u00fcre\u011fen E\u015fiksellik; k\u00fclt\u00fcr sanat alan\u0131nda tart\u0131\u015f\u0131lmaya muhta\u00e7 g\u00fcvencesizlik, yarat\u0131c\u0131 y\u00f6neticilik ve idari y\u00f6netim \u00e7eli\u015fkisi, sivil toplum ile k\u00fclt\u00fcr y\u00f6netimi ili\u015fkisi, yeni ifade ve \u00f6rg\u00fctlenme bi\u00e7imleri, ba\u011f\u0131ms\u0131zl\u0131k ve kar\u015f\u0131l\u0131kl\u0131 ba\u011f\u0131ml\u0131l\u0131k gibi konular\u0131 sanat\u00e7\u0131lar\u0131n ki\u015fisel deneyim ve \u00f6znel bak\u0131\u015f a\u00e7\u0131lar\u0131 \u00fczerinden ele al\u0131yor.<\/span><\/p>\n<p><span style=\"font-weight: 400;\">&#8211;<\/span><\/p>\n<p><span style=\"font-weight: 400;\">In collaboration with Spaces of Culture, on behalf of the Acik Studyo Initiative; Chronic Liminality: Caught Between The Artistic and Administrative Worlds is a performative research project initiated by \u015eafak Ers\u00f6zl\u00fc, Fatih Gen\u00e7kal, Sarp Keskiner and Metehan Kayan in 2022. It deals with issues that need to be discussed in the field of culture and arts; such as precarity, the conflict between creative management and administrative management, the relationship between civil society and cultural management, new forms of expression and organization, independence and interdependence, through the personal experiences and subjective perspectives of the artists.<\/span><\/p>\n<h2><\/h2>\n<\/div><\/section><br \/>\n\n<style type=\"text\/css\" data-created_by=\"avia_inline_auto\" id=\"style-css-av-l37mhf9j-cb2486beef0adeb98626163be0dbee20\">\n#top .hr.hr-invisible.av-l37mhf9j-cb2486beef0adeb98626163be0dbee20{\nheight:20px;\n}\n<\/style>\n<div  class='hr av-l37mhf9j-cb2486beef0adeb98626163be0dbee20 hr-invisible  avia-builder-el-5  el_after_av_textblock  el_before_av_textblock'><span class='hr-inner'><span class=\"hr-inner-style\"><\/span><\/span><\/div><br \/>\n<section class=\"av_textblock_section\"  itemscope=\"itemscope\" itemtype=\"https:\/\/schema.org\/CreativeWork\" ><div class='avia_textblock  av_inherit_color'  style='color:#1d1d1b; '  itemprop=\"text\" ><p><b>Etkinlik S\u00fcresi \/ Talk Duration: <\/b><span style=\"font-weight: 400;\">60\u2019<\/span><\/p>\n<p><b>Kat\u0131l\u0131mc\u0131 Say\u0131s\u0131 \/ Number of Participants:<\/b><span style=\"font-weight: 400;\"> 50<\/span><\/p>\n<p><b>Ya\u015f \/ Age: <\/b><span style=\"font-weight: 400;\">+16<\/span><\/p>\n<h2><\/h2>\n<\/div><\/section><\/p><\/div><\/p>","protected":false},"excerpt":{"rendered":"","protected":false},"author":2,"featured_media":0,"parent":0,"menu_order":0,"comment_status":"closed","ping_status":"closed","template":"","meta":{"footnotes":""},"class_list":["post-2895","page","type-page","status-publish","hentry"],"_links":{"self":[{"href":"https:\/\/bergamatiyatrofestivali.com\/en\/wp-json\/wp\/v2\/pages\/2895","targetHints":{"allow":["GET"]}}],"collection":[{"href":"https:\/\/bergamatiyatrofestivali.com\/en\/wp-json\/wp\/v2\/pages"}],"about":[{"href":"https:\/\/bergamatiyatrofestivali.com\/en\/wp-json\/wp\/v2\/types\/page"}],"author":[{"embeddable":true,"href":"https:\/\/bergamatiyatrofestivali.com\/en\/wp-json\/wp\/v2\/users\/2"}],"replies":[{"embeddable":true,"href":"https:\/\/bergamatiyatrofestivali.com\/en\/wp-json\/wp\/v2\/comments?post=2895"}],"version-history":[{"count":7,"href":"https:\/\/bergamatiyatrofestivali.com\/en\/wp-json\/wp\/v2\/pages\/2895\/revisions"}],"predecessor-version":[{"id":3430,"href":"https:\/\/bergamatiyatrofestivali.com\/en\/wp-json\/wp\/v2\/pages\/2895\/revisions\/3430"}],"wp:attachment":[{"href":"https:\/\/bergamatiyatrofestivali.com\/en\/wp-json\/wp\/v2\/media?parent=2895"}],"curies":[{"name":"wp","href":"https:\/\/api.w.org\/{rel}","templated":true}]}}

Süreğen Eşiksellik

<div class='flex_column av-6aqs9b-8e41dbce07c1770a6611d6c74d6f4dfb av_one_half  avia-builder-el-0  el_before_av_one_half  avia-builder-el-first  first flex_column_div'   ><p>
<style type="text/css" data-created_by="avia_inline_auto" id="style-css-av-4pw3pb-3468d7b71a95f590aa1fefc87612554f">
.avia-image-container.av-4pw3pb-3468d7b71a95f590aa1fefc87612554f .av-image-caption-overlay-center{
color:#ffffff;
}
</style>
<div  class='avia-image-container av-4pw3pb-3468d7b71a95f590aa1fefc87612554f av-styling- avia-align-center  avia-builder-el-1  el_before_av_textblock  avia-builder-el-first'  itemprop="image" itemscope="itemscope" itemtype="https://schema.org/ImageObject" ><div class="avia-image-container-inner"><div class="avia-image-overlay-wrap"><img decoding="async" class='wp-image-3414 avia-img-lazy-loading-not-3414 avia_image' src="https://bergamatiyatrofestivali.com/wp-content/uploads/2022/05/suregen-esiksellik-post.png" alt='' title='süreğen eşiksellik-post'  height="1080" width="1080"  itemprop="thumbnailUrl" srcset="https://bergamatiyatrofestivali.com/wp-content/uploads/2022/05/suregen-esiksellik-post.png 1080w, https://bergamatiyatrofestivali.com/wp-content/uploads/2022/05/suregen-esiksellik-post-300x300.png 300w, https://bergamatiyatrofestivali.com/wp-content/uploads/2022/05/suregen-esiksellik-post-1030x1030.png 1030w, https://bergamatiyatrofestivali.com/wp-content/uploads/2022/05/suregen-esiksellik-post-80x80.png 80w, https://bergamatiyatrofestivali.com/wp-content/uploads/2022/05/suregen-esiksellik-post-768x768.png 768w, https://bergamatiyatrofestivali.com/wp-content/uploads/2022/05/suregen-esiksellik-post-12x12.png 12w, https://bergamatiyatrofestivali.com/wp-content/uploads/2022/05/suregen-esiksellik-post-36x36.png 36w, https://bergamatiyatrofestivali.com/wp-content/uploads/2022/05/suregen-esiksellik-post-180x180.png 180w, https://bergamatiyatrofestivali.com/wp-content/uploads/2022/05/suregen-esiksellik-post-705x705.png 705w" sizes="(max-width: 1080px) 100vw, 1080px" /></div></div></div><br />
<section class="av_textblock_section"  itemscope="itemscope" itemtype="https://schema.org/CreativeWork" ><div class='avia_textblock  av_inherit_color'  style='color:#1d1d1b; '  itemprop="text" ><h2><strong>Süreğen Eşiksellik: Sanatsal ve Yönetimsel İki Dünya Arasında Kalmışlık</strong></h2>
<h3><strong><em>Chronic Liminality : Caught Between The  Artistic and Administrative Worlds</em></strong></h3>
<h4><strong>Moderatör &#8211; Moderator</strong></h4>
<ul>
<li>
<h4><span style="font-weight: 400;">Şafak Ersözlü (Sanatçı, Sanat Yöneticisi)</span></h4>
</li>
</ul>
<h4><strong>Konuşmacılar &#8211; Speakers</strong></h4>
<ul>
<li>
<h4><span style="font-weight: 400;">Fatih Gençkal (Sanatçı, Sanat Yöneticisi)</span></h4>
</li>
<li>
<h4><span style="font-weight: 400;">Metehan Kayan (Sanatçı, Eğitimci)</span></h4>
</li>
<li>
<h4><span style="font-weight: 400;">Sarp Keskiner (Sanatçı, Sanat Yöneticisi)</span></h4>
</li>
</ul>
<h4><span style="font-weight: 400;">5 Haziran &#8211; June / Pazar &#8211; Sunday, 13:00</span></h4>
<h5><span style="font-weight: 400;">Yabets Sinagogu &#8211; </span><span style="font-weight: 400;">Yabets Synagogue </span></h5>
<p><span style="font-weight: 400;">Ücretsiz Etkinlik. This event is free.</span></p>
</div></section></p></div><div class='flex_column av-2q084f-36803b590f51ee06834aa9544e6febbc av_one_half  avia-builder-el-3  el_after_av_one_half  avia-builder-el-last  flex_column_div'   ><p><section class="av_textblock_section"  itemscope="itemscope" itemtype="https://schema.org/CreativeWork" ><div class='avia_textblock  av_inherit_color'  style='color:#1d1d1b; '  itemprop="text" ><p><span style="font-weight: 400;">Açık Stüdyo inisiyatifi adına Kültür için Alan işbirliğiyle Şafak Ersözlü, Fatih Gençkal, Sarp Keskiner ve Metehan Kayan tarafından 2022&#8217;de başlatılan performatif araştırma projesi Süreğen Eşiksellik; kültür sanat alanında tartışılmaya muhtaç güvencesizlik, yaratıcı yöneticilik ve idari yönetim çelişkisi, sivil toplum ile kültür yönetimi ilişkisi, yeni ifade ve örgütlenme biçimleri, bağımsızlık ve karşılıklı bağımlılık gibi konuları sanatçıların kişisel deneyim ve öznel bakış açıları üzerinden ele alıyor.</span></p>
<p><span style="font-weight: 400;">&#8211;</span></p>
<p><span style="font-weight: 400;">In collaboration with Spaces of Culture, on behalf of the Acik Studyo Initiative; Chronic Liminality: Caught Between The Artistic and Administrative Worlds is a performative research project initiated by Şafak Ersözlü, Fatih Gençkal, Sarp Keskiner and Metehan Kayan in 2022. It deals with issues that need to be discussed in the field of culture and arts; such as precarity, the conflict between creative management and administrative management, the relationship between civil society and cultural management, new forms of expression and organization, independence and interdependence, through the personal experiences and subjective perspectives of the artists.</span></p>
<h2></h2>
</div></section><br />

<style type="text/css" data-created_by="avia_inline_auto" id="style-css-av-l37mhf9j-cb2486beef0adeb98626163be0dbee20">
#top .hr.hr-invisible.av-l37mhf9j-cb2486beef0adeb98626163be0dbee20{
height:20px;
}
</style>
<div  class='hr av-l37mhf9j-cb2486beef0adeb98626163be0dbee20 hr-invisible  avia-builder-el-5  el_after_av_textblock  el_before_av_textblock'><span class='hr-inner'><span class="hr-inner-style"></span></span></div><br />
<section class="av_textblock_section"  itemscope="itemscope" itemtype="https://schema.org/CreativeWork" ><div class='avia_textblock  av_inherit_color'  style='color:#1d1d1b; '  itemprop="text" ><p><b>Etkinlik Süresi / Talk Duration: </b><span style="font-weight: 400;">60’</span></p>
<p><b>Katılımcı Sayısı / Number of Participants:</b><span style="font-weight: 400;"> 50</span></p>
<p><b>Yaş / Age: </b><span style="font-weight: 400;">+16</span></p>
<h2></h2>
</div></section></p></div></p>
