{"id":2867,"date":"2022-05-15T19:37:43","date_gmt":"2022-05-15T16:37:43","guid":{"rendered":"https:\/\/bergamatiyatrofestivali.com\/?page_id=2867"},"modified":"2022-05-31T15:21:22","modified_gmt":"2022-05-31T12:21:22","slug":"calgici-gulali-masali","status":"publish","type":"page","link":"https:\/\/bergamatiyatrofestivali.com\/en\/calgici-gulali-masali\/","title":{"rendered":"The Tale of The Instrumentalist G\u00fclali"},"content":{"rendered":"<div class='flex_column av-71bseb-2828f983064f05a095cc7673cf77c5eb av_one_half  avia-builder-el-0  el_before_av_one_half  avia-builder-el-first  first flex_column_div'   ><p>\n<style type=\"text\/css\" data-created_by=\"avia_inline_auto\" id=\"style-css-av-64o5v7-81b59498502afcaecc7ae66b822d3ca7\">\n.avia-image-container.av-64o5v7-81b59498502afcaecc7ae66b822d3ca7 .av-image-caption-overlay-center{\ncolor:#ffffff;\n}\n<\/style>\n<div  class='avia-image-container av-64o5v7-81b59498502afcaecc7ae66b822d3ca7 av-styling- avia-align-center  avia-builder-el-1  el_before_av_textblock  avia-builder-el-first'  itemprop=\"image\" itemscope=\"itemscope\" itemtype=\"https:\/\/schema.org\/ImageObject\" ><div class=\"avia-image-container-inner\"><div class=\"avia-image-overlay-wrap\"><img decoding=\"async\" class='wp-image-3391 avia-img-lazy-loading-not-3391 avia_image' src=\"https:\/\/bergamatiyatrofestivali.com\/wp-content\/uploads\/2022\/05\/Calgici-Gulali-post.png\" alt='' title='\u00c7alg\u0131c\u0131 G\u00fclali-post'  height=\"1080\" width=\"1080\"  itemprop=\"thumbnailUrl\" srcset=\"https:\/\/bergamatiyatrofestivali.com\/wp-content\/uploads\/2022\/05\/Calgici-Gulali-post.png 1080w, https:\/\/bergamatiyatrofestivali.com\/wp-content\/uploads\/2022\/05\/Calgici-Gulali-post-300x300.png 300w, https:\/\/bergamatiyatrofestivali.com\/wp-content\/uploads\/2022\/05\/Calgici-Gulali-post-1030x1030.png 1030w, https:\/\/bergamatiyatrofestivali.com\/wp-content\/uploads\/2022\/05\/Calgici-Gulali-post-80x80.png 80w, https:\/\/bergamatiyatrofestivali.com\/wp-content\/uploads\/2022\/05\/Calgici-Gulali-post-768x768.png 768w, https:\/\/bergamatiyatrofestivali.com\/wp-content\/uploads\/2022\/05\/Calgici-Gulali-post-12x12.png 12w, https:\/\/bergamatiyatrofestivali.com\/wp-content\/uploads\/2022\/05\/Calgici-Gulali-post-36x36.png 36w, https:\/\/bergamatiyatrofestivali.com\/wp-content\/uploads\/2022\/05\/Calgici-Gulali-post-180x180.png 180w, https:\/\/bergamatiyatrofestivali.com\/wp-content\/uploads\/2022\/05\/Calgici-Gulali-post-705x705.png 705w\" sizes=\"(max-width: 1080px) 100vw, 1080px\" \/><\/div><\/div><\/div><br \/>\n<section class=\"av_textblock_section\"  itemscope=\"itemscope\" itemtype=\"https:\/\/schema.org\/CreativeWork\" ><div class='avia_textblock  av_inherit_color'  style='color:#1d1d1b; '  itemprop=\"text\" ><h2><strong>The Tale of The Instrumentalist G\u00fclali<\/strong><\/h2>\n<h3><em><strong>The Tale of The Instrumentalist G\u00fclali<\/strong><\/em><\/h3>\n<h3><span style=\"font-weight: 400;\">Bo\u015f Sahne<\/span><\/h3>\n<h4><span style=\"font-weight: 400;\">4 Haziran &#8211; June \/ Cumartesi &#8211; Saturday, 17:30<\/span><\/h4>\n<h4><span style=\"font-weight: 400;\">5 Haziran &#8211; June \/ Pazar &#8211; Sunday, 14:00<\/span><\/h4>\n<h5><span style=\"font-weight: 400;\">Arasta \/ <\/span><span style=\"font-weight: 400;\">Ottoman Bazaar<\/span><span style=\"font-weight: 400;\">\u00a0<\/span><\/h5>\n<p><span style=\"font-weight: 400;\">Etkinlik \u00fccretsizdir. This event is free.\u00a0<\/span><\/p>\n<\/div><\/section><\/p><\/div><div class='flex_column av-2j2b6r-2e5e06383c844b27642c7a1ea26ec41c av_one_half  avia-builder-el-3  el_after_av_one_half  avia-builder-el-last  flex_column_div'   ><p><section class=\"av_textblock_section\"  itemscope=\"itemscope\" itemtype=\"https:\/\/schema.org\/CreativeWork\" ><div class='avia_textblock  av_inherit_color'  style='color:#1d1d1b; '  itemprop=\"text\" ><p><span style=\"font-weight: 400;\">Krall\u0131klar\u0131nda \u00f6rnek birer lider olarak yeti\u015fen gen\u00e7 prens ve prenses bir g\u00fcn kara bir duman taraf\u0131ndan ka\u00e7\u0131r\u0131l\u0131r ve ne yap\u0131l\u0131rsa yap\u0131ls\u0131n bulunamazlar. \u00dclke bir a\u00e7maz\u0131n i\u00e7ine s\u00fcr\u00fcklenir. Karma\u015fan\u0131n, kaosun \u00fclkenin d\u00f6rt bir yan\u0131n\u0131 sard\u0131\u011f\u0131 g\u00fcnlerde saraydan yay\u0131lan bir haber b\u00fct\u00fcn halka umut verir. Krali\u00e7enin yeni bir o\u011flu olmu\u015ftur. Halk yeni prensleri \u015ferefine k\u0131rk g\u00fcn k\u0131rk gece d\u00fc\u011f\u00fcn dernek kurar, hep bir a\u011f\u0131zdan hayk\u0131r\u0131r: \u201cYa\u015fas\u0131n gelece\u011fin kral\u0131!\u201d Ama gen\u00e7 prensin y\u00fcre\u011finde ba\u015fka \u015feyler yatmaktad\u0131r&#8230;\u00a0<\/span><\/p>\n<p><span style=\"font-weight: 400;\">\u00c7alg\u0131c\u0131 G\u00fclali tutkular\u0131 ve sorumluluklar\u0131 aras\u0131nda s\u0131k\u0131\u015fm\u0131\u015f, g\u00fc\u00e7l\u00fc olmay\u0131 sorgularken farkl\u0131 bir b\u00fcy\u00fcmenin yolunu arayan bir \u00e7ocu\u011fun hikayesi&#8230; \u201cBu d\u00fcnyada kim kral olmak istemez ki?\u201d<\/span><\/p>\n<p><span style=\"font-weight: 400;\">&#8211;<\/span><\/p>\n<p><span style=\"font-weight: 400;\">Raised as exemplary leaders in their kingdom, the young prince and princess are abducted one day by black smoke and cannot be found no matter what they do. The country is dragged into a dead end.\u00a0<\/span><\/p>\n<p><span style=\"font-weight: 400;\">In the days when turmoil and chaos swept all over the country, news from the palace gives hope to all the people. The Queen gave birth to a son. The people organize merriments for forty days and forty nights in honour of their new prince, shouting in unison: \u201cLong live the future king!\u201d<\/span><\/p>\n<p><span style=\"font-weight: 400;\">But different things lie in the heart of the young prince\u2026<\/span><\/p>\n<p><span style=\"font-weight: 400;\">The Tale of The Instrumentalist G\u00fclali is the story of a boy caught between his passions and responsibilities, searching for a different way of growing up while questioning the notion of being powerful&#8230; \u201cWho in this world wouldn&#8217;t want to be king?\u201d<\/span><\/p>\n<\/div><\/section><br \/>\n\n<style type=\"text\/css\" data-created_by=\"avia_inline_auto\" id=\"style-css-av-l37inifl-5a9cdbec6c765d2d24e2f46d580c5251\">\n#top .hr.hr-invisible.av-l37inifl-5a9cdbec6c765d2d24e2f46d580c5251{\nheight:20px;\n}\n<\/style>\n<div  class='hr av-l37inifl-5a9cdbec6c765d2d24e2f46d580c5251 hr-invisible  avia-builder-el-5  el_after_av_textblock  el_before_av_textblock'><span class='hr-inner'><span class=\"hr-inner-style\"><\/span><\/span><\/div><br \/>\n<section class=\"av_textblock_section\"  itemscope=\"itemscope\" itemtype=\"https:\/\/schema.org\/CreativeWork\" ><div class='avia_textblock  av_inherit_color'  style='color:#1d1d1b; '  itemprop=\"text\" ><p><b>Yazan* &amp; Oynayan \/ Written by* &amp; Cast:<\/b><span style=\"font-weight: 400;\"> Semih Ali Aksoy\u00a0\u00a0<\/span><\/p>\n<p><b>Y\u00f6neten \/ Directed by:<\/b><span style=\"font-weight: 400;\"> Ceren \u00d6zcan\u00a0\u00a0<\/span><\/p>\n<p><b>\u00c7alan &amp; Oynayan \/ Music &amp; Cast: <\/b><span style=\"font-weight: 400;\">Uygar Mando\u00a0\u00a0<\/span><\/p>\n<p><b>Afi\u015f \u00c7izim \/ Poster Illustration<\/b><span style=\"font-weight: 400;\">: Sezgin \u00c7ift\u00e7i\u00a0\u00a0<\/span><\/p>\n<p><b>Afi\u015f Tasar\u0131m\u0131 \/ Poster Design:<\/b><span style=\"font-weight: 400;\"> G\u00fcl Onat \u00a0 \u200b\u00a0\u00a0\u00a0\u00a0\u00a0<\/span><\/p>\n<p><span style=\"font-weight: 400;\">*\u201cPrens Ivan ve \u00c7alg\u0131s\u0131\u201d adl\u0131 Rus halk masal\u0131ndan esinle yaz\u0131lm\u0131\u015ft\u0131r.<\/span><\/p>\n<p><span style=\"font-weight: 400;\">*Inspired by the Russian peoples tale, \u201cPrince Ivan and his Instrument.\u201d<\/span><\/p>\n<p><b>Oyun S\u00fcresi \/ Performance Duration :<\/b><span style=\"font-weight: 400;\"> 90\u2019 2 perde \/ 90\u2019 2 acts\u00a0<\/span><\/p>\n<p><b>Ya\u015f \/ Age : <\/b><span style=\"font-weight: 400;\">+8<\/span><\/p>\n<\/div><\/section><\/p><\/div><\/p>","protected":false},"excerpt":{"rendered":"","protected":false},"author":2,"featured_media":0,"parent":0,"menu_order":0,"comment_status":"closed","ping_status":"closed","template":"","meta":{"footnotes":""},"class_list":["post-2867","page","type-page","status-publish","hentry"],"_links":{"self":[{"href":"https:\/\/bergamatiyatrofestivali.com\/en\/wp-json\/wp\/v2\/pages\/2867","targetHints":{"allow":["GET"]}}],"collection":[{"href":"https:\/\/bergamatiyatrofestivali.com\/en\/wp-json\/wp\/v2\/pages"}],"about":[{"href":"https:\/\/bergamatiyatrofestivali.com\/en\/wp-json\/wp\/v2\/types\/page"}],"author":[{"embeddable":true,"href":"https:\/\/bergamatiyatrofestivali.com\/en\/wp-json\/wp\/v2\/users\/2"}],"replies":[{"embeddable":true,"href":"https:\/\/bergamatiyatrofestivali.com\/en\/wp-json\/wp\/v2\/comments?post=2867"}],"version-history":[{"count":4,"href":"https:\/\/bergamatiyatrofestivali.com\/en\/wp-json\/wp\/v2\/pages\/2867\/revisions"}],"predecessor-version":[{"id":3402,"href":"https:\/\/bergamatiyatrofestivali.com\/en\/wp-json\/wp\/v2\/pages\/2867\/revisions\/3402"}],"wp:attachment":[{"href":"https:\/\/bergamatiyatrofestivali.com\/en\/wp-json\/wp\/v2\/media?parent=2867"}],"curies":[{"name":"wp","href":"https:\/\/api.w.org\/{rel}","templated":true}]}}

The Tale of The Instrumentalist Gülali

<div class='flex_column av-71bseb-2828f983064f05a095cc7673cf77c5eb av_one_half  avia-builder-el-0  el_before_av_one_half  avia-builder-el-first  first flex_column_div'   ><p>
<style type="text/css" data-created_by="avia_inline_auto" id="style-css-av-64o5v7-81b59498502afcaecc7ae66b822d3ca7">
.avia-image-container.av-64o5v7-81b59498502afcaecc7ae66b822d3ca7 .av-image-caption-overlay-center{
color:#ffffff;
}
</style>
<div  class='avia-image-container av-64o5v7-81b59498502afcaecc7ae66b822d3ca7 av-styling- avia-align-center  avia-builder-el-1  el_before_av_textblock  avia-builder-el-first'  itemprop="image" itemscope="itemscope" itemtype="https://schema.org/ImageObject" ><div class="avia-image-container-inner"><div class="avia-image-overlay-wrap"><img decoding="async" class='wp-image-3391 avia-img-lazy-loading-not-3391 avia_image' src="https://bergamatiyatrofestivali.com/wp-content/uploads/2022/05/Calgici-Gulali-post.png" alt='' title='Çalgıcı Gülali-post'  height="1080" width="1080"  itemprop="thumbnailUrl" srcset="https://bergamatiyatrofestivali.com/wp-content/uploads/2022/05/Calgici-Gulali-post.png 1080w, https://bergamatiyatrofestivali.com/wp-content/uploads/2022/05/Calgici-Gulali-post-300x300.png 300w, https://bergamatiyatrofestivali.com/wp-content/uploads/2022/05/Calgici-Gulali-post-1030x1030.png 1030w, https://bergamatiyatrofestivali.com/wp-content/uploads/2022/05/Calgici-Gulali-post-80x80.png 80w, https://bergamatiyatrofestivali.com/wp-content/uploads/2022/05/Calgici-Gulali-post-768x768.png 768w, https://bergamatiyatrofestivali.com/wp-content/uploads/2022/05/Calgici-Gulali-post-12x12.png 12w, https://bergamatiyatrofestivali.com/wp-content/uploads/2022/05/Calgici-Gulali-post-36x36.png 36w, https://bergamatiyatrofestivali.com/wp-content/uploads/2022/05/Calgici-Gulali-post-180x180.png 180w, https://bergamatiyatrofestivali.com/wp-content/uploads/2022/05/Calgici-Gulali-post-705x705.png 705w" sizes="(max-width: 1080px) 100vw, 1080px" /></div></div></div><br />
<section class="av_textblock_section"  itemscope="itemscope" itemtype="https://schema.org/CreativeWork" ><div class='avia_textblock  av_inherit_color'  style='color:#1d1d1b; '  itemprop="text" ><h2><strong>The Tale of The Instrumentalist Gülali</strong></h2>
<h3><em><strong>The Tale of The Instrumentalist Gülali</strong></em></h3>
<h3><span style="font-weight: 400;">Boş Sahne</span></h3>
<h4><span style="font-weight: 400;">4 Haziran &#8211; June / Cumartesi &#8211; Saturday, 17:30</span></h4>
<h4><span style="font-weight: 400;">5 Haziran &#8211; June / Pazar &#8211; Sunday, 14:00</span></h4>
<h5><span style="font-weight: 400;">Arasta / </span><span style="font-weight: 400;">Ottoman Bazaar</span><span style="font-weight: 400;"> </span></h5>
<p><span style="font-weight: 400;">Etkinlik ücretsizdir. This event is free. </span></p>
</div></section></p></div><div class='flex_column av-2j2b6r-2e5e06383c844b27642c7a1ea26ec41c av_one_half  avia-builder-el-3  el_after_av_one_half  avia-builder-el-last  flex_column_div'   ><p><section class="av_textblock_section"  itemscope="itemscope" itemtype="https://schema.org/CreativeWork" ><div class='avia_textblock  av_inherit_color'  style='color:#1d1d1b; '  itemprop="text" ><p><span style="font-weight: 400;">Krallıklarında örnek birer lider olarak yetişen genç prens ve prenses bir gün kara bir duman tarafından kaçırılır ve ne yapılırsa yapılsın bulunamazlar. Ülke bir açmazın içine sürüklenir. Karmaşanın, kaosun ülkenin dört bir yanını sardığı günlerde saraydan yayılan bir haber bütün halka umut verir. Kraliçenin yeni bir oğlu olmuştur. Halk yeni prensleri şerefine kırk gün kırk gece düğün dernek kurar, hep bir ağızdan haykırır: “Yaşasın geleceğin kralı!” Ama genç prensin yüreğinde başka şeyler yatmaktadır&#8230; </span></p>
<p><span style="font-weight: 400;">Çalgıcı Gülali tutkuları ve sorumlulukları arasında sıkışmış, güçlü olmayı sorgularken farklı bir büyümenin yolunu arayan bir çocuğun hikayesi&#8230; “Bu dünyada kim kral olmak istemez ki?”</span></p>
<p><span style="font-weight: 400;">&#8211;</span></p>
<p><span style="font-weight: 400;">Raised as exemplary leaders in their kingdom, the young prince and princess are abducted one day by black smoke and cannot be found no matter what they do. The country is dragged into a dead end. </span></p>
<p><span style="font-weight: 400;">In the days when turmoil and chaos swept all over the country, news from the palace gives hope to all the people. The Queen gave birth to a son. The people organize merriments for forty days and forty nights in honour of their new prince, shouting in unison: “Long live the future king!”</span></p>
<p><span style="font-weight: 400;">But different things lie in the heart of the young prince…</span></p>
<p><span style="font-weight: 400;">The Tale of The Instrumentalist Gülali is the story of a boy caught between his passions and responsibilities, searching for a different way of growing up while questioning the notion of being powerful&#8230; “Who in this world wouldn&#8217;t want to be king?”</span></p>
</div></section><br />

<style type="text/css" data-created_by="avia_inline_auto" id="style-css-av-l37inifl-5a9cdbec6c765d2d24e2f46d580c5251">
#top .hr.hr-invisible.av-l37inifl-5a9cdbec6c765d2d24e2f46d580c5251{
height:20px;
}
</style>
<div  class='hr av-l37inifl-5a9cdbec6c765d2d24e2f46d580c5251 hr-invisible  avia-builder-el-5  el_after_av_textblock  el_before_av_textblock'><span class='hr-inner'><span class="hr-inner-style"></span></span></div><br />
<section class="av_textblock_section"  itemscope="itemscope" itemtype="https://schema.org/CreativeWork" ><div class='avia_textblock  av_inherit_color'  style='color:#1d1d1b; '  itemprop="text" ><p><b>Yazan* &amp; Oynayan / Written by* &amp; Cast:</b><span style="font-weight: 400;"> Semih Ali Aksoy  </span></p>
<p><b>Yöneten / Directed by:</b><span style="font-weight: 400;"> Ceren Özcan  </span></p>
<p><b>Çalan &amp; Oynayan / Music &amp; Cast: </b><span style="font-weight: 400;">Uygar Mando  </span></p>
<p><b>Afiş Çizim / Poster Illustration</b><span style="font-weight: 400;">: Sezgin Çiftçi  </span></p>
<p><b>Afiş Tasarımı / Poster Design:</b><span style="font-weight: 400;"> Gül Onat   ​     </span></p>
<p><span style="font-weight: 400;">*“Prens Ivan ve Çalgısı” adlı Rus halk masalından esinle yazılmıştır.</span></p>
<p><span style="font-weight: 400;">*Inspired by the Russian peoples tale, “Prince Ivan and his Instrument.”</span></p>
<p><b>Oyun Süresi / Performance Duration :</b><span style="font-weight: 400;"> 90’ 2 perde / 90’ 2 acts </span></p>
<p><b>Yaş / Age : </b><span style="font-weight: 400;">+8</span></p>
</div></section></p></div></p>
