{"id":2846,"date":"2022-05-14T22:58:17","date_gmt":"2022-05-14T19:58:17","guid":{"rendered":"https:\/\/bergamatiyatrofestivali.com\/?page_id=2846"},"modified":"2022-05-31T15:19:39","modified_gmt":"2022-05-31T12:19:39","slug":"yaratici-alanda-esitlik","status":"publish","type":"page","link":"https:\/\/bergamatiyatrofestivali.com\/en\/yaratici-alanda-esitlik\/","title":{"rendered":"Equality In The Creative Field"},"content":{"rendered":"<div class='flex_column av-4wt5pq-b3e79b620c608e3b56bd6c4e1f91a472 av_one_half  avia-builder-el-0  el_before_av_one_half  avia-builder-el-first  first flex_column_div'   ><p>\n<style type=\"text\/css\" data-created_by=\"avia_inline_auto\" id=\"style-css-av-4b3ha6-59cbbc4db1aa9c321c28d3649a560eb3\">\n.avia-image-container.av-4b3ha6-59cbbc4db1aa9c321c28d3649a560eb3 .av-image-caption-overlay-center{\ncolor:#ffffff;\n}\n<\/style>\n<div  class='avia-image-container av-4b3ha6-59cbbc4db1aa9c321c28d3649a560eb3 av-styling- avia-align-center  avia-builder-el-1  el_before_av_textblock  avia-builder-el-first'  itemprop=\"image\" itemscope=\"itemscope\" itemtype=\"https:\/\/schema.org\/ImageObject\" ><div class=\"avia-image-container-inner\"><div class=\"avia-image-overlay-wrap\"><img decoding=\"async\" class='wp-image-3395 avia-img-lazy-loading-not-3395 avia_image' src=\"https:\/\/bergamatiyatrofestivali.com\/wp-content\/uploads\/2022\/05\/Yaratici-Alanda-Esitlik.png\" alt='' title='Equality In The Creative Field'  height=\"1080\" width=\"1080\"  itemprop=\"thumbnailUrl\" srcset=\"https:\/\/bergamatiyatrofestivali.com\/wp-content\/uploads\/2022\/05\/Yaratici-Alanda-Esitlik.png 1080w, https:\/\/bergamatiyatrofestivali.com\/wp-content\/uploads\/2022\/05\/Yaratici-Alanda-Esitlik-300x300.png 300w, https:\/\/bergamatiyatrofestivali.com\/wp-content\/uploads\/2022\/05\/Yaratici-Alanda-Esitlik-1030x1030.png 1030w, https:\/\/bergamatiyatrofestivali.com\/wp-content\/uploads\/2022\/05\/Yaratici-Alanda-Esitlik-80x80.png 80w, https:\/\/bergamatiyatrofestivali.com\/wp-content\/uploads\/2022\/05\/Yaratici-Alanda-Esitlik-768x768.png 768w, https:\/\/bergamatiyatrofestivali.com\/wp-content\/uploads\/2022\/05\/Yaratici-Alanda-Esitlik-12x12.png 12w, https:\/\/bergamatiyatrofestivali.com\/wp-content\/uploads\/2022\/05\/Yaratici-Alanda-Esitlik-36x36.png 36w, https:\/\/bergamatiyatrofestivali.com\/wp-content\/uploads\/2022\/05\/Yaratici-Alanda-Esitlik-180x180.png 180w, https:\/\/bergamatiyatrofestivali.com\/wp-content\/uploads\/2022\/05\/Yaratici-Alanda-Esitlik-705x705.png 705w\" sizes=\"(max-width: 1080px) 100vw, 1080px\" \/><\/div><\/div><\/div><br \/>\n<section class=\"av_textblock_section\"  itemscope=\"itemscope\" itemtype=\"https:\/\/schema.org\/CreativeWork\" ><div class='avia_textblock  av_inherit_color'  style='color:#1d1d1b; '  itemprop=\"text\" ><h2><strong>Equality In The Creative Field<\/strong><\/h2>\n<h3><em><strong>Equality In The Creative Field<\/strong><\/em><\/h3>\n<h4><span style=\"font-weight: 400;\"><b>Moderat\u00f6r \/ Moderator<\/b><\/span><\/h4>\n<ul>\n<li>\n<h4><span style=\"font-weight: 400;\">\u00d6zlem Ece (\u0130KSV K\u00fclt\u00fcr Politikalar\u0131 \u00c7al\u0131\u015fmalar\u0131 Direkt\u00f6r\u00fc)<\/span><\/h4>\n<\/li>\n<\/ul>\n<h4><strong>Konu\u015fmac\u0131 \/ Speaker<\/strong><\/h4>\n<ul>\n<li>\n<h4><span style=\"font-weight: 400;\">Esra A. Aysun (British Council T\u00fcrkiye Sanat Direkt\u00f6r\u00fc)<\/span><\/h4>\n<\/li>\n<\/ul>\n<h4><span style=\"font-weight: 400;\">4 Haziran \/ June &#8211; Cumartesi \/ Saturday, <\/span><span style=\"font-weight: 400;\">14:30<\/span><\/h4>\n<h5><span style=\"font-weight: 400;\">Yabets Sinagogu \/ Yabets Synagogue\u00a0<\/span><\/h5>\n<p><span style=\"font-weight: 400;\">\u00dccretsiz Etkinlik. This event is free.<\/span><\/p>\n<\/div><\/section><br \/>\n<section class=\"av_textblock_section\"  itemscope=\"itemscope\" itemtype=\"https:\/\/schema.org\/CreativeWork\" ><div class='avia_textblock  av_inherit_color'  style='color:#1d1d1b; '  itemprop=\"text\" ><p><span style=\"font-weight: 400;\">*Odeabank&#8217;\u0131n katk\u0131lar\u0131yla haz\u0131rlanan &#8221;E\u015fit Ya\u015fam E\u015fit Sahne&#8221; temas\u0131 kapsam\u0131nda ger\u00e7ekle\u015fmektedir.\u00a0<\/span><\/p>\n<p><i><span style=\"font-weight: 400;\">*The event takes place within the scope of the &#8220;Equal Life, Equal Stage&#8221; theme, prepared with the contributions of Odeabank.<\/span><\/i><\/p>\n<\/div><\/section><\/p><\/div><div class='flex_column av-3840la-c76746fe2e64fc35c9c3e6f86eb66dc4 av_one_half  avia-builder-el-4  el_after_av_one_half  avia-builder-el-last  flex_column_div'   ><p><section class=\"av_textblock_section\"  itemscope=\"itemscope\" itemtype=\"https:\/\/schema.org\/CreativeWork\" ><div class='avia_textblock  av_inherit_color'  style='color:#1d1d1b; '  itemprop=\"text\" ><p><span style=\"font-weight: 400;\">K\u00fclt\u00fcr-sanat d\u00fcnyas\u0131 e\u015fitlik\u00e7i bir yakla\u015f\u0131mla nas\u0131l yeniden kurgulanabilir? Bergama Tiyatro Festivali bu konu\u015fmada Yarat\u0131c\u0131 Alanda E\u015fitlik konusunu sahne sanatlar\u0131 alan\u0131n\u0131n yerel ve ulusal temsilcileri ile birlikte tart\u0131\u015fmaya a\u00e7\u0131yor ve festivalin bu seneki program\u0131nda yer alan kad\u0131n profesyonelleri de dahil ediyor.<\/span><\/p>\n<p><span style=\"font-weight: 400;\">Mart ay\u0131nda \u0130stanbul\u2019da ger\u00e7ekle\u015ftirilen WOW \u0130stanbul Festivali\u2019nin British Council T\u00fcrkiye ve \u0130stanbul K\u00fclt\u00fcr Sanat Vakf\u0131 (\u0130KSV) i\u015fbirli\u011fiyle d\u00fczenlenen kapan\u0131\u015f oturumu ile ba\u015flayan tart\u0131\u015fma s\u00fcreci, \u0130KSV\u2019nin K\u00fclt\u00fcr Politikalar\u0131 \u00c7al\u0131\u015fmalar\u0131 kapsam\u0131nda Nisan ay\u0131nda yay\u0131mlad\u0131\u011f\u0131 <\/span><i><span style=\"font-weight: 400;\">K\u00fclt\u00fcr ve Sanat D\u00fcnyas\u0131nda Toplumsal Cinsiyet<\/span><\/i><span style=\"font-weight: 400;\"> ba\u015fl\u0131kl\u0131 rapor ile devam etti.<\/span><\/p>\n<p><span style=\"font-weight: 400;\">Bayra\u011f\u0131 devralan Bergama Tiyatro Festivali ise konuya performans sanatlar\u0131nda at\u0131labilecek ad\u0131mlar ve yerel k\u00fclt\u00fcr politikalar\u0131 a\u00e7\u0131s\u0131ndan yakla\u015f\u0131yor. Toplumsal cinsiyet e\u015fitli\u011fi konusu festival program\u0131nda farkl\u0131 performanslar ve at\u00f6lyeler ile kapsaml\u0131 \u015fekilde yer buluyor.<\/span><\/p>\n<p><span style=\"font-weight: 400;\">&#8211;<\/span><\/p>\n<p><span style=\"font-weight: 400;\">How can the world of culture and art be reconstructed with an egalitarian approach? In this talk, the Bergama Theatre Festival discusses the issue of Equality in the Creative Field with local and national representatives from the performing arts space, and includes women professionals in this year&#8217;s program of the festival.<\/span><\/p>\n<p><span style=\"font-weight: 400;\">The discussion process, which started with the closing session of the WOW Istanbul Festival held in Istanbul in March, with the cooperation of the British Council Turkey and the Istanbul Foundation for Culture and Arts (\u0130KSV), was followed by the report titled \u201cGender in the World of Culture and Art,\u201d published in April as part of \u0130KSV&#8217;s Cultural Policy Studies.<\/span><\/p>\n<p><span style=\"font-weight: 400;\">The Bergama Theatre Festival, which took over the flag, approaches the subject in terms of steps that can be taken in performance arts and local cultural policies. The issue of gender equality takes place extensively in the festival program with different performances and workshops.<\/span><\/p>\n<\/div><\/section><br \/>\n\n<style type=\"text\/css\" data-created_by=\"avia_inline_auto\" id=\"style-css-av-l37h564b-b0d2641008f274d632b69cb370f67313\">\n#top .hr.hr-invisible.av-l37h564b-b0d2641008f274d632b69cb370f67313{\nheight:20px;\n}\n<\/style>\n<div  class='hr av-l37h564b-b0d2641008f274d632b69cb370f67313 hr-invisible  avia-builder-el-6  el_after_av_textblock  el_before_av_textblock'><span class='hr-inner'><span class=\"hr-inner-style\"><\/span><\/span><\/div><br \/>\n<section class=\"av_textblock_section\"  itemscope=\"itemscope\" itemtype=\"https:\/\/schema.org\/CreativeWork\" ><div class='avia_textblock  av_inherit_color'  style='color:#1d1d1b; '  itemprop=\"text\" ><p><b>Konu\u015fma S\u00fcresi \/ Talk Duration: <\/b><span style=\"font-weight: 400;\">90\u2019<\/span><\/p>\n<p><b>Kat\u0131l\u0131mc\u0131 Say\u0131s\u0131 \/ Number of Participants:<\/b><span style=\"font-weight: 400;\"> 50<\/span><\/p>\n<p><b>Ya\u015f \/ Age: <\/b><span style=\"font-weight: 400;\">+16<\/span><\/p>\n<\/div><\/section><\/p><\/div><\/p>","protected":false},"excerpt":{"rendered":"","protected":false},"author":2,"featured_media":0,"parent":0,"menu_order":0,"comment_status":"closed","ping_status":"closed","template":"","meta":{"footnotes":""},"class_list":["post-2846","page","type-page","status-publish","hentry"],"_links":{"self":[{"href":"https:\/\/bergamatiyatrofestivali.com\/en\/wp-json\/wp\/v2\/pages\/2846","targetHints":{"allow":["GET"]}}],"collection":[{"href":"https:\/\/bergamatiyatrofestivali.com\/en\/wp-json\/wp\/v2\/pages"}],"about":[{"href":"https:\/\/bergamatiyatrofestivali.com\/en\/wp-json\/wp\/v2\/types\/page"}],"author":[{"embeddable":true,"href":"https:\/\/bergamatiyatrofestivali.com\/en\/wp-json\/wp\/v2\/users\/2"}],"replies":[{"embeddable":true,"href":"https:\/\/bergamatiyatrofestivali.com\/en\/wp-json\/wp\/v2\/comments?post=2846"}],"version-history":[{"count":7,"href":"https:\/\/bergamatiyatrofestivali.com\/en\/wp-json\/wp\/v2\/pages\/2846\/revisions"}],"predecessor-version":[{"id":3400,"href":"https:\/\/bergamatiyatrofestivali.com\/en\/wp-json\/wp\/v2\/pages\/2846\/revisions\/3400"}],"wp:attachment":[{"href":"https:\/\/bergamatiyatrofestivali.com\/en\/wp-json\/wp\/v2\/media?parent=2846"}],"curies":[{"name":"wp","href":"https:\/\/api.w.org\/{rel}","templated":true}]}}

<div class='flex_column av-4wt5pq-b3e79b620c608e3b56bd6c4e1f91a472 av_one_half  avia-builder-el-0  el_before_av_one_half  avia-builder-el-first  first flex_column_div'   ><p>
<style type="text/css" data-created_by="avia_inline_auto" id="style-css-av-4b3ha6-59cbbc4db1aa9c321c28d3649a560eb3">
.avia-image-container.av-4b3ha6-59cbbc4db1aa9c321c28d3649a560eb3 .av-image-caption-overlay-center{
color:#ffffff;
}
</style>
<div  class='avia-image-container av-4b3ha6-59cbbc4db1aa9c321c28d3649a560eb3 av-styling- avia-align-center  avia-builder-el-1  el_before_av_textblock  avia-builder-el-first'  itemprop="image" itemscope="itemscope" itemtype="https://schema.org/ImageObject" ><div class="avia-image-container-inner"><div class="avia-image-overlay-wrap"><img decoding="async" class='wp-image-3395 avia-img-lazy-loading-not-3395 avia_image' src="https://bergamatiyatrofestivali.com/wp-content/uploads/2022/05/Yaratici-Alanda-Esitlik.png" alt='' title='Equality In The Creative Field'  height="1080" width="1080"  itemprop="thumbnailUrl" srcset="https://bergamatiyatrofestivali.com/wp-content/uploads/2022/05/Yaratici-Alanda-Esitlik.png 1080w, https://bergamatiyatrofestivali.com/wp-content/uploads/2022/05/Yaratici-Alanda-Esitlik-300x300.png 300w, https://bergamatiyatrofestivali.com/wp-content/uploads/2022/05/Yaratici-Alanda-Esitlik-1030x1030.png 1030w, https://bergamatiyatrofestivali.com/wp-content/uploads/2022/05/Yaratici-Alanda-Esitlik-80x80.png 80w, https://bergamatiyatrofestivali.com/wp-content/uploads/2022/05/Yaratici-Alanda-Esitlik-768x768.png 768w, https://bergamatiyatrofestivali.com/wp-content/uploads/2022/05/Yaratici-Alanda-Esitlik-12x12.png 12w, https://bergamatiyatrofestivali.com/wp-content/uploads/2022/05/Yaratici-Alanda-Esitlik-36x36.png 36w, https://bergamatiyatrofestivali.com/wp-content/uploads/2022/05/Yaratici-Alanda-Esitlik-180x180.png 180w, https://bergamatiyatrofestivali.com/wp-content/uploads/2022/05/Yaratici-Alanda-Esitlik-705x705.png 705w" sizes="(max-width: 1080px) 100vw, 1080px" /></div></div></div><br />
<section class="av_textblock_section"  itemscope="itemscope" itemtype="https://schema.org/CreativeWork" ><div class='avia_textblock  av_inherit_color'  style='color:#1d1d1b; '  itemprop="text" ><h2><strong>Equality In The Creative Field</strong></h2>
<h3><em><strong>Equality In The Creative Field</strong></em></h3>
<h4><span style="font-weight: 400;"><b>Moderatör / Moderator</b></span></h4>
<ul>
<li>
<h4><span style="font-weight: 400;">Özlem Ece (İKSV Kültür Politikaları Çalışmaları Direktörü)</span></h4>
</li>
</ul>
<h4><strong>Konuşmacı / Speaker</strong></h4>
<ul>
<li>
<h4><span style="font-weight: 400;">Esra A. Aysun (British Council Türkiye Sanat Direktörü)</span></h4>
</li>
</ul>
<h4><span style="font-weight: 400;">4 Haziran / June &#8211; Cumartesi / Saturday, </span><span style="font-weight: 400;">14:30</span></h4>
<h5><span style="font-weight: 400;">Yabets Sinagogu / Yabets Synagogue </span></h5>
<p><span style="font-weight: 400;">Ücretsiz Etkinlik. This event is free.</span></p>
</div></section><br />
<section class="av_textblock_section"  itemscope="itemscope" itemtype="https://schema.org/CreativeWork" ><div class='avia_textblock  av_inherit_color'  style='color:#1d1d1b; '  itemprop="text" ><p><span style="font-weight: 400;">*Odeabank&#8217;ın katkılarıyla hazırlanan &#8221;Eşit Yaşam Eşit Sahne&#8221; teması kapsamında gerçekleşmektedir. </span></p>
<p><i><span style="font-weight: 400;">*The event takes place within the scope of the &#8220;Equal Life, Equal Stage&#8221; theme, prepared with the contributions of Odeabank.</span></i></p>
</div></section></p></div><div class='flex_column av-3840la-c76746fe2e64fc35c9c3e6f86eb66dc4 av_one_half  avia-builder-el-4  el_after_av_one_half  avia-builder-el-last  flex_column_div'   ><p><section class="av_textblock_section"  itemscope="itemscope" itemtype="https://schema.org/CreativeWork" ><div class='avia_textblock  av_inherit_color'  style='color:#1d1d1b; '  itemprop="text" ><p><span style="font-weight: 400;">Kültür-sanat dünyası eşitlikçi bir yaklaşımla nasıl yeniden kurgulanabilir? Bergama Tiyatro Festivali bu konuşmada Yaratıcı Alanda Eşitlik konusunu sahne sanatları alanının yerel ve ulusal temsilcileri ile birlikte tartışmaya açıyor ve festivalin bu seneki programında yer alan kadın profesyonelleri de dahil ediyor.</span></p>
<p><span style="font-weight: 400;">Mart ayında İstanbul’da gerçekleştirilen WOW İstanbul Festivali’nin British Council Türkiye ve İstanbul Kültür Sanat Vakfı (İKSV) işbirliğiyle düzenlenen kapanış oturumu ile başlayan tartışma süreci, İKSV’nin Kültür Politikaları Çalışmaları kapsamında Nisan ayında yayımladığı </span><i><span style="font-weight: 400;">Kültür ve Sanat Dünyasında Toplumsal Cinsiyet</span></i><span style="font-weight: 400;"> başlıklı rapor ile devam etti.</span></p>
<p><span style="font-weight: 400;">Bayrağı devralan Bergama Tiyatro Festivali ise konuya performans sanatlarında atılabilecek adımlar ve yerel kültür politikaları açısından yaklaşıyor. Toplumsal cinsiyet eşitliği konusu festival programında farklı performanslar ve atölyeler ile kapsamlı şekilde yer buluyor.</span></p>
<p><span style="font-weight: 400;">&#8211;</span></p>
<p><span style="font-weight: 400;">How can the world of culture and art be reconstructed with an egalitarian approach? In this talk, the Bergama Theatre Festival discusses the issue of Equality in the Creative Field with local and national representatives from the performing arts space, and includes women professionals in this year&#8217;s program of the festival.</span></p>
<p><span style="font-weight: 400;">The discussion process, which started with the closing session of the WOW Istanbul Festival held in Istanbul in March, with the cooperation of the British Council Turkey and the Istanbul Foundation for Culture and Arts (İKSV), was followed by the report titled “Gender in the World of Culture and Art,” published in April as part of İKSV&#8217;s Cultural Policy Studies.</span></p>
<p><span style="font-weight: 400;">The Bergama Theatre Festival, which took over the flag, approaches the subject in terms of steps that can be taken in performance arts and local cultural policies. The issue of gender equality takes place extensively in the festival program with different performances and workshops.</span></p>
</div></section><br />

<style type="text/css" data-created_by="avia_inline_auto" id="style-css-av-l37h564b-b0d2641008f274d632b69cb370f67313">
#top .hr.hr-invisible.av-l37h564b-b0d2641008f274d632b69cb370f67313{
height:20px;
}
</style>
<div  class='hr av-l37h564b-b0d2641008f274d632b69cb370f67313 hr-invisible  avia-builder-el-6  el_after_av_textblock  el_before_av_textblock'><span class='hr-inner'><span class="hr-inner-style"></span></span></div><br />
<section class="av_textblock_section"  itemscope="itemscope" itemtype="https://schema.org/CreativeWork" ><div class='avia_textblock  av_inherit_color'  style='color:#1d1d1b; '  itemprop="text" ><p><b>Konuşma Süresi / Talk Duration: </b><span style="font-weight: 400;">90’</span></p>
<p><b>Katılımcı Sayısı / Number of Participants:</b><span style="font-weight: 400;"> 50</span></p>
<p><b>Yaş / Age: </b><span style="font-weight: 400;">+16</span></p>
</div></section></p></div></p>
