{"id":2753,"date":"2022-05-13T22:08:54","date_gmt":"2022-05-13T19:08:54","guid":{"rendered":"https:\/\/bergamatiyatrofestivali.com\/?page_id=2753"},"modified":"2022-05-30T18:52:04","modified_gmt":"2022-05-30T15:52:04","slug":"cocuklar-icin-masal-atolyesi","status":"publish","type":"page","link":"https:\/\/bergamatiyatrofestivali.com\/en\/cocuklar-icin-masal-atolyesi\/","title":{"rendered":"\u00c7ocuklar \u0130\u00e7in Masal At\u00f6lyesi"},"content":{"rendered":"<div class='flex_column av-7t2std-0858361c1b1b8784513c5cd242cc5ac8 av_one_half  avia-builder-el-0  el_before_av_one_half  avia-builder-el-first  first flex_column_div'   ><p>\n<style type=\"text\/css\" data-created_by=\"avia_inline_auto\" id=\"style-css-av-5v6xtt-ddefe2a2c585e5a75a1ca3299c5d46be\">\n.avia-image-container.av-5v6xtt-ddefe2a2c585e5a75a1ca3299c5d46be .av-image-caption-overlay-center{\ncolor:#ffffff;\n}\n<\/style>\n<div  class='avia-image-container av-5v6xtt-ddefe2a2c585e5a75a1ca3299c5d46be av-styling- avia-align-center  avia-builder-el-1  el_before_av_textblock  avia-builder-el-first'  itemprop=\"image\" itemscope=\"itemscope\" itemtype=\"https:\/\/schema.org\/ImageObject\" ><div class=\"avia-image-container-inner\"><div class=\"avia-image-overlay-wrap\"><img decoding=\"async\" class='wp-image-3300 avia-img-lazy-loading-not-3300 avia_image' src=\"https:\/\/bergamatiyatrofestivali.com\/wp-content\/uploads\/2022\/05\/Cocuklar-icin-Masal-Atolyesi-Post-30.jpg\" alt='' title='\u00c7ocuklar i\u00e7in Masal At\u00f6lyesi Post-30'  height=\"1080\" width=\"1080\"  itemprop=\"thumbnailUrl\" srcset=\"https:\/\/bergamatiyatrofestivali.com\/wp-content\/uploads\/2022\/05\/Cocuklar-icin-Masal-Atolyesi-Post-30.jpg 1080w, https:\/\/bergamatiyatrofestivali.com\/wp-content\/uploads\/2022\/05\/Cocuklar-icin-Masal-Atolyesi-Post-30-300x300.jpg 300w, https:\/\/bergamatiyatrofestivali.com\/wp-content\/uploads\/2022\/05\/Cocuklar-icin-Masal-Atolyesi-Post-30-1030x1030.jpg 1030w, https:\/\/bergamatiyatrofestivali.com\/wp-content\/uploads\/2022\/05\/Cocuklar-icin-Masal-Atolyesi-Post-30-80x80.jpg 80w, https:\/\/bergamatiyatrofestivali.com\/wp-content\/uploads\/2022\/05\/Cocuklar-icin-Masal-Atolyesi-Post-30-768x768.jpg 768w, https:\/\/bergamatiyatrofestivali.com\/wp-content\/uploads\/2022\/05\/Cocuklar-icin-Masal-Atolyesi-Post-30-12x12.jpg 12w, https:\/\/bergamatiyatrofestivali.com\/wp-content\/uploads\/2022\/05\/Cocuklar-icin-Masal-Atolyesi-Post-30-36x36.jpg 36w, https:\/\/bergamatiyatrofestivali.com\/wp-content\/uploads\/2022\/05\/Cocuklar-icin-Masal-Atolyesi-Post-30-180x180.jpg 180w, https:\/\/bergamatiyatrofestivali.com\/wp-content\/uploads\/2022\/05\/Cocuklar-icin-Masal-Atolyesi-Post-30-705x705.jpg 705w\" sizes=\"(max-width: 1080px) 100vw, 1080px\" \/><\/div><\/div><\/div><br \/>\n<section class=\"av_textblock_section\"  itemscope=\"itemscope\" itemtype=\"https:\/\/schema.org\/CreativeWork\" ><div class='avia_textblock  av_inherit_color'  style='color:#1d1d1b; '  itemprop=\"text\" ><h2><strong>\u00c7ocuklar \u0130\u00e7in Masal At\u00f6lyesi<\/strong><\/h2>\n<h3><em><strong>The Fairy Tale Workshop for Children<\/strong><\/em><\/h3>\n<h3><span style=\"font-weight: 400;\">Dilara G\u00fcls\u00fcm \u00c7aml\u0131bel<\/span><\/h3>\n<h4><span style=\"font-weight: 400;\">3 Haziran &#8211; June \/ Cuma &#8211; Friday, 14:00 (4-8 ya\u015f &#8211; 4-8 years old), 15:00 (8-14 Ya\u015f &#8211; 8-14 years old)<\/span><\/h4>\n<h5><span style=\"font-weight: 400;\"> Arasta \/<\/span><span style=\"font-weight: 400;\">Ottoman Bazaar<\/span><span style=\"font-weight: 400;\">\u00a0\u00a0<\/span><\/h5>\n<p>\u00dccretsiz Etkinlik. This event is free.<\/p>\n<\/div><\/section><\/p><\/div><div class='flex_column av-3xzq6p-c66c9153cda57b3dc9f9c26673f0704d av_one_half  avia-builder-el-3  el_after_av_one_half  avia-builder-el-last  flex_column_div'   ><p><section class=\"av_textblock_section\"  itemscope=\"itemscope\" itemtype=\"https:\/\/schema.org\/CreativeWork\" ><div class='avia_textblock  av_inherit_color'  style='color:#1d1d1b; '  itemprop=\"text\" ><p><span style=\"font-weight: 400;\">Masallar, ya\u015fam\u0131m\u0131z\u0131n en p\u0131r\u0131lt\u0131l\u0131 \u00f6zetidir. \u00c7ocuklar\u0131n hayal d\u00fcnyas\u0131n\u0131 ke\u015ffetmelerine yard\u0131mc\u0131 olmak, ya\u015famlar\u0131nda yeni pratikleri denemelerini sa\u011flamak ve masallar d\u00fcnyas\u0131nda birlikte \u00e7\u00f6z\u00fcm yolu bulmas\u0131na yol a\u00e7mak, at\u00f6lyenin en \u00f6nemli amac\u0131d\u0131r.\u00c7ocuklar i\u00e7in Masal At\u00f6lyesi, \u00e7ocuklar\u0131n fark\u0131ndal\u0131\u011f\u0131n\u0131 artt\u0131racak, \u00f6zg\u00fcvenli bir bak\u0131\u015f sa\u011flamalar\u0131na yard\u0131mc\u0131 olacak ve \u00e7ocuklar\u0131n \u00f6zg\u00fcrce yaratma g\u00fcc\u00fcn\u00fc destekleyecek \u015fekilde tasarlanm\u0131\u015ft\u0131r. Bu at\u00f6lyede anlat\u0131c\u0131 ile dinleyici s\u0131k s\u0131k rol de\u011fi\u015ftirmektedir. \u00c7ocuklar dinledikleri masal\u0131n bir kahraman\u0131n\u0131 hayal edip canland\u0131rabilir, bir mekan\u0131n\u0131 \u00e7izebilir ya da do\u011frudan masal\u0131n yeniden yazar\u0131 olabilmektedir. Masallarla yola \u00e7\u0131k\u0131p, \u00e7ocuklar\u0131n hayal d\u00fcnyas\u0131yla bulu\u015facak bu at\u00f6lyede yeni ke\u015fiflerle \u00e7ocuklar\u0131n mutlulu\u011funa katk\u0131 sa\u011flanacakt\u0131r.<\/span><\/p>\n<p><span style=\"font-weight: 400;\">&#8211;<\/span><\/p>\n<p><span style=\"font-weight: 400;\">Fairy tales are the brightest summary of our lives. The most important aim of the workshop is to help children discover their imaginative worlds, to enable them to try new practices in their lives, and to lead them to find solutions together in the world of fairy tales. The Fairy Tale Workshop for Children is designed to increase children&#8217;s awareness, help them gain a self-confident perspective, and support children&#8217;s power to create freely. In this workshop, the narrator and the listener frequently switch roles. Children can imagine and portray a hero of the fairy tale they are listening to, draw a place or can be a re-writer of the tale directly. In this workshop, which will set off with fairy tales and meet the imagination of children, new discoveries will contribute to the happiness of children.<\/span><\/p>\n<\/div><\/section><br \/>\n<div  class='hr av-28wnip-1af74b1d63882d4c0b7feb5e09cb49cc hr-default  avia-builder-el-5  el_after_av_textblock  el_before_av_textblock'><span class='hr-inner'><span class=\"hr-inner-style\"><\/span><\/span><\/div><br \/>\n<section class=\"av_textblock_section\"  itemscope=\"itemscope\" itemtype=\"https:\/\/schema.org\/CreativeWork\" ><div class='avia_textblock  av_inherit_color'  style='color:#1d1d1b; '  itemprop=\"text\" ><p><b>At\u00f6lye S\u00fcresi \/ Workshop Duration: <\/b><span style=\"font-weight: 400;\">45\u2019<\/span><\/p>\n<p><b>Kat\u0131l\u0131mc\u0131 Say\u0131s\u0131 \/ Number of Participants: <\/b><span style=\"font-weight: 400;\">15\u00a0\u00a0<\/span><\/p>\n<p><b>Ya\u015f \/ Age: <\/b><span style=\"font-weight: 400;\">4-8 Ya\u015f &amp; 8-14 ya\u015f \/ 4-8 &amp; 8-14 Year Olds <\/span><\/p>\n<\/div><\/section><\/p><\/div><\/p>","protected":false},"excerpt":{"rendered":"","protected":false},"author":2,"featured_media":0,"parent":0,"menu_order":0,"comment_status":"closed","ping_status":"closed","template":"","meta":{"footnotes":""},"class_list":["post-2753","page","type-page","status-publish","hentry"],"_links":{"self":[{"href":"https:\/\/bergamatiyatrofestivali.com\/en\/wp-json\/wp\/v2\/pages\/2753","targetHints":{"allow":["GET"]}}],"collection":[{"href":"https:\/\/bergamatiyatrofestivali.com\/en\/wp-json\/wp\/v2\/pages"}],"about":[{"href":"https:\/\/bergamatiyatrofestivali.com\/en\/wp-json\/wp\/v2\/types\/page"}],"author":[{"embeddable":true,"href":"https:\/\/bergamatiyatrofestivali.com\/en\/wp-json\/wp\/v2\/users\/2"}],"replies":[{"embeddable":true,"href":"https:\/\/bergamatiyatrofestivali.com\/en\/wp-json\/wp\/v2\/comments?post=2753"}],"version-history":[{"count":4,"href":"https:\/\/bergamatiyatrofestivali.com\/en\/wp-json\/wp\/v2\/pages\/2753\/revisions"}],"predecessor-version":[{"id":3302,"href":"https:\/\/bergamatiyatrofestivali.com\/en\/wp-json\/wp\/v2\/pages\/2753\/revisions\/3302"}],"wp:attachment":[{"href":"https:\/\/bergamatiyatrofestivali.com\/en\/wp-json\/wp\/v2\/media?parent=2753"}],"curies":[{"name":"wp","href":"https:\/\/api.w.org\/{rel}","templated":true}]}}

Çocuklar İçin Masal Atölyesi

<div class='flex_column av-7t2std-0858361c1b1b8784513c5cd242cc5ac8 av_one_half  avia-builder-el-0  el_before_av_one_half  avia-builder-el-first  first flex_column_div'   ><p>
<style type="text/css" data-created_by="avia_inline_auto" id="style-css-av-5v6xtt-ddefe2a2c585e5a75a1ca3299c5d46be">
.avia-image-container.av-5v6xtt-ddefe2a2c585e5a75a1ca3299c5d46be .av-image-caption-overlay-center{
color:#ffffff;
}
</style>
<div  class='avia-image-container av-5v6xtt-ddefe2a2c585e5a75a1ca3299c5d46be av-styling- avia-align-center  avia-builder-el-1  el_before_av_textblock  avia-builder-el-first'  itemprop="image" itemscope="itemscope" itemtype="https://schema.org/ImageObject" ><div class="avia-image-container-inner"><div class="avia-image-overlay-wrap"><img decoding="async" class='wp-image-3300 avia-img-lazy-loading-not-3300 avia_image' src="https://bergamatiyatrofestivali.com/wp-content/uploads/2022/05/Cocuklar-icin-Masal-Atolyesi-Post-30.jpg" alt='' title='Çocuklar için Masal Atölyesi Post-30'  height="1080" width="1080"  itemprop="thumbnailUrl" srcset="https://bergamatiyatrofestivali.com/wp-content/uploads/2022/05/Cocuklar-icin-Masal-Atolyesi-Post-30.jpg 1080w, https://bergamatiyatrofestivali.com/wp-content/uploads/2022/05/Cocuklar-icin-Masal-Atolyesi-Post-30-300x300.jpg 300w, https://bergamatiyatrofestivali.com/wp-content/uploads/2022/05/Cocuklar-icin-Masal-Atolyesi-Post-30-1030x1030.jpg 1030w, https://bergamatiyatrofestivali.com/wp-content/uploads/2022/05/Cocuklar-icin-Masal-Atolyesi-Post-30-80x80.jpg 80w, https://bergamatiyatrofestivali.com/wp-content/uploads/2022/05/Cocuklar-icin-Masal-Atolyesi-Post-30-768x768.jpg 768w, https://bergamatiyatrofestivali.com/wp-content/uploads/2022/05/Cocuklar-icin-Masal-Atolyesi-Post-30-12x12.jpg 12w, https://bergamatiyatrofestivali.com/wp-content/uploads/2022/05/Cocuklar-icin-Masal-Atolyesi-Post-30-36x36.jpg 36w, https://bergamatiyatrofestivali.com/wp-content/uploads/2022/05/Cocuklar-icin-Masal-Atolyesi-Post-30-180x180.jpg 180w, https://bergamatiyatrofestivali.com/wp-content/uploads/2022/05/Cocuklar-icin-Masal-Atolyesi-Post-30-705x705.jpg 705w" sizes="(max-width: 1080px) 100vw, 1080px" /></div></div></div><br />
<section class="av_textblock_section"  itemscope="itemscope" itemtype="https://schema.org/CreativeWork" ><div class='avia_textblock  av_inherit_color'  style='color:#1d1d1b; '  itemprop="text" ><h2><strong>Çocuklar İçin Masal Atölyesi</strong></h2>
<h3><em><strong>The Fairy Tale Workshop for Children</strong></em></h3>
<h3><span style="font-weight: 400;">Dilara Gülsüm Çamlıbel</span></h3>
<h4><span style="font-weight: 400;">3 Haziran &#8211; June / Cuma &#8211; Friday, 14:00 (4-8 yaş &#8211; 4-8 years old), 15:00 (8-14 Yaş &#8211; 8-14 years old)</span></h4>
<h5><span style="font-weight: 400;"> Arasta /</span><span style="font-weight: 400;">Ottoman Bazaar</span><span style="font-weight: 400;">  </span></h5>
<p>Ücretsiz Etkinlik. This event is free.</p>
</div></section></p></div><div class='flex_column av-3xzq6p-c66c9153cda57b3dc9f9c26673f0704d av_one_half  avia-builder-el-3  el_after_av_one_half  avia-builder-el-last  flex_column_div'   ><p><section class="av_textblock_section"  itemscope="itemscope" itemtype="https://schema.org/CreativeWork" ><div class='avia_textblock  av_inherit_color'  style='color:#1d1d1b; '  itemprop="text" ><p><span style="font-weight: 400;">Masallar, yaşamımızın en pırıltılı özetidir. Çocukların hayal dünyasını keşfetmelerine yardımcı olmak, yaşamlarında yeni pratikleri denemelerini sağlamak ve masallar dünyasında birlikte çözüm yolu bulmasına yol açmak, atölyenin en önemli amacıdır.Çocuklar için Masal Atölyesi, çocukların farkındalığını arttıracak, özgüvenli bir bakış sağlamalarına yardımcı olacak ve çocukların özgürce yaratma gücünü destekleyecek şekilde tasarlanmıştır. Bu atölyede anlatıcı ile dinleyici sık sık rol değiştirmektedir. Çocuklar dinledikleri masalın bir kahramanını hayal edip canlandırabilir, bir mekanını çizebilir ya da doğrudan masalın yeniden yazarı olabilmektedir. Masallarla yola çıkıp, çocukların hayal dünyasıyla buluşacak bu atölyede yeni keşiflerle çocukların mutluluğuna katkı sağlanacaktır.</span></p>
<p><span style="font-weight: 400;">&#8211;</span></p>
<p><span style="font-weight: 400;">Fairy tales are the brightest summary of our lives. The most important aim of the workshop is to help children discover their imaginative worlds, to enable them to try new practices in their lives, and to lead them to find solutions together in the world of fairy tales. The Fairy Tale Workshop for Children is designed to increase children&#8217;s awareness, help them gain a self-confident perspective, and support children&#8217;s power to create freely. In this workshop, the narrator and the listener frequently switch roles. Children can imagine and portray a hero of the fairy tale they are listening to, draw a place or can be a re-writer of the tale directly. In this workshop, which will set off with fairy tales and meet the imagination of children, new discoveries will contribute to the happiness of children.</span></p>
</div></section><br />
<div  class='hr av-28wnip-1af74b1d63882d4c0b7feb5e09cb49cc hr-default  avia-builder-el-5  el_after_av_textblock  el_before_av_textblock'><span class='hr-inner'><span class="hr-inner-style"></span></span></div><br />
<section class="av_textblock_section"  itemscope="itemscope" itemtype="https://schema.org/CreativeWork" ><div class='avia_textblock  av_inherit_color'  style='color:#1d1d1b; '  itemprop="text" ><p><b>Atölye Süresi / Workshop Duration: </b><span style="font-weight: 400;">45’</span></p>
<p><b>Katılımcı Sayısı / Number of Participants: </b><span style="font-weight: 400;">15  </span></p>
<p><b>Yaş / Age: </b><span style="font-weight: 400;">4-8 Yaş &amp; 8-14 yaş / 4-8 &amp; 8-14 Year Olds </span></p>
</div></section></p></div></p>
