{"id":2750,"date":"2022-05-13T22:02:39","date_gmt":"2022-05-13T19:02:39","guid":{"rendered":"https:\/\/bergamatiyatrofestivali.com\/?page_id=2750"},"modified":"2022-05-30T18:50:58","modified_gmt":"2022-05-30T15:50:58","slug":"her-alan-acik-bir-sahnedir","status":"publish","type":"page","link":"https:\/\/bergamatiyatrofestivali.com\/en\/her-alan-acik-bir-sahnedir\/","title":{"rendered":"Her Alan A\u00e7\u0131k Bir Sahnedir"},"content":{"rendered":"<div class='flex_column av-68lmda-66394c11ad4844aa23e7af2206d4268b av_one_half  avia-builder-el-0  el_before_av_one_half  avia-builder-el-first  first flex_column_div'   ><p>\n<style type=\"text\/css\" data-created_by=\"avia_inline_auto\" id=\"style-css-av-evw8u-ce3ba9d8ecfdda559eda702948bc12c3\">\n.avia-image-container.av-evw8u-ce3ba9d8ecfdda559eda702948bc12c3 .av-image-caption-overlay-center{\ncolor:#ffffff;\n}\n<\/style>\n<div  class='avia-image-container av-evw8u-ce3ba9d8ecfdda559eda702948bc12c3 av-styling- avia-align-center  avia-builder-el-1  el_before_av_textblock  avia-builder-el-first'  itemprop=\"image\" itemscope=\"itemscope\" itemtype=\"https:\/\/schema.org\/ImageObject\" ><div class=\"avia-image-container-inner\"><div class=\"avia-image-overlay-wrap\"><img decoding=\"async\" class='wp-image-3298 avia-img-lazy-loading-not-3298 avia_image' src=\"https:\/\/bergamatiyatrofestivali.com\/wp-content\/uploads\/2022\/05\/Assos-Festivali-Post.png\" alt='' title='Assos Festivali-Post'  height=\"1080\" width=\"1080\"  itemprop=\"thumbnailUrl\" srcset=\"https:\/\/bergamatiyatrofestivali.com\/wp-content\/uploads\/2022\/05\/Assos-Festivali-Post.png 1080w, https:\/\/bergamatiyatrofestivali.com\/wp-content\/uploads\/2022\/05\/Assos-Festivali-Post-300x300.png 300w, https:\/\/bergamatiyatrofestivali.com\/wp-content\/uploads\/2022\/05\/Assos-Festivali-Post-1030x1030.png 1030w, https:\/\/bergamatiyatrofestivali.com\/wp-content\/uploads\/2022\/05\/Assos-Festivali-Post-80x80.png 80w, https:\/\/bergamatiyatrofestivali.com\/wp-content\/uploads\/2022\/05\/Assos-Festivali-Post-768x768.png 768w, https:\/\/bergamatiyatrofestivali.com\/wp-content\/uploads\/2022\/05\/Assos-Festivali-Post-12x12.png 12w, https:\/\/bergamatiyatrofestivali.com\/wp-content\/uploads\/2022\/05\/Assos-Festivali-Post-36x36.png 36w, https:\/\/bergamatiyatrofestivali.com\/wp-content\/uploads\/2022\/05\/Assos-Festivali-Post-180x180.png 180w, https:\/\/bergamatiyatrofestivali.com\/wp-content\/uploads\/2022\/05\/Assos-Festivali-Post-705x705.png 705w\" sizes=\"(max-width: 1080px) 100vw, 1080px\" \/><\/div><\/div><\/div><br \/>\n<section class=\"av_textblock_section\"  itemscope=\"itemscope\" itemtype=\"https:\/\/schema.org\/CreativeWork\" ><div class='avia_textblock  av_inherit_color'  style='color:#1d1d1b; '  itemprop=\"text\" ><h2><strong>Her Alan A\u00e7\u0131k Bir Sahnedir: Assos G\u00f6steri Sanatlar\u0131 Festivali \u00d6rne\u011fi<\/strong><\/h2>\n<h3><em><strong>Every Space is an Open Stage: The Example of the Assos Performing Arts Festival<\/strong><\/em><\/h3>\n<h4><strong>Konu\u015fmac\u0131lar &#8211; Speakers <\/strong><\/h4>\n<ul>\n<li>\n<h4><span style=\"font-weight: 400;\">Asiye Cengiz\u00a0(Mimar, Hikaye Anlat\u0131c\u0131s\u0131)<\/span><\/h4>\n<\/li>\n<li>\n<h4><span style=\"font-weight: 400;\">Ayd\u0131n Teker (Koreograf, Dans E\u011fitmeni)<\/span><\/h4>\n<\/li>\n<li>\n<h4><span style=\"font-weight: 400;\">Sel\u00e7uk G\u00fcr\u0131\u015f\u0131k (Sanat\u00e7\u0131, Akademisyen)<\/span><\/h4>\n<\/li>\n<li>\n<h4><span style=\"font-weight: 400;\">Zeynep G\u00fcns\u00fcr Y\u00fcceil (Sanat\u00e7\u0131, Akademisyen)<\/span><\/h4>\n<\/li>\n<\/ul>\n<h4><span style=\"font-weight: 400;\">3 Haziran &#8211; June \/ \u00a0Cuma &#8211; Friday, 13:00<\/span><\/h4>\n<h5><span style=\"font-weight: 400;\">Yabets Sinagogu &#8211; Yabets Synagogue\u00a0<\/span><\/h5>\n<p><span style=\"font-weight: 400;\">\u00dccretsiz Etkinlik. This event is free.<\/span><\/p>\n<\/div><\/section><\/p><\/div><div class='flex_column av-9zpni-d66bf4ed949096e9f7dd811f5ea4731b av_one_half  avia-builder-el-3  el_after_av_one_half  avia-builder-el-last  flex_column_div'   ><p><section class=\"av_textblock_section\"  itemscope=\"itemscope\" itemtype=\"https:\/\/schema.org\/CreativeWork\" ><div class='avia_textblock  av_inherit_color'  style='color:#1d1d1b; '  itemprop=\"text\" ><p><span style=\"font-weight: 400;\">Assos G\u00f6steri Sanatlar\u0131 Festivali 90&#8217;l\u0131 y\u0131llarda oyuncu ve y\u00f6netmen H\u00fcseyin Kat\u0131rc\u0131o\u011flu&#8217;nun genel sanat y\u00f6netmenli\u011finde yap\u0131lm\u0131\u015f bir organizasyondu. &#8216;Her alan a\u00e7\u0131k bir sahnedir&#8217; s\u00f6ylemi ile ger\u00e7ekle\u015fen yenilik\u00e7i bir kitle tiyatrosu \u00f6rne\u011fi idi. \u00d6zellikle g\u00f6rsel a\u011f\u0131rl\u0131kl\u0131 i\u015flerin mekana \u00f6zg\u00fc ve kollektif bir sinerji ile yarat\u0131ld\u0131\u011f\u0131 alternatif bir ortamd\u0131. Yerel bilginin, k\u00fclt\u00fcrel de\u011ferlerin ve olanaklar\u0131n evrensel bir bak\u0131\u015f ile \u00fcretimi hem kat\u0131lan sanat\u00e7\u0131lar\u0131 hem y\u00f6re insan\u0131n\u0131 d\u00f6n\u00fc\u015ft\u00fcrd\u00fc.<\/span><\/p>\n<p><span style=\"font-weight: 400;\">Yap\u0131s\u0131 itibariyle ard\u0131ndan \u00e7eyrek y\u00fczy\u0131l ge\u00e7mesine ra\u011fmen g\u00fcn\u00fcm\u00fczde h\u00e2l\u00e2 ilham verici, \u00f6zg\u00fcn \u00f6zellikler ta\u015f\u0131yan bu festivalin kat\u0131l\u0131mc\u0131lar\u0131 ile festival \u00fczerine s\u00f6yle\u015fece\u011fiz. &#8216;Ortamdan \u015fikayet etmenin anlam\u0131 yok. Farkl\u0131 bir ortam istiyorsan kendin kuracaks\u0131n.&#8217; diyen H\u00fcseyin Kat\u0131rc\u0131o\u011flu&#8217;nu da anarak&#8230;<\/span><\/p>\n<p><span style=\"font-weight: 400;\">&#8211;<\/span><\/p>\n<p><span style=\"font-weight: 400;\">The Assos Performing Arts Festival was an organization held under the general artistic directorship of actor and director H\u00fcseyin Kat\u0131rc\u0131o\u011flu in the 90s. It was an example of an innovative mass theatre with the motto &#8216;Every space is an open stage.\u2019 It was an alternative environment especially where visual works were created with a site-specific and collective synergy. The production of local knowledge, cultural values and possibilities with a universal view transformed both the participating artists and the local people. We will talk about the Assos Performing Arts festival with the actual participants of the festival, which still has inspiring and original features, despite the fact that a quarter of a century has passed since it was held. Remembering H\u00fcseyin Kat\u0131rc\u0131o\u011flu, who said, &#8220;There is no point in complaining about the environment, if you want a different environment, you will set it up yourself\u2026&#8221;<\/span><\/p>\n<\/div><\/section><br \/>\n\n<style type=\"text\/css\" data-created_by=\"avia_inline_auto\" id=\"style-css-av-l34sxm4h-e0f1aa179f8dd4208f1efb81508b3833\">\n#top .hr.hr-invisible.av-l34sxm4h-e0f1aa179f8dd4208f1efb81508b3833{\nheight:20px;\n}\n<\/style>\n<div  class='hr av-l34sxm4h-e0f1aa179f8dd4208f1efb81508b3833 hr-invisible  avia-builder-el-5  el_after_av_textblock  el_before_av_textblock'><span class='hr-inner'><span class=\"hr-inner-style\"><\/span><\/span><\/div><br \/>\n<section class=\"av_textblock_section\"  itemscope=\"itemscope\" itemtype=\"https:\/\/schema.org\/CreativeWork\" ><div class='avia_textblock  av_inherit_color'  style='color:#1d1d1b; '  itemprop=\"text\" ><p><b>Konu\u015fma S\u00fcresi \/ Talk Duration: <\/b><span style=\"font-weight: 400;\">90\u2019<\/span><\/p>\n<p><b>Kat\u0131l\u0131mc\u0131 Say\u0131s\u0131 \/ Number of Participants:<\/b><span style=\"font-weight: 400;\"> 50<\/span><\/p>\n<p><b>Ya\u015f \/ Age: <\/b><span style=\"font-weight: 400;\">+16<\/span><\/p>\n<\/div><\/section><\/p><\/div><\/p>","protected":false},"excerpt":{"rendered":"","protected":false},"author":2,"featured_media":0,"parent":0,"menu_order":0,"comment_status":"closed","ping_status":"closed","template":"","meta":{"footnotes":""},"class_list":["post-2750","page","type-page","status-publish","hentry"],"_links":{"self":[{"href":"https:\/\/bergamatiyatrofestivali.com\/en\/wp-json\/wp\/v2\/pages\/2750","targetHints":{"allow":["GET"]}}],"collection":[{"href":"https:\/\/bergamatiyatrofestivali.com\/en\/wp-json\/wp\/v2\/pages"}],"about":[{"href":"https:\/\/bergamatiyatrofestivali.com\/en\/wp-json\/wp\/v2\/types\/page"}],"author":[{"embeddable":true,"href":"https:\/\/bergamatiyatrofestivali.com\/en\/wp-json\/wp\/v2\/users\/2"}],"replies":[{"embeddable":true,"href":"https:\/\/bergamatiyatrofestivali.com\/en\/wp-json\/wp\/v2\/comments?post=2750"}],"version-history":[{"count":6,"href":"https:\/\/bergamatiyatrofestivali.com\/en\/wp-json\/wp\/v2\/pages\/2750\/revisions"}],"predecessor-version":[{"id":3299,"href":"https:\/\/bergamatiyatrofestivali.com\/en\/wp-json\/wp\/v2\/pages\/2750\/revisions\/3299"}],"wp:attachment":[{"href":"https:\/\/bergamatiyatrofestivali.com\/en\/wp-json\/wp\/v2\/media?parent=2750"}],"curies":[{"name":"wp","href":"https:\/\/api.w.org\/{rel}","templated":true}]}}

Her Alan Açık Bir Sahnedir

<div class='flex_column av-68lmda-66394c11ad4844aa23e7af2206d4268b av_one_half  avia-builder-el-0  el_before_av_one_half  avia-builder-el-first  first flex_column_div'   ><p>
<style type="text/css" data-created_by="avia_inline_auto" id="style-css-av-evw8u-ce3ba9d8ecfdda559eda702948bc12c3">
.avia-image-container.av-evw8u-ce3ba9d8ecfdda559eda702948bc12c3 .av-image-caption-overlay-center{
color:#ffffff;
}
</style>
<div  class='avia-image-container av-evw8u-ce3ba9d8ecfdda559eda702948bc12c3 av-styling- avia-align-center  avia-builder-el-1  el_before_av_textblock  avia-builder-el-first'  itemprop="image" itemscope="itemscope" itemtype="https://schema.org/ImageObject" ><div class="avia-image-container-inner"><div class="avia-image-overlay-wrap"><img decoding="async" class='wp-image-3298 avia-img-lazy-loading-not-3298 avia_image' src="https://bergamatiyatrofestivali.com/wp-content/uploads/2022/05/Assos-Festivali-Post.png" alt='' title='Assos Festivali-Post'  height="1080" width="1080"  itemprop="thumbnailUrl" srcset="https://bergamatiyatrofestivali.com/wp-content/uploads/2022/05/Assos-Festivali-Post.png 1080w, https://bergamatiyatrofestivali.com/wp-content/uploads/2022/05/Assos-Festivali-Post-300x300.png 300w, https://bergamatiyatrofestivali.com/wp-content/uploads/2022/05/Assos-Festivali-Post-1030x1030.png 1030w, https://bergamatiyatrofestivali.com/wp-content/uploads/2022/05/Assos-Festivali-Post-80x80.png 80w, https://bergamatiyatrofestivali.com/wp-content/uploads/2022/05/Assos-Festivali-Post-768x768.png 768w, https://bergamatiyatrofestivali.com/wp-content/uploads/2022/05/Assos-Festivali-Post-12x12.png 12w, https://bergamatiyatrofestivali.com/wp-content/uploads/2022/05/Assos-Festivali-Post-36x36.png 36w, https://bergamatiyatrofestivali.com/wp-content/uploads/2022/05/Assos-Festivali-Post-180x180.png 180w, https://bergamatiyatrofestivali.com/wp-content/uploads/2022/05/Assos-Festivali-Post-705x705.png 705w" sizes="(max-width: 1080px) 100vw, 1080px" /></div></div></div><br />
<section class="av_textblock_section"  itemscope="itemscope" itemtype="https://schema.org/CreativeWork" ><div class='avia_textblock  av_inherit_color'  style='color:#1d1d1b; '  itemprop="text" ><h2><strong>Her Alan Açık Bir Sahnedir: Assos Gösteri Sanatları Festivali Örneği</strong></h2>
<h3><em><strong>Every Space is an Open Stage: The Example of the Assos Performing Arts Festival</strong></em></h3>
<h4><strong>Konuşmacılar &#8211; Speakers </strong></h4>
<ul>
<li>
<h4><span style="font-weight: 400;">Asiye Cengiz (Mimar, Hikaye Anlatıcısı)</span></h4>
</li>
<li>
<h4><span style="font-weight: 400;">Aydın Teker (Koreograf, Dans Eğitmeni)</span></h4>
</li>
<li>
<h4><span style="font-weight: 400;">Selçuk Gürışık (Sanatçı, Akademisyen)</span></h4>
</li>
<li>
<h4><span style="font-weight: 400;">Zeynep Günsür Yüceil (Sanatçı, Akademisyen)</span></h4>
</li>
</ul>
<h4><span style="font-weight: 400;">3 Haziran &#8211; June /  Cuma &#8211; Friday, 13:00</span></h4>
<h5><span style="font-weight: 400;">Yabets Sinagogu &#8211; Yabets Synagogue </span></h5>
<p><span style="font-weight: 400;">Ücretsiz Etkinlik. This event is free.</span></p>
</div></section></p></div><div class='flex_column av-9zpni-d66bf4ed949096e9f7dd811f5ea4731b av_one_half  avia-builder-el-3  el_after_av_one_half  avia-builder-el-last  flex_column_div'   ><p><section class="av_textblock_section"  itemscope="itemscope" itemtype="https://schema.org/CreativeWork" ><div class='avia_textblock  av_inherit_color'  style='color:#1d1d1b; '  itemprop="text" ><p><span style="font-weight: 400;">Assos Gösteri Sanatları Festivali 90&#8217;lı yıllarda oyuncu ve yönetmen Hüseyin Katırcıoğlu&#8217;nun genel sanat yönetmenliğinde yapılmış bir organizasyondu. &#8216;Her alan açık bir sahnedir&#8217; söylemi ile gerçekleşen yenilikçi bir kitle tiyatrosu örneği idi. Özellikle görsel ağırlıklı işlerin mekana özgü ve kollektif bir sinerji ile yaratıldığı alternatif bir ortamdı. Yerel bilginin, kültürel değerlerin ve olanakların evrensel bir bakış ile üretimi hem katılan sanatçıları hem yöre insanını dönüştürdü.</span></p>
<p><span style="font-weight: 400;">Yapısı itibariyle ardından çeyrek yüzyıl geçmesine rağmen günümüzde hâlâ ilham verici, özgün özellikler taşıyan bu festivalin katılımcıları ile festival üzerine söyleşeceğiz. &#8216;Ortamdan şikayet etmenin anlamı yok. Farklı bir ortam istiyorsan kendin kuracaksın.&#8217; diyen Hüseyin Katırcıoğlu&#8217;nu da anarak&#8230;</span></p>
<p><span style="font-weight: 400;">&#8211;</span></p>
<p><span style="font-weight: 400;">The Assos Performing Arts Festival was an organization held under the general artistic directorship of actor and director Hüseyin Katırcıoğlu in the 90s. It was an example of an innovative mass theatre with the motto &#8216;Every space is an open stage.’ It was an alternative environment especially where visual works were created with a site-specific and collective synergy. The production of local knowledge, cultural values and possibilities with a universal view transformed both the participating artists and the local people. We will talk about the Assos Performing Arts festival with the actual participants of the festival, which still has inspiring and original features, despite the fact that a quarter of a century has passed since it was held. Remembering Hüseyin Katırcıoğlu, who said, &#8220;There is no point in complaining about the environment, if you want a different environment, you will set it up yourself…&#8221;</span></p>
</div></section><br />

<style type="text/css" data-created_by="avia_inline_auto" id="style-css-av-l34sxm4h-e0f1aa179f8dd4208f1efb81508b3833">
#top .hr.hr-invisible.av-l34sxm4h-e0f1aa179f8dd4208f1efb81508b3833{
height:20px;
}
</style>
<div  class='hr av-l34sxm4h-e0f1aa179f8dd4208f1efb81508b3833 hr-invisible  avia-builder-el-5  el_after_av_textblock  el_before_av_textblock'><span class='hr-inner'><span class="hr-inner-style"></span></span></div><br />
<section class="av_textblock_section"  itemscope="itemscope" itemtype="https://schema.org/CreativeWork" ><div class='avia_textblock  av_inherit_color'  style='color:#1d1d1b; '  itemprop="text" ><p><b>Konuşma Süresi / Talk Duration: </b><span style="font-weight: 400;">90’</span></p>
<p><b>Katılımcı Sayısı / Number of Participants:</b><span style="font-weight: 400;"> 50</span></p>
<p><b>Yaş / Age: </b><span style="font-weight: 400;">+16</span></p>
</div></section></p></div></p>
