{"id":2720,"date":"2022-05-12T23:23:20","date_gmt":"2022-05-12T20:23:20","guid":{"rendered":"https:\/\/bergamatiyatrofestivali.com\/?page_id=2720"},"modified":"2022-05-30T18:43:41","modified_gmt":"2022-05-30T15:43:41","slug":"btf-acilis-panayiri","status":"publish","type":"page","link":"https:\/\/bergamatiyatrofestivali.com\/en\/btf-acilis-panayiri\/","title":{"rendered":"BTF A\u00e7\u0131l\u0131\u015f Panay\u0131r\u0131"},"content":{"rendered":"<div class='flex_column av-axlq4g-888b9ff2d06e2190907f09c02114a145 av_one_half  avia-builder-el-0  el_before_av_one_half  avia-builder-el-first  first flex_column_div'   ><p>\n<style type=\"text\/css\" data-created_by=\"avia_inline_auto\" id=\"style-css-av-9aaqk0-7cdb0d957f441a2448026811f525a1fb\">\n.avia-image-container.av-9aaqk0-7cdb0d957f441a2448026811f525a1fb .av-image-caption-overlay-center{\ncolor:#ffffff;\n}\n<\/style>\n<div  class='avia-image-container av-9aaqk0-7cdb0d957f441a2448026811f525a1fb av-styling- avia-align-center  avia-builder-el-1  el_before_av_textblock  avia-builder-el-first'  itemprop=\"image\" itemscope=\"itemscope\" itemtype=\"https:\/\/schema.org\/ImageObject\" ><div class=\"avia-image-container-inner\"><div class=\"avia-image-overlay-wrap\"><img decoding=\"async\" class='wp-image-3283 avia-img-lazy-loading-not-3283 avia_image' src=\"https:\/\/bergamatiyatrofestivali.com\/wp-content\/uploads\/2022\/05\/Mabel-Matiz_post.jpg\" alt='' title='Mabel Matiz_post'  height=\"2250\" width=\"2250\"  itemprop=\"thumbnailUrl\" srcset=\"https:\/\/bergamatiyatrofestivali.com\/wp-content\/uploads\/2022\/05\/Mabel-Matiz_post.jpg 2250w, https:\/\/bergamatiyatrofestivali.com\/wp-content\/uploads\/2022\/05\/Mabel-Matiz_post-300x300.jpg 300w, https:\/\/bergamatiyatrofestivali.com\/wp-content\/uploads\/2022\/05\/Mabel-Matiz_post-1030x1030.jpg 1030w, https:\/\/bergamatiyatrofestivali.com\/wp-content\/uploads\/2022\/05\/Mabel-Matiz_post-80x80.jpg 80w, https:\/\/bergamatiyatrofestivali.com\/wp-content\/uploads\/2022\/05\/Mabel-Matiz_post-768x768.jpg 768w, https:\/\/bergamatiyatrofestivali.com\/wp-content\/uploads\/2022\/05\/Mabel-Matiz_post-1536x1536.jpg 1536w, https:\/\/bergamatiyatrofestivali.com\/wp-content\/uploads\/2022\/05\/Mabel-Matiz_post-2048x2048.jpg 2048w, https:\/\/bergamatiyatrofestivali.com\/wp-content\/uploads\/2022\/05\/Mabel-Matiz_post-12x12.jpg 12w, https:\/\/bergamatiyatrofestivali.com\/wp-content\/uploads\/2022\/05\/Mabel-Matiz_post-36x36.jpg 36w, https:\/\/bergamatiyatrofestivali.com\/wp-content\/uploads\/2022\/05\/Mabel-Matiz_post-180x180.jpg 180w, https:\/\/bergamatiyatrofestivali.com\/wp-content\/uploads\/2022\/05\/Mabel-Matiz_post-1500x1500.jpg 1500w, https:\/\/bergamatiyatrofestivali.com\/wp-content\/uploads\/2022\/05\/Mabel-Matiz_post-705x705.jpg 705w\" sizes=\"(max-width: 2250px) 100vw, 2250px\" \/><\/div><\/div><\/div><br \/>\n<section class=\"av_textblock_section\"  itemscope=\"itemscope\" itemtype=\"https:\/\/schema.org\/CreativeWork\" ><div class='avia_textblock  av_inherit_color'  style='color:#1d1d1b; '  itemprop=\"text\" ><h2><strong>BTF&#8217;22 A\u00e7\u0131l\u0131\u015f Panay\u0131r\u0131 (A\u00e7\u0131l\u0131\u015f Konseri: MABEL MAT\u0130Z &amp; Festival Se\u00e7kisi)<\/strong><\/h2>\n<h3><em><strong>BTF\u201922 Opening Fair (Opening Concert : MABEL MAT\u0130Z &amp; Festival Selection)<\/strong><\/em><\/h3>\n<h4><span style=\"font-weight: 400;\">2 Haziran\/June &#8211;\u00a0 Per\u015fembe\/Thursday, 19:00<\/span><\/h4>\n<h4><strong>Mabel Matiz 21:00\u00a0<\/strong><\/h4>\n<h5><span style=\"font-weight: 400;\">Asklepion \/ <\/span><span style=\"font-weight: 400;\">Asclepeion<\/span><span style=\"font-weight: 400;\">\u00a0<\/span><\/h5>\n<\/div><\/section><br \/>\n\n<style type=\"text\/css\" data-created_by=\"avia_inline_auto\" id=\"style-css-av-l3buy6zs-150fb95d767d82ca01a4f31936c6da3d\">\n#top .hr.hr-invisible.av-l3buy6zs-150fb95d767d82ca01a4f31936c6da3d{\nheight:20px;\n}\n<\/style>\n<div  class='hr av-l3buy6zs-150fb95d767d82ca01a4f31936c6da3d hr-invisible  avia-builder-el-3  el_after_av_textblock  el_before_av_buttonrow'><span class='hr-inner'><span class=\"hr-inner-style\"><\/span><\/span><\/div><br \/>\n<div  class='avia-buttonrow-wrap av-l3buzhy8-10aae8c425226e5bc144b62038a0a46d avia-buttonrow-left  avia-builder-el-4  el_after_av_hr  avia-builder-el-last'>\n\n<style type=\"text\/css\" data-created_by=\"avia_inline_auto\" id=\"style-css-av-l3buzcoz-6fac1de3c2bb30b21538c9711b11be2f\">\n#top #wrap_all .avia-button.av-l3buzcoz-6fac1de3c2bb30b21538c9711b11be2f{\nmargin-bottom:5px;\nmargin-right:5px;\n}\n#top #wrap_all .avia-button.av-l3buzcoz-6fac1de3c2bb30b21538c9711b11be2f:hover{\nbackground-color:black;\ncolor:#ffffff;\ntransition:all 0.4s ease-in-out;\n-webkit-transition:all 0.4s ease-in-out;\n-moz-transition:all 0.4s ease-in-out;\n-ms-transition:all 0.4s ease-in-out;\n-o-transition:all 0.4s ease-in-out;\n}\n<\/style>\n<a href='https:\/\/www.mobilet.com\/event\/festival-seckisi-and-konser-mabel-matiz-11676-85cc' class='avia-button av-l3buzcoz-6fac1de3c2bb30b21538c9711b11be2f avia-icon_select-yes-left-icon avia-size-medium avia-color-black avia-font-color-white' target=\"_blank\" rel=\"noopener noreferrer\"><span class='avia_button_icon avia_button_icon_left' aria-hidden='true' data-av_icon='\ue881' data-av_iconfont='entypo-fontello'><\/span><span class='avia_iconbox_title' >Mobilet<\/span><\/a>\n<\/div><\/p><\/div><div class='flex_column av-prp5s-83045461cfb0d52f4c927fd8b449d3dc av_one_half  avia-builder-el-5  el_after_av_one_half  el_before_av_one_full  flex_column_div'   ><section class=\"av_textblock_section\"  itemscope=\"itemscope\" itemtype=\"https:\/\/schema.org\/CreativeWork\" ><div class='avia_textblock  av_inherit_color'  style='color:#1d1d1b; '  itemprop=\"text\" ><p><span style=\"font-weight: 400;\">Bir yere dair ne kadar \u00e7ok an\u0131 toplarsak oras\u0131 bizim i\u00e7in o kadar \u00f6zel bir hale geliyor. Biriktirdi\u011fimiz g\u00fczel an\u0131lar o mekana &#8211; o kente &#8211; o soka\u011fa dair, sevgimizi artt\u0131r\u0131yor. Belki bizi bir yere ba\u011flayan, oral\u0131 yapan da bu an\u0131lar\u0131n t\u00fcm\u00fc.\u00a0<\/span><\/p>\n<p><span style=\"font-weight: 400;\">Yeni merhabalar\u0131n, yeni hikayelerin, yeni an\u0131lar\u0131n senesi olsun istedi\u011fimiz BTF\u201922, a\u00e7\u0131l\u0131\u015f\u0131n\u0131 Asklepion&#8217;da \u00f6zel bir kutlama ile yapmaya haz\u0131rlan\u0131yor.\u00a0<\/span><\/p>\n<p><span style=\"font-weight: 400;\">Y\u0131llarca hastalara \u015fifa olan Asklepion, \u015fimdi de tiyatronun ve m\u00fczi\u011fin iyile\u015ftirici g\u00fcc\u00fc ile bizleri bir araya getirecek. Festivalin genel program\u0131nda, Bergama sokaklar\u0131nda kar\u015f\u0131la\u015faca\u011f\u0131m\u0131z performanslardan \u00f6rneklerin Asklepion\u2019un b\u00fcy\u00fcl\u00fc atmosferinde yer alaca\u011f\u0131 \u2018Panay\u0131r\u2019 ve ard\u0131ndan Antik Sahne&#8217;de ger\u00e7ekle\u015fecek Mabel Matiz\u2019in festivale \u00f6zel haz\u0131rlanm\u0131\u015f konseri, umuyoruz ki Bergama\u2019ya dair g\u00fczel anlardan biri olarak haf\u0131zalar\u0131m\u0131zda yer alacak.<\/span><\/p>\n<p><span style=\"font-weight: 400;\">&#8211;<\/span><\/p>\n<p><span style=\"font-weight: 400;\">The more memories we collect about a place, the more special it becomes for us. The beautiful memories we collect enhance our love for that area, that city, that street. Maybe it is all of these memories that truly connect us to an environment.<\/span><\/p>\n<p><span style=\"font-weight: 400;\">BTF&#8217;22, which we want to be the year of new hellos, new stories and new memories, is getting ready to open with a special celebration at the Asklepion.<\/span><\/p>\n<p><span style=\"font-weight: 400;\">The Asklepion, which has healed the sick for years, will now bring us together with the healing power of theatre and music.<\/span><\/p>\n<p><span style=\"font-weight: 400;\">From the general program of the festival, examples of performances we will encounter on the streets of Bergama will take place in the magical atmosphere of the Asklepion, followed by a concert at the Antik Sahne, especially prepared by Mabel Matiz for the festival, will hopefully be remembered as one of the beautiful moments of Bergama.<\/span><\/p>\n<\/div><\/section><\/div><\/p>\n<div class='flex_column av-5xj67k-dde82d8a8ae3c79365abd4bc227ec491 av_one_full  avia-builder-el-7  el_after_av_one_half  el_before_av_one_full  first flex_column_div column-top-margin'   ><\/div>\n<div class='flex_column av-3ulzg0-c1f04f24c3abfce83e4089bff408234f av_one_full  avia-builder-el-8  el_after_av_one_full  el_before_av_one_full  first flex_column_div column-top-margin'   ><\/div>\n<div class='flex_column av-2czwf4-5f333c9500f12147c0abb5d5499d690c av_one_full  avia-builder-el-9  el_after_av_one_full  avia-builder-el-last  first flex_column_div column-top-margin'   ><\/div>","protected":false},"excerpt":{"rendered":"","protected":false},"author":2,"featured_media":0,"parent":0,"menu_order":0,"comment_status":"closed","ping_status":"closed","template":"","meta":{"footnotes":""},"class_list":["post-2720","page","type-page","status-publish","hentry"],"_links":{"self":[{"href":"https:\/\/bergamatiyatrofestivali.com\/en\/wp-json\/wp\/v2\/pages\/2720","targetHints":{"allow":["GET"]}}],"collection":[{"href":"https:\/\/bergamatiyatrofestivali.com\/en\/wp-json\/wp\/v2\/pages"}],"about":[{"href":"https:\/\/bergamatiyatrofestivali.com\/en\/wp-json\/wp\/v2\/types\/page"}],"author":[{"embeddable":true,"href":"https:\/\/bergamatiyatrofestivali.com\/en\/wp-json\/wp\/v2\/users\/2"}],"replies":[{"embeddable":true,"href":"https:\/\/bergamatiyatrofestivali.com\/en\/wp-json\/wp\/v2\/comments?post=2720"}],"version-history":[{"count":5,"href":"https:\/\/bergamatiyatrofestivali.com\/en\/wp-json\/wp\/v2\/pages\/2720\/revisions"}],"predecessor-version":[{"id":3284,"href":"https:\/\/bergamatiyatrofestivali.com\/en\/wp-json\/wp\/v2\/pages\/2720\/revisions\/3284"}],"wp:attachment":[{"href":"https:\/\/bergamatiyatrofestivali.com\/en\/wp-json\/wp\/v2\/media?parent=2720"}],"curies":[{"name":"wp","href":"https:\/\/api.w.org\/{rel}","templated":true}]}}

BTF Açılış Panayırı

<div class='flex_column av-axlq4g-888b9ff2d06e2190907f09c02114a145 av_one_half  avia-builder-el-0  el_before_av_one_half  avia-builder-el-first  first flex_column_div'   ><p>
<style type="text/css" data-created_by="avia_inline_auto" id="style-css-av-9aaqk0-7cdb0d957f441a2448026811f525a1fb">
.avia-image-container.av-9aaqk0-7cdb0d957f441a2448026811f525a1fb .av-image-caption-overlay-center{
color:#ffffff;
}
</style>
<div  class='avia-image-container av-9aaqk0-7cdb0d957f441a2448026811f525a1fb av-styling- avia-align-center  avia-builder-el-1  el_before_av_textblock  avia-builder-el-first'  itemprop="image" itemscope="itemscope" itemtype="https://schema.org/ImageObject" ><div class="avia-image-container-inner"><div class="avia-image-overlay-wrap"><img decoding="async" class='wp-image-3283 avia-img-lazy-loading-not-3283 avia_image' src="https://bergamatiyatrofestivali.com/wp-content/uploads/2022/05/Mabel-Matiz_post.jpg" alt='' title='Mabel Matiz_post'  height="2250" width="2250"  itemprop="thumbnailUrl" srcset="https://bergamatiyatrofestivali.com/wp-content/uploads/2022/05/Mabel-Matiz_post.jpg 2250w, https://bergamatiyatrofestivali.com/wp-content/uploads/2022/05/Mabel-Matiz_post-300x300.jpg 300w, https://bergamatiyatrofestivali.com/wp-content/uploads/2022/05/Mabel-Matiz_post-1030x1030.jpg 1030w, https://bergamatiyatrofestivali.com/wp-content/uploads/2022/05/Mabel-Matiz_post-80x80.jpg 80w, https://bergamatiyatrofestivali.com/wp-content/uploads/2022/05/Mabel-Matiz_post-768x768.jpg 768w, https://bergamatiyatrofestivali.com/wp-content/uploads/2022/05/Mabel-Matiz_post-1536x1536.jpg 1536w, https://bergamatiyatrofestivali.com/wp-content/uploads/2022/05/Mabel-Matiz_post-2048x2048.jpg 2048w, https://bergamatiyatrofestivali.com/wp-content/uploads/2022/05/Mabel-Matiz_post-12x12.jpg 12w, https://bergamatiyatrofestivali.com/wp-content/uploads/2022/05/Mabel-Matiz_post-36x36.jpg 36w, https://bergamatiyatrofestivali.com/wp-content/uploads/2022/05/Mabel-Matiz_post-180x180.jpg 180w, https://bergamatiyatrofestivali.com/wp-content/uploads/2022/05/Mabel-Matiz_post-1500x1500.jpg 1500w, https://bergamatiyatrofestivali.com/wp-content/uploads/2022/05/Mabel-Matiz_post-705x705.jpg 705w" sizes="(max-width: 2250px) 100vw, 2250px" /></div></div></div><br />
<section class="av_textblock_section"  itemscope="itemscope" itemtype="https://schema.org/CreativeWork" ><div class='avia_textblock  av_inherit_color'  style='color:#1d1d1b; '  itemprop="text" ><h2><strong>BTF&#8217;22 Açılış Panayırı (Açılış Konseri: MABEL MATİZ &amp; Festival Seçkisi)</strong></h2>
<h3><em><strong>BTF’22 Opening Fair (Opening Concert : MABEL MATİZ &amp; Festival Selection)</strong></em></h3>
<h4><span style="font-weight: 400;">2 Haziran/June &#8211;  Perşembe/Thursday, 19:00</span></h4>
<h4><strong>Mabel Matiz 21:00 </strong></h4>
<h5><span style="font-weight: 400;">Asklepion / </span><span style="font-weight: 400;">Asclepeion</span><span style="font-weight: 400;"> </span></h5>
</div></section><br />

<style type="text/css" data-created_by="avia_inline_auto" id="style-css-av-l3buy6zs-150fb95d767d82ca01a4f31936c6da3d">
#top .hr.hr-invisible.av-l3buy6zs-150fb95d767d82ca01a4f31936c6da3d{
height:20px;
}
</style>
<div  class='hr av-l3buy6zs-150fb95d767d82ca01a4f31936c6da3d hr-invisible  avia-builder-el-3  el_after_av_textblock  el_before_av_buttonrow'><span class='hr-inner'><span class="hr-inner-style"></span></span></div><br />
<div  class='avia-buttonrow-wrap av-l3buzhy8-10aae8c425226e5bc144b62038a0a46d avia-buttonrow-left  avia-builder-el-4  el_after_av_hr  avia-builder-el-last'>

<style type="text/css" data-created_by="avia_inline_auto" id="style-css-av-l3buzcoz-6fac1de3c2bb30b21538c9711b11be2f">
#top #wrap_all .avia-button.av-l3buzcoz-6fac1de3c2bb30b21538c9711b11be2f{
margin-bottom:5px;
margin-right:5px;
}
#top #wrap_all .avia-button.av-l3buzcoz-6fac1de3c2bb30b21538c9711b11be2f:hover{
background-color:black;
color:#ffffff;
transition:all 0.4s ease-in-out;
-webkit-transition:all 0.4s ease-in-out;
-moz-transition:all 0.4s ease-in-out;
-ms-transition:all 0.4s ease-in-out;
-o-transition:all 0.4s ease-in-out;
}
</style>
<a href='https://www.mobilet.com/event/festival-seckisi-and-konser-mabel-matiz-11676-85cc' class='avia-button av-l3buzcoz-6fac1de3c2bb30b21538c9711b11be2f avia-icon_select-yes-left-icon avia-size-medium avia-color-black avia-font-color-white' target="_blank" rel="noopener noreferrer"><span class='avia_button_icon avia_button_icon_left' aria-hidden='true' data-av_icon='' data-av_iconfont='entypo-fontello'></span><span class='avia_iconbox_title' >Mobilet</span></a>
</div></p></div><div class='flex_column av-prp5s-83045461cfb0d52f4c927fd8b449d3dc av_one_half  avia-builder-el-5  el_after_av_one_half  el_before_av_one_full  flex_column_div'   ><section class="av_textblock_section"  itemscope="itemscope" itemtype="https://schema.org/CreativeWork" ><div class='avia_textblock  av_inherit_color'  style='color:#1d1d1b; '  itemprop="text" ><p><span style="font-weight: 400;">Bir yere dair ne kadar çok anı toplarsak orası bizim için o kadar özel bir hale geliyor. Biriktirdiğimiz güzel anılar o mekana &#8211; o kente &#8211; o sokağa dair, sevgimizi arttırıyor. Belki bizi bir yere bağlayan, oralı yapan da bu anıların tümü. </span></p>
<p><span style="font-weight: 400;">Yeni merhabaların, yeni hikayelerin, yeni anıların senesi olsun istediğimiz BTF’22, açılışını Asklepion&#8217;da özel bir kutlama ile yapmaya hazırlanıyor. </span></p>
<p><span style="font-weight: 400;">Yıllarca hastalara şifa olan Asklepion, şimdi de tiyatronun ve müziğin iyileştirici gücü ile bizleri bir araya getirecek. Festivalin genel programında, Bergama sokaklarında karşılaşacağımız performanslardan örneklerin Asklepion’un büyülü atmosferinde yer alacağı ‘Panayır’ ve ardından Antik Sahne&#8217;de gerçekleşecek Mabel Matiz’in festivale özel hazırlanmış konseri, umuyoruz ki Bergama’ya dair güzel anlardan biri olarak hafızalarımızda yer alacak.</span></p>
<p><span style="font-weight: 400;">&#8211;</span></p>
<p><span style="font-weight: 400;">The more memories we collect about a place, the more special it becomes for us. The beautiful memories we collect enhance our love for that area, that city, that street. Maybe it is all of these memories that truly connect us to an environment.</span></p>
<p><span style="font-weight: 400;">BTF&#8217;22, which we want to be the year of new hellos, new stories and new memories, is getting ready to open with a special celebration at the Asklepion.</span></p>
<p><span style="font-weight: 400;">The Asklepion, which has healed the sick for years, will now bring us together with the healing power of theatre and music.</span></p>
<p><span style="font-weight: 400;">From the general program of the festival, examples of performances we will encounter on the streets of Bergama will take place in the magical atmosphere of the Asklepion, followed by a concert at the Antik Sahne, especially prepared by Mabel Matiz for the festival, will hopefully be remembered as one of the beautiful moments of Bergama.</span></p>
</div></section></div></p>
<div class='flex_column av-5xj67k-dde82d8a8ae3c79365abd4bc227ec491 av_one_full  avia-builder-el-7  el_after_av_one_half  el_before_av_one_full  first flex_column_div column-top-margin'   ></div>
<div class='flex_column av-3ulzg0-c1f04f24c3abfce83e4089bff408234f av_one_full  avia-builder-el-8  el_after_av_one_full  el_before_av_one_full  first flex_column_div column-top-margin'   ></div>
<div class='flex_column av-2czwf4-5f333c9500f12147c0abb5d5499d690c av_one_full  avia-builder-el-9  el_after_av_one_full  avia-builder-el-last  first flex_column_div column-top-margin'   ></div>
