{"id":2338,"date":"2022-04-29T16:54:13","date_gmt":"2022-04-29T13:54:13","guid":{"rendered":"https:\/\/bergamatiyatrofestivali.com\/?page_id=2338"},"modified":"2022-04-29T17:10:31","modified_gmt":"2022-04-29T14:10:31","slug":"2022duyuru","status":"publish","type":"page","link":"https:\/\/bergamatiyatrofestivali.com\/en\/2022duyuru\/","title":{"rendered":"2022kvduyuru"},"content":{"rendered":"<div class='flex_column av-3ypnia-fcba8f21cddbc98894d39f6a8ea528de av_one_full  avia-builder-el-0  el_before_av_one_full  avia-builder-el-first  first flex_column_div'   ><style type=\"text\/css\" data-created_by=\"avia_inline_auto\" id=\"style-css-av-l2khvu43-f7a2eeeea2a48eab8766613486863bd1\">\n.avia-image-container.av-l2khvu43-f7a2eeeea2a48eab8766613486863bd1 .av-image-caption-overlay-center{\ncolor:#ffffff;\n}\n<\/style>\n<div  class='avia-image-container av-l2khvu43-f7a2eeeea2a48eab8766613486863bd1 av-styling- avia-align-center  avia-builder-el-1  avia-builder-el-no-sibling'  itemprop=\"image\" itemscope=\"itemscope\" itemtype=\"https:\/\/schema.org\/ImageObject\" ><div class=\"avia-image-container-inner\"><div class=\"avia-image-overlay-wrap\"><img decoding=\"async\" class='wp-image-2334 avia-img-lazy-loading-not-2334 avia_image' src=\"https:\/\/bergamatiyatrofestivali.com\/wp-content\/uploads\/2022\/04\/2022kvduyuru_Calisma-Yuzeyi-1.jpg\" alt='' title=''  height=\"579\" width=\"1030\"  itemprop=\"thumbnailUrl\" srcset=\"https:\/\/bergamatiyatrofestivali.com\/wp-content\/uploads\/2022\/04\/2022kvduyuru_Calisma-Yuzeyi-1.jpg 1030w, https:\/\/bergamatiyatrofestivali.com\/wp-content\/uploads\/2022\/04\/2022kvduyuru_Calisma-Yuzeyi-1-300x169.jpg 300w, https:\/\/bergamatiyatrofestivali.com\/wp-content\/uploads\/2022\/04\/2022kvduyuru_Calisma-Yuzeyi-1-768x432.jpg 768w, https:\/\/bergamatiyatrofestivali.com\/wp-content\/uploads\/2022\/04\/2022kvduyuru_Calisma-Yuzeyi-1-18x10.jpg 18w, https:\/\/bergamatiyatrofestivali.com\/wp-content\/uploads\/2022\/04\/2022kvduyuru_Calisma-Yuzeyi-1-705x396.jpg 705w\" sizes=\"(max-width: 1030px) 100vw, 1030px\" \/><\/div><\/div><\/div><\/div>\n<div class='flex_column av-36n2c2-f1499169353208a483f8ae0f065a21e6 av_one_full  avia-builder-el-2  el_after_av_one_full  avia-builder-el-last  first flex_column_div column-top-margin'   ><section class=\"av_textblock_section\"  itemscope=\"itemscope\" itemtype=\"https:\/\/schema.org\/CreativeWork\" ><div class='avia_textblock  av_inherit_color'   itemprop=\"text\" ><p><em>29.04.2022<\/em><\/p>\n<p><span style=\"font-weight: 400;\">Very soon we are meeting again on the streets of Bergama. We are very excited about Bergama Theatre Festival 2022, where we will meet for the third time on June 2 - 5, share brand new stories, and be involved in these stories!\u00a0\u00a0\u00a0\u00a0<\/span><\/p>\n<p><span style=\"font-weight: 400;\">In our third year, the festival continues developing and processing the aspects of Localization - Sectoralization - Facilitating the Access of People with Disabilities to Arts and Culture - Youth and Children; in company with bringing together the performances from the national and international stage along with the regional groups that responded to the call. The performative program will be accompanied by workshops, panels and variety of walking routes and activities. A full experience of Bergama Theatre Festival is waiting for us!<\/span><\/p>\n<p><span style=\"font-weight: 400;\">With contributions of the Ministry of Culture and Tourism, supports of \u0130zmir Metropolitan Municipality, Bergama Municipality, Bergama Culture and Arts Foundation, Bergama Chamber of Commerce and Ne Yerde Ne G\u00f6kte Foundation, with the sponsorship of Odeabank and <\/span><span style=\"font-weight: 400;\">Mey|Diageo<\/span><span style=\"font-weight: 400;\"> and developed by<\/span><span style=\"font-weight: 400;\"> BERaBER and 3dots; we invite you to Bergama Theatre Festival, to get lost in the streets of Bergama, to get together with the power of production, <\/span><span style=\"font-weight: 400;\">and to <\/span><span style=\"font-weight: 400;\">meet for stories. The first and early bird tickets of the special opening BTF\u201922 A\u00e7\u0131l\u0131\u015f Panay\u0131r\u0131 (Festival Selection &amp; Concert: Mabel Matiz) and the performances A\u015fk Ge\u00e7mi\u015fim and Timsah Ate\u015fi are on sale now on Mobilet!\u00a0<\/span><\/p>\n<p><span style=\"font-weight: 400;\">We will announce the festival program very soon. We look forward to meeting you\u2026<\/span><\/p>\n<\/div><\/section><\/div>","protected":false},"excerpt":{"rendered":"","protected":false},"author":2,"featured_media":0,"parent":0,"menu_order":0,"comment_status":"closed","ping_status":"closed","template":"","meta":{"footnotes":""},"class_list":["post-2338","page","type-page","status-publish","hentry"],"_links":{"self":[{"href":"https:\/\/bergamatiyatrofestivali.com\/en\/wp-json\/wp\/v2\/pages\/2338","targetHints":{"allow":["GET"]}}],"collection":[{"href":"https:\/\/bergamatiyatrofestivali.com\/en\/wp-json\/wp\/v2\/pages"}],"about":[{"href":"https:\/\/bergamatiyatrofestivali.com\/en\/wp-json\/wp\/v2\/types\/page"}],"author":[{"embeddable":true,"href":"https:\/\/bergamatiyatrofestivali.com\/en\/wp-json\/wp\/v2\/users\/2"}],"replies":[{"embeddable":true,"href":"https:\/\/bergamatiyatrofestivali.com\/en\/wp-json\/wp\/v2\/comments?post=2338"}],"version-history":[{"count":3,"href":"https:\/\/bergamatiyatrofestivali.com\/en\/wp-json\/wp\/v2\/pages\/2338\/revisions"}],"predecessor-version":[{"id":3451,"href":"https:\/\/bergamatiyatrofestivali.com\/en\/wp-json\/wp\/v2\/pages\/2338\/revisions\/3451"}],"wp:attachment":[{"href":"https:\/\/bergamatiyatrofestivali.com\/en\/wp-json\/wp\/v2\/media?parent=2338"}],"curies":[{"name":"wp","href":"https:\/\/api.w.org\/{rel}","templated":true}]}}

<div class='flex_column av-3ypnia-fcba8f21cddbc98894d39f6a8ea528de av_one_full  avia-builder-el-0  el_before_av_one_full  avia-builder-el-first  first flex_column_div'   ><style type="text/css" data-created_by="avia_inline_auto" id="style-css-av-l2khvu43-f7a2eeeea2a48eab8766613486863bd1">
.avia-image-container.av-l2khvu43-f7a2eeeea2a48eab8766613486863bd1 .av-image-caption-overlay-center{
color:#ffffff;
}
</style>
<div  class='avia-image-container av-l2khvu43-f7a2eeeea2a48eab8766613486863bd1 av-styling- avia-align-center  avia-builder-el-1  avia-builder-el-no-sibling'  itemprop="image" itemscope="itemscope" itemtype="https://schema.org/ImageObject" ><div class="avia-image-container-inner"><div class="avia-image-overlay-wrap"><img decoding="async" class='wp-image-2334 avia-img-lazy-loading-not-2334 avia_image' src="https://bergamatiyatrofestivali.com/wp-content/uploads/2022/04/2022kvduyuru_Calisma-Yuzeyi-1.jpg" alt='' title=''  height="579" width="1030"  itemprop="thumbnailUrl" srcset="https://bergamatiyatrofestivali.com/wp-content/uploads/2022/04/2022kvduyuru_Calisma-Yuzeyi-1.jpg 1030w, https://bergamatiyatrofestivali.com/wp-content/uploads/2022/04/2022kvduyuru_Calisma-Yuzeyi-1-300x169.jpg 300w, https://bergamatiyatrofestivali.com/wp-content/uploads/2022/04/2022kvduyuru_Calisma-Yuzeyi-1-768x432.jpg 768w, https://bergamatiyatrofestivali.com/wp-content/uploads/2022/04/2022kvduyuru_Calisma-Yuzeyi-1-18x10.jpg 18w, https://bergamatiyatrofestivali.com/wp-content/uploads/2022/04/2022kvduyuru_Calisma-Yuzeyi-1-705x396.jpg 705w" sizes="(max-width: 1030px) 100vw, 1030px" /></div></div></div></div>
<div class='flex_column av-36n2c2-f1499169353208a483f8ae0f065a21e6 av_one_full  avia-builder-el-2  el_after_av_one_full  avia-builder-el-last  first flex_column_div column-top-margin'   ><section class="av_textblock_section"  itemscope="itemscope" itemtype="https://schema.org/CreativeWork" ><div class='avia_textblock  av_inherit_color'   itemprop="text" ><p><em>29.04.2022</em></p>
<p><span style="font-weight: 400;">Very soon we are meeting again on the streets of Bergama. We are very excited about Bergama Theatre Festival 2022, where we will meet for the third time on June 2 - 5, share brand new stories, and be involved in these stories!    </span></p>
<p><span style="font-weight: 400;">In our third year, the festival continues developing and processing the aspects of Localization - Sectoralization - Facilitating the Access of People with Disabilities to Arts and Culture - Youth and Children; in company with bringing together the performances from the national and international stage along with the regional groups that responded to the call. The performative program will be accompanied by workshops, panels and variety of walking routes and activities. A full experience of Bergama Theatre Festival is waiting for us!</span></p>
<p><span style="font-weight: 400;">With contributions of the Ministry of Culture and Tourism, supports of İzmir Metropolitan Municipality, Bergama Municipality, Bergama Culture and Arts Foundation, Bergama Chamber of Commerce and Ne Yerde Ne Gökte Foundation, with the sponsorship of Odeabank and </span><span style="font-weight: 400;">Mey|Diageo</span><span style="font-weight: 400;"> and developed by</span><span style="font-weight: 400;"> BERaBER and 3dots; we invite you to Bergama Theatre Festival, to get lost in the streets of Bergama, to get together with the power of production, </span><span style="font-weight: 400;">and to </span><span style="font-weight: 400;">meet for stories. The first and early bird tickets of the special opening BTF’22 Açılış Panayırı (Festival Selection &amp; Concert: Mabel Matiz) and the performances Aşk Geçmişim and Timsah Ateşi are on sale now on Mobilet! </span></p>
<p><span style="font-weight: 400;">We will announce the festival program very soon. We look forward to meeting you…</span></p>
</div></section></div>
