{"id":2257,"date":"2022-03-31T12:50:41","date_gmt":"2022-03-31T09:50:41","guid":{"rendered":"https:\/\/bergamatiyatrofestivali.com\/?page_id=2257"},"modified":"2022-06-01T11:48:53","modified_gmt":"2022-06-01T08:48:53","slug":"tarihler-aciklandi","status":"publish","type":"page","link":"https:\/\/bergamatiyatrofestivali.com\/en\/tarihler-aciklandi\/","title":{"rendered":"Tarihler A\u00e7\u0131kland\u0131"},"content":{"rendered":"<div class='flex_column av-av_one_full-d846867a37b468541bc8830743d44203 av_one_full  avia-builder-el-0  el_before_av_one_full  avia-builder-el-first  first flex_column_div'   ><style type=\"text\/css\" data-created_by=\"avia_inline_auto\" id=\"style-css-av-l1etfykp-f0be0576794a4f7b3d91b6b1e83ce46a\">\n.avia-image-container.av-l1etfykp-f0be0576794a4f7b3d91b6b1e83ce46a .av-image-caption-overlay-center{\ncolor:#ffffff;\n}\n<\/style>\n<div  class='avia-image-container av-l1etfykp-f0be0576794a4f7b3d91b6b1e83ce46a av-styling- avia_animated_image avia_animate_when_almost_visible pop-up avia-align-center  avia-builder-el-1  avia-builder-el-no-sibling'  itemprop=\"image\" itemscope=\"itemscope\" itemtype=\"https:\/\/schema.org\/ImageObject\" ><div class=\"avia-image-container-inner\"><div class=\"avia-image-overlay-wrap\"><img decoding=\"async\" class='wp-image-2254 avia-img-lazy-loading-not-2254 avia_image' src=\"https:\/\/bergamatiyatrofestivali.com\/wp-content\/uploads\/2022\/03\/Save-the-Date.jpg\" alt='' title=''  height=\"900\" width=\"1600\"  itemprop=\"thumbnailUrl\" srcset=\"https:\/\/bergamatiyatrofestivali.com\/wp-content\/uploads\/2022\/03\/Save-the-Date.jpg 1600w, https:\/\/bergamatiyatrofestivali.com\/wp-content\/uploads\/2022\/03\/Save-the-Date-300x169.jpg 300w, https:\/\/bergamatiyatrofestivali.com\/wp-content\/uploads\/2022\/03\/Save-the-Date-1030x579.jpg 1030w, https:\/\/bergamatiyatrofestivali.com\/wp-content\/uploads\/2022\/03\/Save-the-Date-768x432.jpg 768w, https:\/\/bergamatiyatrofestivali.com\/wp-content\/uploads\/2022\/03\/Save-the-Date-1536x864.jpg 1536w, https:\/\/bergamatiyatrofestivali.com\/wp-content\/uploads\/2022\/03\/Save-the-Date-18x10.jpg 18w, https:\/\/bergamatiyatrofestivali.com\/wp-content\/uploads\/2022\/03\/Save-the-Date-1500x844.jpg 1500w, https:\/\/bergamatiyatrofestivali.com\/wp-content\/uploads\/2022\/03\/Save-the-Date-705x397.jpg 705w\" sizes=\"(max-width: 1600px) 100vw, 1600px\" \/><\/div><\/div><\/div><\/div><div class='flex_column av-av_one_full-d846867a37b468541bc8830743d44203 av_one_full  avia-builder-el-2  el_after_av_one_full  avia-builder-el-last  first flex_column_div column-top-margin'   ><section class=\"av_textblock_section\"  itemscope=\"itemscope\" itemtype=\"https:\/\/schema.org\/CreativeWork\" ><div class='avia_textblock  av_inherit_color'   itemprop=\"text\" ><p><em>30.03.2022<\/em><\/p>\n<p><span style=\"font-weight: 400;\">We have some good news! \ud83c\udfad <\/span><span style=\"font-weight: 400;\">\ud83c\udfad<\/span><\/p>\n<p><span style=\"font-weight: 400;\">Bergama Theatre Festival\u2019s 2022 edition, which we\u2019ll come together for the third time this year and gather under the power of co-creation; will take place on 2-5th of June to listen and to tell new stories.<\/span><\/p>\n<p><span style=\"font-weight: 400;\">As Bergama Theatre Festival, we are excited to spread around Bergama this year, to gather in the streets we have not passed through before, in neighborhoods, we have not been to; to throw the seeds of new beginnings. This year, with the aim of providing space for new acquaintances and multilayered experiences, we will be on the streets!<\/span><span style=\"font-weight: 400;\"><br \/>\n<\/span><span style=\"font-weight: 400;\"><br \/>\n<\/span><span style=\"font-weight: 400;\">We\u2019ll be announcing the details of the festival's program very soon, that is prepared with the hopes we carry for solidarity, creation, and sharing in these uncertain times and difficulties.\u00a0<\/span><\/p>\n<p><span style=\"font-weight: 400;\">See you very soon in Bergama on 2-5th of June!<\/span><\/p>\n<\/div><\/section><\/div><\/p>","protected":false},"excerpt":{"rendered":"","protected":false},"author":2,"featured_media":0,"parent":0,"menu_order":0,"comment_status":"closed","ping_status":"closed","template":"","meta":{"footnotes":""},"class_list":["post-2257","page","type-page","status-publish","hentry"],"_links":{"self":[{"href":"https:\/\/bergamatiyatrofestivali.com\/en\/wp-json\/wp\/v2\/pages\/2257","targetHints":{"allow":["GET"]}}],"collection":[{"href":"https:\/\/bergamatiyatrofestivali.com\/en\/wp-json\/wp\/v2\/pages"}],"about":[{"href":"https:\/\/bergamatiyatrofestivali.com\/en\/wp-json\/wp\/v2\/types\/page"}],"author":[{"embeddable":true,"href":"https:\/\/bergamatiyatrofestivali.com\/en\/wp-json\/wp\/v2\/users\/2"}],"replies":[{"embeddable":true,"href":"https:\/\/bergamatiyatrofestivali.com\/en\/wp-json\/wp\/v2\/comments?post=2257"}],"version-history":[{"count":2,"href":"https:\/\/bergamatiyatrofestivali.com\/en\/wp-json\/wp\/v2\/pages\/2257\/revisions"}],"predecessor-version":[{"id":3452,"href":"https:\/\/bergamatiyatrofestivali.com\/en\/wp-json\/wp\/v2\/pages\/2257\/revisions\/3452"}],"wp:attachment":[{"href":"https:\/\/bergamatiyatrofestivali.com\/en\/wp-json\/wp\/v2\/media?parent=2257"}],"curies":[{"name":"wp","href":"https:\/\/api.w.org\/{rel}","templated":true}]}}

Tarihler Açıklandı
