{"id":1766,"date":"2022-03-17T11:35:06","date_gmt":"2022-03-17T08:35:06","guid":{"rendered":"https:\/\/all-aesthetics.com\/?page_id=1766"},"modified":"2022-06-01T11:38:28","modified_gmt":"2022-06-01T08:38:28","slug":"sanatcilar-icin-acik-cagri","status":"publish","type":"page","link":"https:\/\/bergamatiyatrofestivali.com\/en\/sanatcilar-icin-acik-cagri\/","title":{"rendered":"Sanat\u00e7\u0131lar i\u00e7in A\u00e7\u0131k \u00c7a\u011fr\u0131"},"content":{"rendered":"<div class='flex_column av-3vf43a-df1b37243cd47ab3319a610bcee3c9cf av_one_full  avia-builder-el-0  el_before_av_one_full  avia-builder-el-first  first flex_column_div'   ><style type=\"text\/css\" data-created_by=\"avia_inline_auto\" id=\"style-css-av-l0uqzwz8-7b06188840289b4bbdf5feb93a65d127\">\n.avia-image-container.av-l0uqzwz8-7b06188840289b4bbdf5feb93a65d127 .av-image-caption-overlay-center{\ncolor:#ffffff;\n}\n<\/style>\n<div  class='avia-image-container av-l0uqzwz8-7b06188840289b4bbdf5feb93a65d127 av-styling- avia_animated_image avia_animate_when_almost_visible pop-up avia-align-center  avia-builder-el-1  avia-builder-el-no-sibling'  itemprop=\"image\" itemscope=\"itemscope\" itemtype=\"https:\/\/schema.org\/ImageObject\" ><div class=\"avia-image-container-inner\"><div class=\"avia-image-overlay-wrap\"><img decoding=\"async\" class='wp-image-1782 avia-img-lazy-loading-not-1782 avia_image' src=\"https:\/\/bergamatiyatrofestivali.com\/wp-content\/uploads\/2022\/03\/PHOTO-2021-08-30-01-38-08-2_olcek-1.jpg\" alt='' title=''  height=\"612\" width=\"1100\"  itemprop=\"thumbnailUrl\" srcset=\"https:\/\/bergamatiyatrofestivali.com\/wp-content\/uploads\/2022\/03\/PHOTO-2021-08-30-01-38-08-2_olcek-1.jpg 1100w, https:\/\/bergamatiyatrofestivali.com\/wp-content\/uploads\/2022\/03\/PHOTO-2021-08-30-01-38-08-2_olcek-1-300x167.jpg 300w, https:\/\/bergamatiyatrofestivali.com\/wp-content\/uploads\/2022\/03\/PHOTO-2021-08-30-01-38-08-2_olcek-1-1030x573.jpg 1030w, https:\/\/bergamatiyatrofestivali.com\/wp-content\/uploads\/2022\/03\/PHOTO-2021-08-30-01-38-08-2_olcek-1-768x427.jpg 768w, https:\/\/bergamatiyatrofestivali.com\/wp-content\/uploads\/2022\/03\/PHOTO-2021-08-30-01-38-08-2_olcek-1-18x10.jpg 18w, https:\/\/bergamatiyatrofestivali.com\/wp-content\/uploads\/2022\/03\/PHOTO-2021-08-30-01-38-08-2_olcek-1-705x392.jpg 705w\" sizes=\"(max-width: 1100px) 100vw, 1100px\" \/><\/div><\/div><\/div><\/div>\n<div class='flex_column av-1utava-4d0d42cb8456f9737ff60ca426ad6ffb av_one_full  avia-builder-el-2  el_after_av_one_full  avia-builder-el-last  first flex_column_div column-top-margin'   ><section class=\"av_textblock_section\"  itemscope=\"itemscope\" itemtype=\"https:\/\/schema.org\/CreativeWork\" ><div class='avia_textblock  av_inherit_color'   itemprop=\"text\" ><p><em>\u00a025.01.2022<\/em><\/p>\n<p><strong>An open call to the communities engaged in artistic production in the Aegean Region for the 2022 edition of the Bergama Theatre Festival:<\/strong><\/p>\n<p><span style=\"font-weight: 400;\">We are growing and transforming Bergama Theatre Festival together every year. Last year, we devoted one day of the festival to the plays of the communities producing in the Aegean Region. With this solidarity that we have established, we have been able to talk and share more about the relationship that the festival has established with Bergama and the region. This year, we would like to deepen our focus on \u201cSectoralization\u201d, which aims to bring amateur and professional theater producers together, and \u201cLocalization\u201d, which aims to meet with art producers in the region, with your participation.<\/span><\/p>\n<p><span style=\"font-weight: 400;\">Soon we're going to announce the date and the details of the program in this year's edition of the surrounding theater groups to meet with this engaging our audience in order to create a collective experience and acquaintance in the festival atmosphere; theatre groups in the Aegean region until the date 10.03.2022, <\/span><a href=\"https:\/\/linktr.ee\/bergamatheatrefestival\"><span style=\"font-weight: 400;\">@bergamatheatrefestival | Linktree<\/span><\/a><span style=\"font-weight: 400;\"> to fill the application form from the link invite.<\/span><\/p>\n<p><span style=\"font-weight: 400;\">News about the festival is on the way, we are looking forward to meeting you!<\/span><\/p>\n<\/div><\/section><\/div>","protected":false},"excerpt":{"rendered":"","protected":false},"author":2,"featured_media":0,"parent":0,"menu_order":0,"comment_status":"closed","ping_status":"closed","template":"","meta":{"footnotes":""},"class_list":["post-1766","page","type-page","status-publish","hentry"],"_links":{"self":[{"href":"https:\/\/bergamatiyatrofestivali.com\/en\/wp-json\/wp\/v2\/pages\/1766","targetHints":{"allow":["GET"]}}],"collection":[{"href":"https:\/\/bergamatiyatrofestivali.com\/en\/wp-json\/wp\/v2\/pages"}],"about":[{"href":"https:\/\/bergamatiyatrofestivali.com\/en\/wp-json\/wp\/v2\/types\/page"}],"author":[{"embeddable":true,"href":"https:\/\/bergamatiyatrofestivali.com\/en\/wp-json\/wp\/v2\/users\/2"}],"replies":[{"embeddable":true,"href":"https:\/\/bergamatiyatrofestivali.com\/en\/wp-json\/wp\/v2\/comments?post=1766"}],"version-history":[{"count":9,"href":"https:\/\/bergamatiyatrofestivali.com\/en\/wp-json\/wp\/v2\/pages\/1766\/revisions"}],"predecessor-version":[{"id":3450,"href":"https:\/\/bergamatiyatrofestivali.com\/en\/wp-json\/wp\/v2\/pages\/1766\/revisions\/3450"}],"wp:attachment":[{"href":"https:\/\/bergamatiyatrofestivali.com\/en\/wp-json\/wp\/v2\/media?parent=1766"}],"curies":[{"name":"wp","href":"https:\/\/api.w.org\/{rel}","templated":true}]}}

Sanatçılar için Açık Çağrı
